{"id":6124,"date":"2019-10-30T11:46:35","date_gmt":"2019-10-30T15:46:35","guid":{"rendered":"https:\/\/nouveau.maisonmallet.com\/?post_type=event&#038;p=6124"},"modified":"2019-11-14T14:37:16","modified_gmt":"2019-11-14T19:37:16","slug":"dupuis-joe-6-2-3-3","status":"publish","type":"event","link":"https:\/\/nouveau.maisonmallet.com\/back05_01\/?event=dupuis-joe-6-2-3-3","title":{"rendered":"WARD, Fran\u00e7ois"},"content":{"rendered":"<p>1971 &#8211; 2019<\/p>\n<p>WARD, Fran\u00e7ois<\/p>\n<p>\u00c0 Longue-Pointe-de-Mingan, le 30 octobre 2019, est d\u00e9c\u00e9d\u00e9 \u00e0 l\u2019\u00e2ge de 48 ans, monsieur Fran\u00e7ois Ward \u00e9poux de madame Karine Chiasson et domicili\u00e9 \u00e0 Longue-Pointe-de-Mingan.<\/p>\n<p>Les fun\u00e9railles de monsieur Fran\u00e7ois Ward auront lieu le samedi 9 novembre 2019 \u00e0 11 h\u00a0 en l\u2019\u00c9glise Saint-Fran\u00e7ois d\u2019Assise de Longue-Pointe-de-Mingan.<\/p>\n<p>Selon ses volont\u00e9s, il a \u00e9t\u00e9 confi\u00e9 au cr\u00e9matorium de la Maison L.J.G. Mallet pour cr\u00e9mation.<\/p>\n<p>Il laisse dans le deuil outre son \u00e9pouse madame Karine Chiasson, sa fille Kelly-Ann, son p\u00e8re monsieur Johnson Ward, sa m\u00e8re madame Suzanne Vibert, ses beaux-parents monsieur C\u00e9cilius Chiasson et madame Ginette Vibert ainsi que ses beaux-fr\u00e8res, ses belles-s\u0153urs, son filleul Vincent Poulin, sa filleule M\u00e9gan Beaudin, ses oncles, ses tantes, ses cousins, ses cousines et de nombreux ami(e)s.<\/p>\n<p>Vos marques de sympathie peuvent se traduire par un don au centre d\u2019intervention et de pr\u00e9vention du suicide C\u00f4te-Nord C.P. 2591 Baie-Comeau G5C 2T3.<\/p>\n<p>La famille a confi\u00e9 les arrangements aux services professionnels de la Maison L.J.G. Mallet du 1429, rue du Canot \u00e0 Havre-Saint-Pierre, maintenant reconnue Distinction et membre de la Corporation des Thanatologues du Qu\u00e9bec.<\/p>\n<p>Vous pouvez consulter cet avis de d\u00e9c\u00e8s sur le\u00a0: <a href=\"https:\/\/nouveau.maisonmallet.com\/back05_01\">www.maisonmallet.com<\/a><\/p>\n<p>Ceux et celles qui le d\u00e9sirent, peuvent y envoyer des messages de sympathie.<\/p>\n<p>&nbsp;<\/p>\n<p>&nbsp;<\/p>\n<hr \/>\n<p>Envoyer vos condol\u00e9ances<\/p>\n<p>[contact-form to=\u00a0\u00bboceane2010@hotmail.com\u00a0\u00bb subject=\u00a0\u00bbCondol\u00e9ances Fran\u00e7ois Ward\u00a0\u00bb][contact-field label=\u00a0\u00bbVotre nom\u00a0\u00bb type=\u00a0\u00bbname\u00a0\u00bb required=\u00a0\u00bb1&Prime;][contact-field label=\u00a0\u00bbVotre courriel\u00a0\u00bb type=\u00a0\u00bbemail\u00a0\u00bb required=\u00a0\u00bb1&Prime;][contact-field label=\u00a0\u00bbCondol\u00e9ances\u00a0\u00bb type=\u00a0\u00bbtextarea\u00a0\u00bb][\/contact-form]<\/p>\n","protected":false},"featured_media":6367,"template":"","event_cat":[7],"class_list":["post-6124","event","type-event","status-publish","has-post-thumbnail","hentry","event_cat-maison-l-j-g-mallet-inc"],"_links":{"self":[{"href":"https:\/\/nouveau.maisonmallet.com\/back05_01\/index.php?rest_route=\/wp\/v2\/event\/6124","targetHints":{"allow":["GET"]}}],"collection":[{"href":"https:\/\/nouveau.maisonmallet.com\/back05_01\/index.php?rest_route=\/wp\/v2\/event"}],"about":[{"href":"https:\/\/nouveau.maisonmallet.com\/back05_01\/index.php?rest_route=\/wp\/v2\/types\/event"}],"wp:featuredmedia":[{"embeddable":true,"href":"https:\/\/nouveau.maisonmallet.com\/back05_01\/index.php?rest_route=\/wp\/v2\/media\/6367"}],"wp:attachment":[{"href":"https:\/\/nouveau.maisonmallet.com\/back05_01\/index.php?rest_route=%2Fwp%2Fv2%2Fmedia&parent=6124"}],"wp:term":[{"taxonomy":"event_cat","embeddable":true,"href":"https:\/\/nouveau.maisonmallet.com\/back05_01\/index.php?rest_route=%2Fwp%2Fv2%2Fevent_cat&post=6124"}],"curies":[{"name":"wp","href":"https:\/\/api.w.org\/{rel}","templated":true}]}}

WARD, François

<p>1971 &#8211; 2019</p>
<p>WARD, François</p>
<p>À Longue-Pointe-de-Mingan, le 30 octobre 2019, est décédé à l’âge de 48 ans, monsieur François Ward époux de madame Karine Chiasson et domicilié à Longue-Pointe-de-Mingan.</p>
<p>Les funérailles de monsieur François Ward auront lieu le samedi 9 novembre 2019 à 11 h  en l’Église Saint-François d’Assise de Longue-Pointe-de-Mingan.</p>
<p>Selon ses volontés, il a été confié au crématorium de la Maison L.J.G. Mallet pour crémation.</p>
<p>Il laisse dans le deuil outre son épouse madame Karine Chiasson, sa fille Kelly-Ann, son père monsieur Johnson Ward, sa mère madame Suzanne Vibert, ses beaux-parents monsieur Cécilius Chiasson et madame Ginette Vibert ainsi que ses beaux-frères, ses belles-sœurs, son filleul Vincent Poulin, sa filleule Mégan Beaudin, ses oncles, ses tantes, ses cousins, ses cousines et de nombreux ami(e)s.</p>
<p>Vos marques de sympathie peuvent se traduire par un don au centre d’intervention et de prévention du suicide Côte-Nord C.P. 2591 Baie-Comeau G5C 2T3.</p>
<p>La famille a confié les arrangements aux services professionnels de la Maison L.J.G. Mallet du 1429, rue du Canot à Havre-Saint-Pierre, maintenant reconnue Distinction et membre de la Corporation des Thanatologues du Québec.</p>
<p>Vous pouvez consulter cet avis de décès sur le : <a href="https://nouveau.maisonmallet.com/back05_01">www.maisonmallet.com</a></p>
<p>Ceux et celles qui le désirent, peuvent y envoyer des messages de sympathie.</p>
<p>&nbsp;</p>
<p>&nbsp;</p>
<hr />
<p>Envoyer vos condoléances</p>
<p>[contact-form to= »oceane2010@hotmail.com » subject= »Condoléances François Ward »][contact-field label= »Votre nom » type= »name » required= »1&Prime;][contact-field label= »Votre courriel » type= »email » required= »1&Prime;][contact-field label= »Condoléances » type= »textarea »][/contact-form]</p>
