{"id":61285,"date":"2025-02-16T10:11:44","date_gmt":"2025-02-16T15:11:44","guid":{"rendered":"https:\/\/nouveau.maisonmallet.com\/?post_type=event&#038;p=61285"},"modified":"2025-03-12T21:24:23","modified_gmt":"2025-03-13T01:24:23","slug":"vollant-germaine","status":"publish","type":"event","link":"https:\/\/nouveau.maisonmallet.com\/back05_01\/?event=vollant-germaine","title":{"rendered":"VOLLANT, Germaine"},"content":{"rendered":"<p>Le Complexe Thanatologique Mallet &amp; fils a le regret de vous annoncer le d\u00e9c\u00e8s de<\/p>\n<p>Germaine Vollant<\/p>\n<p>1934 \u2013 2025<\/p>\n<p>&nbsp;<\/p>\n<p>\u00c0 Qu\u00e9bec, le 16 f\u00e9vrier 2025, est d\u00e9c\u00e9d\u00e9e \u00e0 l\u2019\u00e2ge de 90 ans, madame Germaine Vollant \u00e9pouse de monsieur Patrick Moreau et domicili\u00e9e \u00e0 Wendak\u00e9.<\/p>\n<p>Les fun\u00e9railles de madame Germaine Vollant auront lieu le mardi 25 f\u00e9vrier 2025 \u00e0 10 h en l\u2019\u00e9glise Notre-Dame du Cap situ\u00e9e au 139, rue de l\u2019\u00c9glise \u00e0 Mani-utenam et de l\u00e0 au cimeti\u00e8re de Mani-utenam.<\/p>\n<p>La famille re\u00e7oit parents et amis le lundi 24 f\u00e9vrier 2025 de 13 h \u00e0 16 h et de 19 h \u00e0 22 h. Le mardi 25 f\u00e9vrier 2025 jours des fun\u00e9railles \u00e0 compter de 8 h 30 \u00e0 l\u2019\u00e9glise Notre-Dame du Cape de Mani-utenam.<\/p>\n<p>Elle laisse dans le deuil outre son \u00e9poux monsieur Patrick Moreau, ses enfants\u00a0: Edmond (Marie-Line), Roberto, Martine (Ren\u00e9), Ga\u00e9tan (Guylaine) et St\u00e9phane, ses petits-enfants, ses arri\u00e8re-petits-enfants, ses s\u0153urs\u00a0: Marie-Jeanne, Th\u00e9r\u00e8se (Donald), Desanges et Colette, son fr\u00e8re Maurice (Evelyne), ses beaux-fr\u00e8res, ses belles-s\u0153urs ainsi que ses neveux, ses ni\u00e8ces, ses cousins, ses cousines et de nombreux ami(e)s.<\/p>\n<p>La famille a confi\u00e9 la direction des fun\u00e9railles aux services professionnels de la Maison Mallet &amp; fils du 585, Boul. Laure \u00e0 Sept-\u00celes, maintenant reconnue Distinction et membre de la Corporation des Thanatologues du Qu\u00e9bec.<\/p>\n<p>Vous pouvez consulter cet avis de d\u00e9c\u00e8s sur le <a href=\"https:\/\/nouveau.maisonmallet.com\">www.maisonmallet.com<\/a><\/p>\n<p>Ceux et celles qui le d\u00e9sirent, peuvent y envoyer des messages de condol\u00e9ances.<\/p>\n<p>&nbsp;<\/p>\n<hr \/>\n<p>Envoyer vos condol\u00e9ances<\/p>\n<p>[contact-form to=\u00a0\u00bbrobertogagne@yahoo.ca\u00a0\u00bb subject=\u00a0\u00bbCondol\u00e9ances Germaine Vollant\u00a0\u00bb][contact-field label=\u00a0\u00bbVotre nom\u00a0\u00bb type=\u00a0\u00bbname\u00a0\u00bb required=\u00a0\u00bb1&Prime;][contact-field label=\u00a0\u00bbVotre courriel\u00a0\u00bb type=\u00a0\u00bbemail\u00a0\u00bb required=\u00a0\u00bb1&Prime;][contact-field label=\u00a0\u00bbCondol\u00e9ances\u00a0\u00bb type=\u00a0\u00bbtextarea\u00a0\u00bb][\/contact-form]<\/p>\n","protected":false},"featured_media":61288,"template":"","event_cat":[6],"class_list":["post-61285","event","type-event","status-publish","has-post-thumbnail","hentry","event_cat-maison-mallet-et-fils-inc"],"_links":{"self":[{"href":"https:\/\/nouveau.maisonmallet.com\/back05_01\/index.php?rest_route=\/wp\/v2\/event\/61285","targetHints":{"allow":["GET"]}}],"collection":[{"href":"https:\/\/nouveau.maisonmallet.com\/back05_01\/index.php?rest_route=\/wp\/v2\/event"}],"about":[{"href":"https:\/\/nouveau.maisonmallet.com\/back05_01\/index.php?rest_route=\/wp\/v2\/types\/event"}],"wp:featuredmedia":[{"embeddable":true,"href":"https:\/\/nouveau.maisonmallet.com\/back05_01\/index.php?rest_route=\/wp\/v2\/media\/61288"}],"wp:attachment":[{"href":"https:\/\/nouveau.maisonmallet.com\/back05_01\/index.php?rest_route=%2Fwp%2Fv2%2Fmedia&parent=61285"}],"wp:term":[{"taxonomy":"event_cat","embeddable":true,"href":"https:\/\/nouveau.maisonmallet.com\/back05_01\/index.php?rest_route=%2Fwp%2Fv2%2Fevent_cat&post=61285"}],"curies":[{"name":"wp","href":"https:\/\/api.w.org\/{rel}","templated":true}]}}

<p>Le Complexe Thanatologique Mallet &amp; fils a le regret de vous annoncer le décès de</p>
<p>Germaine Vollant</p>
<p>1934 – 2025</p>
<p>&nbsp;</p>
<p>À Québec, le 16 février 2025, est décédée à l’âge de 90 ans, madame Germaine Vollant épouse de monsieur Patrick Moreau et domiciliée à Wendaké.</p>
<p>Les funérailles de madame Germaine Vollant auront lieu le mardi 25 février 2025 à 10 h en l’église Notre-Dame du Cap située au 139, rue de l’Église à Mani-utenam et de là au cimetière de Mani-utenam.</p>
<p>La famille reçoit parents et amis le lundi 24 février 2025 de 13 h à 16 h et de 19 h à 22 h. Le mardi 25 février 2025 jours des funérailles à compter de 8 h 30 à l’église Notre-Dame du Cape de Mani-utenam.</p>
<p>Elle laisse dans le deuil outre son époux monsieur Patrick Moreau, ses enfants : Edmond (Marie-Line), Roberto, Martine (René), Gaétan (Guylaine) et Stéphane, ses petits-enfants, ses arrière-petits-enfants, ses sœurs : Marie-Jeanne, Thérèse (Donald), Desanges et Colette, son frère Maurice (Evelyne), ses beaux-frères, ses belles-sœurs ainsi que ses neveux, ses nièces, ses cousins, ses cousines et de nombreux ami(e)s.</p>
<p>La famille a confié la direction des funérailles aux services professionnels de la Maison Mallet &amp; fils du 585, Boul. Laure à Sept-Îles, maintenant reconnue Distinction et membre de la Corporation des Thanatologues du Québec.</p>
<p>Vous pouvez consulter cet avis de décès sur le <a href="https://nouveau.maisonmallet.com">www.maisonmallet.com</a></p>
<p>Ceux et celles qui le désirent, peuvent y envoyer des messages de condoléances.</p>
<p>&nbsp;</p>
<hr />
<p>Envoyer vos condoléances</p>
<p>[contact-form to= »robertogagne@yahoo.ca » subject= »Condoléances Germaine Vollant »][contact-field label= »Votre nom » type= »name » required= »1&Prime;][contact-field label= »Votre courriel » type= »email » required= »1&Prime;][contact-field label= »Condoléances » type= »textarea »][/contact-form]</p>
