{"id":61348,"date":"2025-02-20T16:53:39","date_gmt":"2025-02-20T21:53:39","guid":{"rendered":"https:\/\/nouveau.maisonmallet.com\/?post_type=event&#038;p=61348"},"modified":"2025-03-12T21:23:27","modified_gmt":"2025-03-13T01:23:27","slug":"mestenapeo-nadia","status":"publish","type":"event","link":"https:\/\/nouveau.maisonmallet.com\/back05_01\/?event=mestenapeo-nadia","title":{"rendered":"MESTENAPEO, Nadia"},"content":{"rendered":"<p>La Maison L.J.G. Mallet a le regret de vous annoncer le d\u00e9c\u00e8s de<\/p>\n<p>Nadia Mestenapeo<\/p>\n<p>1979 \u2013 2025<\/p>\n<p>&nbsp;<\/p>\n<p>\u00c0 La Romaine, le 20 f\u00e9vrier 2025, est d\u00e9c\u00e9d\u00e9e l\u2019\u00e2ge de 45 ans, madame Nadia Mestenapeo fille de feu Dominique. Ch.W Mark et de feu Julie Mestenapeo domicili\u00e9e \u00e0 La Romaine.<\/p>\n<p>Les fun\u00e9railles de madame Nadia Mestenapeo auront lieu le samedi 1<sup>er<\/sup> mars 2025 \u00e0 10 h en l\u2019\u00e9glise Marie-Reine-des-Indiens \u00e0 La Romaine et de l\u00e0 au cimeti\u00e8re de l\u2019endroit.<\/p>\n<p>La famille re\u00e7oit parents et amis le jeudi 27 f\u00e9vrier 2025 \u00e0 compter de 15 h au 102, rue Atik<sup>u<\/sup> \u00e0 La Romaine.<\/p>\n<p>Elle laisse dans le deuil ses fils\u00a0: Kyle et \u00c9ric, son p\u00e8re biologique Sylvestre Mestenapeo (feu Ang\u00e8le Lalo), ses fr\u00e8res et ses s\u0153urs\u00a0: Denise, Micheline, G\u00e9rard, Ga\u00e9tane, Carlo, Marco, Mireille, Alain et Gaston ainsi que ses beaux-fr\u00e8res, ses belles-s\u0153urs, ses neveux, ses ni\u00e8ces, ses oncles, ses tantes, ses cousins, ses cousines et de nombreux ami(e)s.<\/p>\n<p>La famille a confi\u00e9 les arrangements fun\u00e9raires aux services professionnels de la Maison L.J.G. Mallet du 1429, rue du Canot \u00e0 Havre Saint-Pierre, maintenant reconnue Distinction et membre de la Corporation des Thanatologues du Qu\u00e9bec.<\/p>\n<p>Vous pouvez consulter cet avis de d\u00e9c\u00e8s, sur le <a href=\"https:\/\/nouveau.maisonmallet.com\">www.maisonmallet.com<\/a><\/p>\n<p>Ceux et celles qui le d\u00e9sirent, peuvent y envoyer des messages de sympathie.<\/p>\n<p>&nbsp;<\/p>\n<hr \/>\n<p>Envoyer vos condol\u00e9ances<\/p>\n<p>[contact-form to=\u00a0\u00bbfam1560@hotmail.com\u00a0\u00bb subject=\u00a0\u00bbCondol\u00e9ances Nadia Mestenapeo\u00a0\u00bb][contact-field label=\u00a0\u00bbVotre nom\u00a0\u00bb type=\u00a0\u00bbname\u00a0\u00bb required=\u00a0\u00bb1&Prime;][contact-field label=\u00a0\u00bbVotre courriel\u00a0\u00bb type=\u00a0\u00bbemail\u00a0\u00bb required=\u00a0\u00bb1&Prime;][contact-field label=\u00a0\u00bbCondol\u00e9ances\u00a0\u00bb type=\u00a0\u00bbtextarea\u00a0\u00bb][\/contact-form]<\/p>\n","protected":false},"featured_media":61384,"template":"","event_cat":[7],"class_list":["post-61348","event","type-event","status-publish","has-post-thumbnail","hentry","event_cat-maison-l-j-g-mallet-inc"],"_links":{"self":[{"href":"https:\/\/nouveau.maisonmallet.com\/back05_01\/index.php?rest_route=\/wp\/v2\/event\/61348","targetHints":{"allow":["GET"]}}],"collection":[{"href":"https:\/\/nouveau.maisonmallet.com\/back05_01\/index.php?rest_route=\/wp\/v2\/event"}],"about":[{"href":"https:\/\/nouveau.maisonmallet.com\/back05_01\/index.php?rest_route=\/wp\/v2\/types\/event"}],"wp:featuredmedia":[{"embeddable":true,"href":"https:\/\/nouveau.maisonmallet.com\/back05_01\/index.php?rest_route=\/wp\/v2\/media\/61384"}],"wp:attachment":[{"href":"https:\/\/nouveau.maisonmallet.com\/back05_01\/index.php?rest_route=%2Fwp%2Fv2%2Fmedia&parent=61348"}],"wp:term":[{"taxonomy":"event_cat","embeddable":true,"href":"https:\/\/nouveau.maisonmallet.com\/back05_01\/index.php?rest_route=%2Fwp%2Fv2%2Fevent_cat&post=61348"}],"curies":[{"name":"wp","href":"https:\/\/api.w.org\/{rel}","templated":true}]}}

<p>La Maison L.J.G. Mallet a le regret de vous annoncer le décès de</p>
<p>Nadia Mestenapeo</p>
<p>1979 – 2025</p>
<p>&nbsp;</p>
<p>À La Romaine, le 20 février 2025, est décédée l’âge de 45 ans, madame Nadia Mestenapeo fille de feu Dominique. Ch.W Mark et de feu Julie Mestenapeo domiciliée à La Romaine.</p>
<p>Les funérailles de madame Nadia Mestenapeo auront lieu le samedi 1<sup>er</sup> mars 2025 à 10 h en l’église Marie-Reine-des-Indiens à La Romaine et de là au cimetière de l’endroit.</p>
<p>La famille reçoit parents et amis le jeudi 27 février 2025 à compter de 15 h au 102, rue Atik<sup>u</sup> à La Romaine.</p>
<p>Elle laisse dans le deuil ses fils : Kyle et Éric, son père biologique Sylvestre Mestenapeo (feu Angèle Lalo), ses frères et ses sœurs : Denise, Micheline, Gérard, Gaétane, Carlo, Marco, Mireille, Alain et Gaston ainsi que ses beaux-frères, ses belles-sœurs, ses neveux, ses nièces, ses oncles, ses tantes, ses cousins, ses cousines et de nombreux ami(e)s.</p>
<p>La famille a confié les arrangements funéraires aux services professionnels de la Maison L.J.G. Mallet du 1429, rue du Canot à Havre Saint-Pierre, maintenant reconnue Distinction et membre de la Corporation des Thanatologues du Québec.</p>
<p>Vous pouvez consulter cet avis de décès, sur le <a href="https://nouveau.maisonmallet.com">www.maisonmallet.com</a></p>
<p>Ceux et celles qui le désirent, peuvent y envoyer des messages de sympathie.</p>
<p>&nbsp;</p>
<hr />
<p>Envoyer vos condoléances</p>
<p>[contact-form to= »fam1560@hotmail.com » subject= »Condoléances Nadia Mestenapeo »][contact-field label= »Votre nom » type= »name » required= »1&Prime;][contact-field label= »Votre courriel » type= »email » required= »1&Prime;][contact-field label= »Condoléances » type= »textarea »][/contact-form]</p>
