{"id":61383,"date":"2025-02-23T08:14:49","date_gmt":"2025-02-23T13:14:49","guid":{"rendered":"https:\/\/nouveau.maisonmallet.com\/?post_type=event&#038;p=61383"},"modified":"2025-03-12T21:23:04","modified_gmt":"2025-03-13T01:23:04","slug":"girard-gaetan-2","status":"publish","type":"event","link":"https:\/\/nouveau.maisonmallet.com\/back05_01\/?event=girard-gaetan-2","title":{"rendered":"GIRARD, Ga\u00e9tan"},"content":{"rendered":"<p>Le Complexe Thanatologique Mallet &#038; fils a le regret de vous annoncer le d\u00e9c\u00e8s de<\/p>\n<p>Ga\u00e9tan Girard<br \/>\n1937 \u2013 2025 <\/p>\n<p>\u00c0 Sept-\u00celes, le 23 f\u00e9vrier 2025, est d\u00e9c\u00e9d\u00e9 \u00e0 l\u2019\u00e2ge de 87 ans, monsieur Ga\u00e9tan Girard \u00e9poux de madame Marie-Ange Bordage et domicili\u00e9 \u00e0 Sept-\u00celes.<\/p>\n<p>Les fun\u00e9railles de monsieur Ga\u00e9tan Girard auront lieu le mardi 4 mars 2025 \u00e0 14 h en l\u2019\u00e9glise Ste-Famille situ\u00e9e au 15, rue Comeau \u00e0 Sept-\u00celes et de l\u00e0 au cr\u00e9matorium de la maison Mallet &#038; fils pour cr\u00e9mation.<\/p>\n<p>La famille re\u00e7oit parents et amis le lundi 3 mars 2025 de 19 h \u00e0 22 h au Complexe Thanatologique Mallet &#038; fils du 585 Boul. Laure \u00e0 Sept-\u00celes.<\/p>\n<p>Il laisse dans le deuil outre son \u00e9pouse madame Marie-Ange Bordage, son fils Steve (feu Suzanne Desjardins), ses petits-fils : Alexandre et Jean-Charles ainsi que ses fr\u00e8res, ses s\u0153urs, ses beaux-fr\u00e8res, ses belles-s\u0153urs, ses neveux et ses ni\u00e8ces, ses cousins, ses cousines et de nombreux ami(e)s.<\/p>\n<p>La famille a confi\u00e9 la direction des fun\u00e9railles aux services professionnels de la Maison Mallet &#038; fils du 585 boul. Laure \u00e0 Sept-\u00celes, maintenant reconnue Distinction et membre de la Corporation des Thanatologues du Qu\u00e9bec.<\/p>\n<p>Vous pouvez consulter cet avis de d\u00e9c\u00e8s sur le : www.maisonmallet.com  <\/p>\n<p>Ceux et celles qui le d\u00e9sirent, peuvent y envoyer des messages de sympathie.<\/p>\n<p>[contact-form to=\u00a0\u00bbs-girard@live.ca\u00a0\u00bb subject=\u00a0\u00bbCondol\u00e9ances Ga\u00e9tan Girard\u00a0\u00bb][contact-field label=\u00a0\u00bbVotre nom\u00a0\u00bb type=\u00a0\u00bbname\u00a0\u00bb required=\u00a0\u00bb1&Prime;][contact-field label=\u00a0\u00bbVotre courriel\u00a0\u00bb type=\u00a0\u00bbemail\u00a0\u00bb required=\u00a0\u00bb1&Prime;][contact-field label=\u00a0\u00bbCondol\u00e9ances\u00a0\u00bb type=\u00a0\u00bbtextarea\u00a0\u00bb][\/contact-form]<\/p>\n","protected":false},"featured_media":61439,"template":"","event_cat":[6],"class_list":["post-61383","event","type-event","status-publish","has-post-thumbnail","hentry","event_cat-maison-mallet-et-fils-inc"],"_links":{"self":[{"href":"https:\/\/nouveau.maisonmallet.com\/back05_01\/index.php?rest_route=\/wp\/v2\/event\/61383","targetHints":{"allow":["GET"]}}],"collection":[{"href":"https:\/\/nouveau.maisonmallet.com\/back05_01\/index.php?rest_route=\/wp\/v2\/event"}],"about":[{"href":"https:\/\/nouveau.maisonmallet.com\/back05_01\/index.php?rest_route=\/wp\/v2\/types\/event"}],"wp:featuredmedia":[{"embeddable":true,"href":"https:\/\/nouveau.maisonmallet.com\/back05_01\/index.php?rest_route=\/wp\/v2\/media\/61439"}],"wp:attachment":[{"href":"https:\/\/nouveau.maisonmallet.com\/back05_01\/index.php?rest_route=%2Fwp%2Fv2%2Fmedia&parent=61383"}],"wp:term":[{"taxonomy":"event_cat","embeddable":true,"href":"https:\/\/nouveau.maisonmallet.com\/back05_01\/index.php?rest_route=%2Fwp%2Fv2%2Fevent_cat&post=61383"}],"curies":[{"name":"wp","href":"https:\/\/api.w.org\/{rel}","templated":true}]}}

GIRARD, Gaétan

<p>Le Complexe Thanatologique Mallet &#038; fils a le regret de vous annoncer le décès de</p>
<p>Gaétan Girard<br />
1937 – 2025 </p>
<p>À Sept-Îles, le 23 février 2025, est décédé à l’âge de 87 ans, monsieur Gaétan Girard époux de madame Marie-Ange Bordage et domicilié à Sept-Îles.</p>
<p>Les funérailles de monsieur Gaétan Girard auront lieu le mardi 4 mars 2025 à 14 h en l’église Ste-Famille située au 15, rue Comeau à Sept-Îles et de là au crématorium de la maison Mallet &#038; fils pour crémation.</p>
<p>La famille reçoit parents et amis le lundi 3 mars 2025 de 19 h à 22 h au Complexe Thanatologique Mallet &#038; fils du 585 Boul. Laure à Sept-Îles.</p>
<p>Il laisse dans le deuil outre son épouse madame Marie-Ange Bordage, son fils Steve (feu Suzanne Desjardins), ses petits-fils : Alexandre et Jean-Charles ainsi que ses frères, ses sœurs, ses beaux-frères, ses belles-sœurs, ses neveux et ses nièces, ses cousins, ses cousines et de nombreux ami(e)s.</p>
<p>La famille a confié la direction des funérailles aux services professionnels de la Maison Mallet &#038; fils du 585 boul. Laure à Sept-Îles, maintenant reconnue Distinction et membre de la Corporation des Thanatologues du Québec.</p>
<p>Vous pouvez consulter cet avis de décès sur le : www.maisonmallet.com  </p>
<p>Ceux et celles qui le désirent, peuvent y envoyer des messages de sympathie.</p>
<p>[contact-form to= »s-girard@live.ca » subject= »Condoléances Gaétan Girard »][contact-field label= »Votre nom » type= »name » required= »1&Prime;][contact-field label= »Votre courriel » type= »email » required= »1&Prime;][contact-field label= »Condoléances » type= »textarea »][/contact-form]</p>
