{"id":61477,"date":"2025-02-23T18:18:04","date_gmt":"2025-02-23T23:18:04","guid":{"rendered":"https:\/\/nouveau.maisonmallet.com\/?post_type=event&#038;p=61477"},"modified":"2025-03-12T21:22:06","modified_gmt":"2025-03-13T01:22:06","slug":"baron-chantal","status":"publish","type":"event","link":"https:\/\/nouveau.maisonmallet.com\/back05_01\/?event=baron-chantal","title":{"rendered":"BARON, Chantal"},"content":{"rendered":"<p>Le Complexe Thanatologique Mallet &#038; fils a le regret de vous annoncer le d\u00e9c\u00e8s de<\/p>\n<p>Chantal Baron<br \/>\n1957 \u2013 2025<\/p>\n<p>\u00c0 Sept-\u00celes, le 23 f\u00e9vrier 2025, est d\u00e9c\u00e9d\u00e9e \u00e0 l&rsquo;\u00e2ge de 67 ans, madame Chantal Baron \u00e9pouse de monsieur Guy Chercuitte et domicili\u00e9e \u00e0 Sept-\u00celes.<\/p>\n<p>La c\u00e9r\u00e9monie comm\u00e9morative de madame Chantal Baron aura lieu le samedi 8 mars 2025 \u00e0 15 h \u00e0 la chapelle du Complexe Thanatologique Mallet &#038; fils du 585, boul. Laure \u00e0 Sept-\u00celes.<\/p>\n<p>Selon ses volont\u00e9s, elle a \u00e9t\u00e9 confi\u00e9e au cr\u00e9matorium de la Maison Mallet &#038; fils pour cr\u00e9mation.<\/p>\n<p>La famille re\u00e7oit parents et amis le vendredi 7 mars 2025 de 19 h \u00e0 22 h. Le samedi 8 mars 2025 jour de la c\u00e9r\u00e9monie de 13 h \u00e0 16 h au Complexe Thanatologique Mallet &#038; fils du 585 Boul. Laure \u00e0 Sept-\u00celes.<\/p>\n<p>Elle laisse dans le deuil outre son \u00e9poux monsieur Guy Chercuitte, ses filles : Cindy (Jonathan Boucher) et Jo\u00eblle (Pascal Huard), ses petits-enfants : Sophie, Noah, Vincent, Mathilde et Tristan, sa m\u00e8re madame Marie-Th\u00e9r\u00e8se Dupuy (feu Pierre Baron) ainsi que ses beaux-fr\u00e8res, ses belles-s\u0153urs, ses ni\u00e8ces, ses cousins, ses cousines et de nombreux amis(e). <\/p>\n<p>La famille tient \u00e0 remercier tout le personnel du d\u00e9partement de m\u00e9decine\/chirurgie, les Dre Nathalie Michaud, Dre Marion L\u2019esp\u00e9rance, Dre Kim Boutet, Dre St\u00e9phanie M\u00e9nard, Dre Danielle Lavoie ainsi que Dre \u00c9milie Fournier de l\u2019urgence. Merci pour votre professionnalisme, votre entraide, votre empathie et une qualit\u00e9 de soins exceptionnels. <\/p>\n<p>Vos marques de sympathie peuvent se traduire par un don \u00e0 la Soci\u00e9t\u00e9 Canadienne du cancer www.cancer.ca<\/p>\n<p>La famille a confi\u00e9 les arrangements aux services professionnels de la Maison Mallet &#038; fils du 585 Boul. Laure \u00e0 Sept-\u00celes, maintenant reconnue Distinction et membre de la Corporation des Thanatologues du Qu\u00e9bec.<\/p>\n<p>Vous pouvez consulter cet avis de d\u00e9c\u00e8s sur le : www.maisonmallet.com<\/p>\n<p>Ceux et celles qui le d\u00e9sirent, peuvent y envoyer des messages de sympathie.<\/p>\n<p>[contact-form to=\u00a0\u00bbjoelle.chercuitte@csdufer.qc.ca\u00a0\u00bb subject=\u00a0\u00bbCondol\u00e9ances Chantal Baron\u00a0\u00bb][contact-field label=\u00a0\u00bbVotre nom\u00a0\u00bb type=\u00a0\u00bbname\u00a0\u00bb required=\u00a0\u00bb1&Prime;][contact-field label=\u00a0\u00bbVotre courriel\u00a0\u00bb type=\u00a0\u00bbemail\u00a0\u00bb required=\u00a0\u00bb1&Prime;][contact-field label=\u00a0\u00bbCondol\u00e9ances\u00a0\u00bb type=\u00a0\u00bbtextarea\u00a0\u00bb][\/contact-form]<\/p>\n","protected":false},"featured_media":61478,"template":"","event_cat":[6],"class_list":["post-61477","event","type-event","status-publish","has-post-thumbnail","hentry","event_cat-maison-mallet-et-fils-inc"],"_links":{"self":[{"href":"https:\/\/nouveau.maisonmallet.com\/back05_01\/index.php?rest_route=\/wp\/v2\/event\/61477","targetHints":{"allow":["GET"]}}],"collection":[{"href":"https:\/\/nouveau.maisonmallet.com\/back05_01\/index.php?rest_route=\/wp\/v2\/event"}],"about":[{"href":"https:\/\/nouveau.maisonmallet.com\/back05_01\/index.php?rest_route=\/wp\/v2\/types\/event"}],"wp:featuredmedia":[{"embeddable":true,"href":"https:\/\/nouveau.maisonmallet.com\/back05_01\/index.php?rest_route=\/wp\/v2\/media\/61478"}],"wp:attachment":[{"href":"https:\/\/nouveau.maisonmallet.com\/back05_01\/index.php?rest_route=%2Fwp%2Fv2%2Fmedia&parent=61477"}],"wp:term":[{"taxonomy":"event_cat","embeddable":true,"href":"https:\/\/nouveau.maisonmallet.com\/back05_01\/index.php?rest_route=%2Fwp%2Fv2%2Fevent_cat&post=61477"}],"curies":[{"name":"wp","href":"https:\/\/api.w.org\/{rel}","templated":true}]}}

<p>Le Complexe Thanatologique Mallet &#038; fils a le regret de vous annoncer le décès de</p>
<p>Chantal Baron<br />
1957 – 2025</p>
<p>À Sept-Îles, le 23 février 2025, est décédée à l&rsquo;âge de 67 ans, madame Chantal Baron épouse de monsieur Guy Chercuitte et domiciliée à Sept-Îles.</p>
<p>La cérémonie commémorative de madame Chantal Baron aura lieu le samedi 8 mars 2025 à 15 h à la chapelle du Complexe Thanatologique Mallet &#038; fils du 585, boul. Laure à Sept-Îles.</p>
<p>Selon ses volontés, elle a été confiée au crématorium de la Maison Mallet &#038; fils pour crémation.</p>
<p>La famille reçoit parents et amis le vendredi 7 mars 2025 de 19 h à 22 h. Le samedi 8 mars 2025 jour de la cérémonie de 13 h à 16 h au Complexe Thanatologique Mallet &#038; fils du 585 Boul. Laure à Sept-Îles.</p>
<p>Elle laisse dans le deuil outre son époux monsieur Guy Chercuitte, ses filles : Cindy (Jonathan Boucher) et Joëlle (Pascal Huard), ses petits-enfants : Sophie, Noah, Vincent, Mathilde et Tristan, sa mère madame Marie-Thérèse Dupuy (feu Pierre Baron) ainsi que ses beaux-frères, ses belles-sœurs, ses nièces, ses cousins, ses cousines et de nombreux amis(e). </p>
<p>La famille tient à remercier tout le personnel du département de médecine/chirurgie, les Dre Nathalie Michaud, Dre Marion L’espérance, Dre Kim Boutet, Dre Stéphanie Ménard, Dre Danielle Lavoie ainsi que Dre Émilie Fournier de l’urgence. Merci pour votre professionnalisme, votre entraide, votre empathie et une qualité de soins exceptionnels. </p>
<p>Vos marques de sympathie peuvent se traduire par un don à la Société Canadienne du cancer www.cancer.ca</p>
<p>La famille a confié les arrangements aux services professionnels de la Maison Mallet &#038; fils du 585 Boul. Laure à Sept-Îles, maintenant reconnue Distinction et membre de la Corporation des Thanatologues du Québec.</p>
<p>Vous pouvez consulter cet avis de décès sur le : www.maisonmallet.com</p>
<p>Ceux et celles qui le désirent, peuvent y envoyer des messages de sympathie.</p>
<p>[contact-form to= »joelle.chercuitte@csdufer.qc.ca » subject= »Condoléances Chantal Baron »][contact-field label= »Votre nom » type= »name » required= »1&Prime;][contact-field label= »Votre courriel » type= »email » required= »1&Prime;][contact-field label= »Condoléances » type= »textarea »][/contact-form]</p>
