{"id":61487,"date":"2025-02-08T13:30:15","date_gmt":"2025-02-08T18:30:15","guid":{"rendered":"https:\/\/nouveau.maisonmallet.com\/?post_type=event&#038;p=61487"},"modified":"2025-07-05T11:06:52","modified_gmt":"2025-07-05T15:06:52","slug":"nadeau-christian","status":"publish","type":"event","link":"https:\/\/nouveau.maisonmallet.com\/back05_01\/?event=nadeau-christian","title":{"rendered":"NADEAU, Christian"},"content":{"rendered":"<p>Le Complexe Thanatologique Mallet &amp; fils a le regret de vous annoncer le d\u00e9c\u00e8s de<\/p>\n<p>Christian Nadeau<\/p>\n<p>1958 \u2013 2025<\/p>\n<p>&nbsp;<\/p>\n<p>\u00c0 Chicoutimi, le 8 f\u00e9vrier 2025, est d\u00e9c\u00e9d\u00e9 \u00e0 l\u2019\u00e2ge de 66 ans, monsieur Christian Nadeau \u00e9poux de madame Nicole Paquet et domicili\u00e9 \u00e0 Sept-\u00celes.<\/p>\n<p>Les fun\u00e9railles de monsieur Christian Nadeau auront lieu le samedi 5 avril 2025 \u00e0 15 h 30 en l&rsquo;\u00e9glise Baptiste de Sept-\u00celes situ\u00e9e au 233 rue Holliday \u00e0 Sept-Iles.<\/p>\n<p>Selon ses volont\u00e9s, il a \u00e9t\u00e9 confi\u00e9 au cr\u00e9matorium de la Maison Mallet &amp; fils pour cr\u00e9mation.<\/p>\n<p>La famille re\u00e7oit parents et amis le samedi 5 avril 2025 de 12 h \u00e0 15 h 15 au Complexe Thanatologique Mallet &amp; fils du 585 Boul. Laure \u00e0 Sept-\u00celes.<\/p>\n<p>Il laisse dans le deuil outre son \u00e9pouse madame Nicole Paquet, ses fils\u00a0: Fran\u00e7ois (Marie-\u00c8ve Blanchard) et St\u00e9phane, ses petits-enfants\u00a0: Ana-\u00c8ve, Lauralie, Rapha\u00ebl, Louis-Charles, sa m\u00e8re madame Ren\u00e9e-Jeanne Verreault (feu G\u00e9rard Marc Nadeau), son fr\u00e8re Francis (Margarette Boliziuk), sa belle-m\u00e8re madame Jaqueline Lapierre (feu Edouard Paquet) ainsi que ses beaux-fr\u00e8res, ses belles-s\u0153urs, ses neveux, ses ni\u00e8ces, ses oncles, ses tantes, ses cousins, ses cousines et ses nombreux ami(e)s.<\/p>\n<p>Il \u00e9tait le grand-papa de feu \u00c9lisabeth Nadeau.<\/p>\n<p>La famille a confi\u00e9 la direction des fun\u00e9railles aux services professionnels de la Maison Mallet &amp; fils du 585, Boul. Laure \u00e0 Sept-\u00celes, maintenant reconnue Distinction et membre de la Corporation des Thanatologues du Qu\u00e9bec.<\/p>\n<p>Vous pouvez consulter cet avis de d\u00e9c\u00e8s sur le\u00a0: <a href=\"https:\/\/nouveau.maisonmallet.com\">www.maisonmallet.com<\/a><\/p>\n<p>Ceux et celles qui le d\u00e9sirent, peuvent y envoyer des messages de sympathie.<\/p>\n<p>&nbsp;<\/p>\n<hr \/>\n<p>Envoyer vos condol\u00e9ances<\/p>\n<p>[contact-form to=\u00a0\u00bbnicpaq57@gmail.com\u00a0\u00bb subject=\u00a0\u00bbCondol\u00e9ances Christian Nadeau\u00a0\u00bb][contact-field label=\u00a0\u00bbVotre nom\u00a0\u00bb type=\u00a0\u00bbname\u00a0\u00bb required=\u00a0\u00bb1&Prime;][contact-field label=\u00a0\u00bbVotre courriel\u00a0\u00bb type=\u00a0\u00bbemail\u00a0\u00bb required=\u00a0\u00bb1&Prime;][contact-field label=\u00a0\u00bbCondol\u00e9ances\u00a0\u00bb type=\u00a0\u00bbtextarea\u00a0\u00bb][\/contact-form]<\/p>\n","protected":false},"featured_media":61560,"template":"","event_cat":[6],"class_list":["post-61487","event","type-event","status-publish","has-post-thumbnail","hentry","event_cat-maison-mallet-et-fils-inc"],"_links":{"self":[{"href":"https:\/\/nouveau.maisonmallet.com\/back05_01\/index.php?rest_route=\/wp\/v2\/event\/61487","targetHints":{"allow":["GET"]}}],"collection":[{"href":"https:\/\/nouveau.maisonmallet.com\/back05_01\/index.php?rest_route=\/wp\/v2\/event"}],"about":[{"href":"https:\/\/nouveau.maisonmallet.com\/back05_01\/index.php?rest_route=\/wp\/v2\/types\/event"}],"wp:featuredmedia":[{"embeddable":true,"href":"https:\/\/nouveau.maisonmallet.com\/back05_01\/index.php?rest_route=\/wp\/v2\/media\/61560"}],"wp:attachment":[{"href":"https:\/\/nouveau.maisonmallet.com\/back05_01\/index.php?rest_route=%2Fwp%2Fv2%2Fmedia&parent=61487"}],"wp:term":[{"taxonomy":"event_cat","embeddable":true,"href":"https:\/\/nouveau.maisonmallet.com\/back05_01\/index.php?rest_route=%2Fwp%2Fv2%2Fevent_cat&post=61487"}],"curies":[{"name":"wp","href":"https:\/\/api.w.org\/{rel}","templated":true}]}}

<p>Le Complexe Thanatologique Mallet &amp; fils a le regret de vous annoncer le décès de</p>
<p>Christian Nadeau</p>
<p>1958 – 2025</p>
<p>&nbsp;</p>
<p>À Chicoutimi, le 8 février 2025, est décédé à l’âge de 66 ans, monsieur Christian Nadeau époux de madame Nicole Paquet et domicilié à Sept-Îles.</p>
<p>Les funérailles de monsieur Christian Nadeau auront lieu le samedi 5 avril 2025 à 15 h 30 en l&rsquo;église Baptiste de Sept-Îles située au 233 rue Holliday à Sept-Iles.</p>
<p>Selon ses volontés, il a été confié au crématorium de la Maison Mallet &amp; fils pour crémation.</p>
<p>La famille reçoit parents et amis le samedi 5 avril 2025 de 12 h à 15 h 15 au Complexe Thanatologique Mallet &amp; fils du 585 Boul. Laure à Sept-Îles.</p>
<p>Il laisse dans le deuil outre son épouse madame Nicole Paquet, ses fils : François (Marie-Ève Blanchard) et Stéphane, ses petits-enfants : Ana-Ève, Lauralie, Raphaël, Louis-Charles, sa mère madame Renée-Jeanne Verreault (feu Gérard Marc Nadeau), son frère Francis (Margarette Boliziuk), sa belle-mère madame Jaqueline Lapierre (feu Edouard Paquet) ainsi que ses beaux-frères, ses belles-sœurs, ses neveux, ses nièces, ses oncles, ses tantes, ses cousins, ses cousines et ses nombreux ami(e)s.</p>
<p>Il était le grand-papa de feu Élisabeth Nadeau.</p>
<p>La famille a confié la direction des funérailles aux services professionnels de la Maison Mallet &amp; fils du 585, Boul. Laure à Sept-Îles, maintenant reconnue Distinction et membre de la Corporation des Thanatologues du Québec.</p>
<p>Vous pouvez consulter cet avis de décès sur le : <a href="https://nouveau.maisonmallet.com">www.maisonmallet.com</a></p>
<p>Ceux et celles qui le désirent, peuvent y envoyer des messages de sympathie.</p>
<p>&nbsp;</p>
<hr />
<p>Envoyer vos condoléances</p>
<p>[contact-form to= »nicpaq57@gmail.com » subject= »Condoléances Christian Nadeau »][contact-field label= »Votre nom » type= »name » required= »1&Prime;][contact-field label= »Votre courriel » type= »email » required= »1&Prime;][contact-field label= »Condoléances » type= »textarea »][/contact-form]</p>
