{"id":61936,"date":"2025-03-01T11:00:47","date_gmt":"2025-03-01T16:00:47","guid":{"rendered":"https:\/\/nouveau.maisonmallet.com\/?post_type=event&#038;p=61936"},"modified":"2025-07-05T10:24:57","modified_gmt":"2025-07-05T14:24:57","slug":"fortier-denis","status":"publish","type":"event","link":"https:\/\/nouveau.maisonmallet.com\/back05_01\/?event=fortier-denis","title":{"rendered":"FORTIER, Denis"},"content":{"rendered":"<p>Le Complexe Thanatologique Mallet &amp; fils a le regret de vous annoncer le d\u00e9c\u00e8s de<\/p>\n<p>Denis Fortier<\/p>\n<p>1938 &#8211; 2025<\/p>\n<p>\u00c0 Sept-\u00celes (maison \u00c9lyme des sables), le 1<sup>er<\/sup> mars 2025, est d\u00e9c\u00e9d\u00e9 \u00e0 l\u2019\u00e2ge de 86 ans, monsieur Denis Fortier, \u00e9poux de madame Monique Boudreau et domicili\u00e9 \u00e0 Sept-\u00celes.<\/p>\n<p>Les fun\u00e9railles de monsieur Denis Fortier auront lieu le lundi 19 mai 2025 \u00e0 10 h 30 en l\u2019\u00e9glise St-Joseph situ\u00e9e au 535, ave. Brochu \u00e0 Sept-\u00celes et de l\u00e0 au cimeti\u00e8re de l\u2019endroit.<\/p>\n<p>Selon ses volont\u00e9s, il a \u00e9t\u00e9 confi\u00e9 au cr\u00e9matorium de la Maison Mallet &amp; fils pour cr\u00e9mation.<\/p>\n<p>La famille re\u00e7oit parents et amis le dimanche 18 mai 2025 de 19 h \u00e0 22 h ainsi que le lundi 19 mai 2025, jour des fun\u00e9railles, \u00e0 compter de 9 h au Complexe Thanatologique Mallet &amp; fils du 585, boul. Laure \u00e0 Sept-\u00celes.<\/p>\n<p>Il laisse dans le deuil outre son \u00e9pouse madame Monique Boudreau, ses filles\u00a0: H\u00e9l\u00e8ne (Alan-John Sigouin) et Sylvie, sa petite-fille Catherine Watters (Giles Malette), ses s\u0153urs\u00a0: Suzanne (feu Claude Collin), Gertrude (feu G\u00e9rard Laberge), Fran\u00e7oise (feu Jean-Charles Painchaud) et Josette (feu Jean-Charles M\u00e9nard), son fr\u00e8re Germain (Jocelyne Gendreau), ses belles-s\u0153urs\u00a0: Lorraine Gaudreau (feu Charles Fortier), Gemma Marois (feu Michel Fortier), ses beaux-fr\u00e8res et ses belles-s\u0153urs de la famille Boudreau\u00a0: Ben Boudreault (Denise Malenfant), Albert Boudreau (Colette Bouchard), Vivianne Arsenault (feu Edgar Boudreault), ses neveux, ses ni\u00e8ces, ses cousins, ses cousines et de nombreux ami(e)s.<\/p>\n<p>Vos marques de sympathie peuvent se traduire par un don \u00e0 l\u2019\u00c9lyme des sables <a href=\"http:\/\/www.elymedessables.com\">www.elymedessables.com<\/a><\/p>\n<p>La famille a confi\u00e9 la direction des fun\u00e9railles aux services professionnels de la Maison Mallet &amp; fils du 585, boul. Laure \u00e0 Sept-\u00celes, maintenant reconnue Distinction et membre de la Corporation des Thanatologues du Qu\u00e9bec.<\/p>\n<p>Vous pouvez consulter cet avis de d\u00e9c\u00e8s sur le <a href=\"https:\/\/nouveau.maisonmallet.com\">www.maisonmallet.com<\/a><\/p>\n<p>Ceux et celles qui le d\u00e9sirent, peuvent y envoyer des messages de sympathies.<\/p>\n<hr \/>\n<p>Envoyer vos condol\u00e9ances<\/p>\n<p>[contact-form to=\u00a0\u00bbdenisfortier307@gmail.com\u00a0\u00bb subject=\u00a0\u00bbCondol\u00e9ances Denis Fortier\u00a0\u00bb][contact-field label=\u00a0\u00bbVotre nom\u00a0\u00bb type=\u00a0\u00bbname\u00a0\u00bb required=\u00a0\u00bb1&Prime;][contact-field label=\u00a0\u00bbVotre courriel\u00a0\u00bb type=\u00a0\u00bbemail\u00a0\u00bb required=\u00a0\u00bb1&Prime;][contact-field label=\u00a0\u00bbCondol\u00e9ances\u00a0\u00bb type=\u00a0\u00bbtextarea\u00a0\u00bb][\/contact-form]<\/p>\n","protected":false},"featured_media":62016,"template":"","event_cat":[6],"class_list":["post-61936","event","type-event","status-publish","has-post-thumbnail","hentry","event_cat-maison-mallet-et-fils-inc"],"_links":{"self":[{"href":"https:\/\/nouveau.maisonmallet.com\/back05_01\/index.php?rest_route=\/wp\/v2\/event\/61936","targetHints":{"allow":["GET"]}}],"collection":[{"href":"https:\/\/nouveau.maisonmallet.com\/back05_01\/index.php?rest_route=\/wp\/v2\/event"}],"about":[{"href":"https:\/\/nouveau.maisonmallet.com\/back05_01\/index.php?rest_route=\/wp\/v2\/types\/event"}],"wp:featuredmedia":[{"embeddable":true,"href":"https:\/\/nouveau.maisonmallet.com\/back05_01\/index.php?rest_route=\/wp\/v2\/media\/62016"}],"wp:attachment":[{"href":"https:\/\/nouveau.maisonmallet.com\/back05_01\/index.php?rest_route=%2Fwp%2Fv2%2Fmedia&parent=61936"}],"wp:term":[{"taxonomy":"event_cat","embeddable":true,"href":"https:\/\/nouveau.maisonmallet.com\/back05_01\/index.php?rest_route=%2Fwp%2Fv2%2Fevent_cat&post=61936"}],"curies":[{"name":"wp","href":"https:\/\/api.w.org\/{rel}","templated":true}]}}

<p>Le Complexe Thanatologique Mallet &amp; fils a le regret de vous annoncer le décès de</p>
<p>Denis Fortier</p>
<p>1938 &#8211; 2025</p>
<p>À Sept-Îles (maison Élyme des sables), le 1<sup>er</sup> mars 2025, est décédé à l’âge de 86 ans, monsieur Denis Fortier, époux de madame Monique Boudreau et domicilié à Sept-Îles.</p>
<p>Les funérailles de monsieur Denis Fortier auront lieu le lundi 19 mai 2025 à 10 h 30 en l’église St-Joseph située au 535, ave. Brochu à Sept-Îles et de là au cimetière de l’endroit.</p>
<p>Selon ses volontés, il a été confié au crématorium de la Maison Mallet &amp; fils pour crémation.</p>
<p>La famille reçoit parents et amis le dimanche 18 mai 2025 de 19 h à 22 h ainsi que le lundi 19 mai 2025, jour des funérailles, à compter de 9 h au Complexe Thanatologique Mallet &amp; fils du 585, boul. Laure à Sept-Îles.</p>
<p>Il laisse dans le deuil outre son épouse madame Monique Boudreau, ses filles : Hélène (Alan-John Sigouin) et Sylvie, sa petite-fille Catherine Watters (Giles Malette), ses sœurs : Suzanne (feu Claude Collin), Gertrude (feu Gérard Laberge), Françoise (feu Jean-Charles Painchaud) et Josette (feu Jean-Charles Ménard), son frère Germain (Jocelyne Gendreau), ses belles-sœurs : Lorraine Gaudreau (feu Charles Fortier), Gemma Marois (feu Michel Fortier), ses beaux-frères et ses belles-sœurs de la famille Boudreau : Ben Boudreault (Denise Malenfant), Albert Boudreau (Colette Bouchard), Vivianne Arsenault (feu Edgar Boudreault), ses neveux, ses nièces, ses cousins, ses cousines et de nombreux ami(e)s.</p>
<p>Vos marques de sympathie peuvent se traduire par un don à l’Élyme des sables <a href="http://www.elymedessables.com">www.elymedessables.com</a></p>
<p>La famille a confié la direction des funérailles aux services professionnels de la Maison Mallet &amp; fils du 585, boul. Laure à Sept-Îles, maintenant reconnue Distinction et membre de la Corporation des Thanatologues du Québec.</p>
<p>Vous pouvez consulter cet avis de décès sur le <a href="https://nouveau.maisonmallet.com">www.maisonmallet.com</a></p>
<p>Ceux et celles qui le désirent, peuvent y envoyer des messages de sympathies.</p>
<hr />
<p>Envoyer vos condoléances</p>
<p>[contact-form to= »denisfortier307@gmail.com » subject= »Condoléances Denis Fortier »][contact-field label= »Votre nom » type= »name » required= »1&Prime;][contact-field label= »Votre courriel » type= »email » required= »1&Prime;][contact-field label= »Condoléances » type= »textarea »][/contact-form]</p>
