{"id":61989,"date":"2025-03-14T16:28:09","date_gmt":"2025-03-14T20:28:09","guid":{"rendered":"https:\/\/nouveau.maisonmallet.com\/?post_type=event&#038;p=61989"},"modified":"2025-03-15T16:33:50","modified_gmt":"2025-03-15T20:33:50","slug":"verreault-richard","status":"publish","type":"event","link":"https:\/\/nouveau.maisonmallet.com\/back05_01\/?event=verreault-richard","title":{"rendered":"VERREAULT, Richard"},"content":{"rendered":"<p>Le Complexe Thanatologique Mallet &#038; fils a le regret de vous annoncer le d\u00e9c\u00e8s de<\/p>\n<p>Richard Verreault<br \/>\n1951 \u2013 2025<\/p>\n<p>\u00c0 Sept-\u00celes (maison \u00c9lyme des sables), le 14 mars 2025, est d\u00e9c\u00e9d\u00e9 \u00e0 l\u2019\u00e2ge de 73 ans, monsieur Richard Verreault conjoint de madame Brigitte Andr\u00e9 et domicili\u00e9 \u00e0 Mani-utenam.<\/p>\n<p>Les fun\u00e9railles de monsieur Richard Verreault auront lieu le samedi 15 mars 2025 \u00e0 14 h en l\u2019\u00e9glise Notre-Dame du Cap situ\u00e9e au 139, rue de l\u2019\u00c9glise \u00e0 Mani-utenam et de l\u00e0 au Cr\u00e9matorium de la Maison Mallet &#038; fils pour cr\u00e9mation.<\/p>\n<p>La famille re\u00e7oit parents et amis le samedi 15 mars 2025 \u00e0 de 9 h \u00e0 14 h \u00e0 l\u2019\u00e9glise Notre-Dame du Cap situ\u00e9e au 139, rue de l\u2019\u00c9glise \u00e0 Mani-utenam. <\/p>\n<p>Il laisse dans le deuil outre sa conjointe madame Brigitte Andr\u00e9, sa fille Virginie, son fils Dominique (Julie), ses beaux-enfants : Bryan, Jean (Lisanne), Nanny, Jenny et Napessis, ses dix-huit petits-enfants, ses douze arri\u00e8re-petits-enfants, ses fr\u00e8res, ses s\u0153urs, ses beaux-fr\u00e8res, ses belles-s\u0153urs, ses neveux, ses ni\u00e8ces, ses cousins, ses cousines et de nombreux ami(e)s.<\/p>\n<p>La famille a confi\u00e9 la direction des fun\u00e9railles aux services professionnels de la Maison Mallet &#038; fils du 585, Boul. Laure \u00e0 Sept-\u00celes, maintenant reconnue Distinction et membre de la Corporation des Thanatologues du Qu\u00e9bec.<\/p>\n<p>Vous pouvez consulter cet avis de d\u00e9c\u00e8s sur le www.maisonmallet.com<\/p>\n<p>Ceux et celles qui le d\u00e9sirent, peuvent y envoyer des messages de condol\u00e9ances.<\/p>\n<p>[contact-form to=\u00a0\u00bblylyandre315@gmail.com\u00a0\u00bb subject=\u00a0\u00bbCondol\u00e9ances Richard Verreault\u00a0\u00bb][contact-field label=\u00a0\u00bbVotre nom\u00a0\u00bb type=\u00a0\u00bbname\u00a0\u00bb required=\u00a0\u00bb1&Prime;][contact-field label=\u00a0\u00bbVotre courriel\u00a0\u00bb type=\u00a0\u00bbemail\u00a0\u00bb required=\u00a0\u00bb1&Prime;][contact-field label=\u00a0\u00bbCondol\u00e9ances\u00a0\u00bb type=\u00a0\u00bbtextarea\u00a0\u00bb][\/contact-form]<\/p>\n","protected":false},"featured_media":61991,"template":"","event_cat":[6],"class_list":["post-61989","event","type-event","status-publish","has-post-thumbnail","hentry","event_cat-maison-mallet-et-fils-inc"],"_links":{"self":[{"href":"https:\/\/nouveau.maisonmallet.com\/back05_01\/index.php?rest_route=\/wp\/v2\/event\/61989","targetHints":{"allow":["GET"]}}],"collection":[{"href":"https:\/\/nouveau.maisonmallet.com\/back05_01\/index.php?rest_route=\/wp\/v2\/event"}],"about":[{"href":"https:\/\/nouveau.maisonmallet.com\/back05_01\/index.php?rest_route=\/wp\/v2\/types\/event"}],"wp:featuredmedia":[{"embeddable":true,"href":"https:\/\/nouveau.maisonmallet.com\/back05_01\/index.php?rest_route=\/wp\/v2\/media\/61991"}],"wp:attachment":[{"href":"https:\/\/nouveau.maisonmallet.com\/back05_01\/index.php?rest_route=%2Fwp%2Fv2%2Fmedia&parent=61989"}],"wp:term":[{"taxonomy":"event_cat","embeddable":true,"href":"https:\/\/nouveau.maisonmallet.com\/back05_01\/index.php?rest_route=%2Fwp%2Fv2%2Fevent_cat&post=61989"}],"curies":[{"name":"wp","href":"https:\/\/api.w.org\/{rel}","templated":true}]}}

<p>Le Complexe Thanatologique Mallet &#038; fils a le regret de vous annoncer le décès de</p>
<p>Richard Verreault<br />
1951 – 2025</p>
<p>À Sept-Îles (maison Élyme des sables), le 14 mars 2025, est décédé à l’âge de 73 ans, monsieur Richard Verreault conjoint de madame Brigitte André et domicilié à Mani-utenam.</p>
<p>Les funérailles de monsieur Richard Verreault auront lieu le samedi 15 mars 2025 à 14 h en l’église Notre-Dame du Cap située au 139, rue de l’Église à Mani-utenam et de là au Crématorium de la Maison Mallet &#038; fils pour crémation.</p>
<p>La famille reçoit parents et amis le samedi 15 mars 2025 à de 9 h à 14 h à l’église Notre-Dame du Cap située au 139, rue de l’Église à Mani-utenam. </p>
<p>Il laisse dans le deuil outre sa conjointe madame Brigitte André, sa fille Virginie, son fils Dominique (Julie), ses beaux-enfants : Bryan, Jean (Lisanne), Nanny, Jenny et Napessis, ses dix-huit petits-enfants, ses douze arrière-petits-enfants, ses frères, ses sœurs, ses beaux-frères, ses belles-sœurs, ses neveux, ses nièces, ses cousins, ses cousines et de nombreux ami(e)s.</p>
<p>La famille a confié la direction des funérailles aux services professionnels de la Maison Mallet &#038; fils du 585, Boul. Laure à Sept-Îles, maintenant reconnue Distinction et membre de la Corporation des Thanatologues du Québec.</p>
<p>Vous pouvez consulter cet avis de décès sur le www.maisonmallet.com</p>
<p>Ceux et celles qui le désirent, peuvent y envoyer des messages de condoléances.</p>
<p>[contact-form to= »lylyandre315@gmail.com » subject= »Condoléances Richard Verreault »][contact-field label= »Votre nom » type= »name » required= »1&Prime;][contact-field label= »Votre courriel » type= »email » required= »1&Prime;][contact-field label= »Condoléances » type= »textarea »][/contact-form]</p>
