{"id":61990,"date":"2025-03-08T10:27:44","date_gmt":"2025-03-08T15:27:44","guid":{"rendered":"https:\/\/nouveau.maisonmallet.com\/?post_type=event&#038;p=61990"},"modified":"2025-07-25T21:28:30","modified_gmt":"2025-07-26T01:28:30","slug":"moreau-malouin-geralda","status":"publish","type":"event","link":"https:\/\/nouveau.maisonmallet.com\/back05_01\/?event=moreau-malouin-geralda","title":{"rendered":"MOREAU, G\u00e9ralda (Malouin)"},"content":{"rendered":"<p>La Maison L.J.G. Mallet a le regret de vous annoncer le d\u00e9c\u00e8s de<\/p>\n<p>G\u00e9ralda Moreau (Malouin)<\/p>\n<p>1949 &#8211; 2025<\/p>\n<p>\u00c0 Sept-\u00celes, le 8 mars 2025, est d\u00e9c\u00e9d\u00e9e \u00e0 l\u2019\u00e2ge de 75 ans, madame G\u00e9ralda Moreau \u00e9pouse de feu Rom\u00e9o Malouin et domicili\u00e9e \u00e0 Sept-\u00celes autre fois de Port-Menier.<\/p>\n<p>Les rituels fun\u00e9raires de madame G\u00e9ralda Moreau auront lieu \u00e0 une date ult\u00e9rieure en l\u2019\u00c9glise Notre-Dame de l\u2019Assomption situ\u00e9e \u00e0 Port-Menier et de l\u00e0 au cimeti\u00e8re de Port-Menier.<\/p>\n<p>Selon ses volont\u00e9s, elle a \u00e9t\u00e9 confi\u00e9e au cr\u00e9matorium de la Maison L.J.G. Mallet pour cr\u00e9mation.<\/p>\n<p>Elle laisse dans le deuil sa fille Lina (Jean-Francois Auclair), son petit-fils Keven (Ariane Beaudin), l\u2019amour de sa vie sa petite Kelly, sa belle Kate ainsi que ses s\u0153urs\u00a0: Ghislaine (Ren\u00e9) et Christiane (Charles), ses beaux-fr\u00e8res, ses belles-s\u0153urs, ses neveux, ses ni\u00e8ces, ses cousins, ses cousines et de nombreux ami(e)s.<\/p>\n<p>La famille a confi\u00e9 les arrangements fun\u00e9raires aux services professionnels de la Maison L.J.G. Mallet du 1429, rue du Canot Havre Saint-Pierre, maintenant reconnue Distinction et membre de la Corporation des Thanatologues du Qu\u00e9bec.<\/p>\n<p>Vous pouvez consulter cet avis de d\u00e9c\u00e8s sur le <a href=\"https:\/\/nouveau.maisonmallet.com\">www.maisonmallet.com<\/a><\/p>\n<p>Ceux et celles qui le d\u00e9sirent, peuvent y envoyer des messages de sympathie.<\/p>\n<hr \/>\n<p>Envoyer vos condol\u00e9ances<\/p>\n<p>[contact-form to=\u00a0\u00bblina_malouin@hotmail.com\u00a0\u00bb subject=\u00a0\u00bbCondol\u00e9ances G\u00e9ralda Moreau (Malouin)\u00a0\u00bb][contact-field label=\u00a0\u00bbVotre nom\u00a0\u00bb type=\u00a0\u00bbname\u00a0\u00bb required=\u00a0\u00bb1&Prime;][contact-field label=\u00a0\u00bbVotre courriel\u00a0\u00bb type=\u00a0\u00bbemail\u00a0\u00bb required=\u00a0\u00bb1&Prime;][contact-field label=\u00a0\u00bbCondol\u00e9ances\u00a0\u00bb type=\u00a0\u00bbtextarea\u00a0\u00bb][\/contact-form]<\/p>\n","protected":false},"featured_media":62009,"template":"","event_cat":[7],"class_list":["post-61990","event","type-event","status-publish","has-post-thumbnail","hentry","event_cat-maison-l-j-g-mallet-inc"],"_links":{"self":[{"href":"https:\/\/nouveau.maisonmallet.com\/back05_01\/index.php?rest_route=\/wp\/v2\/event\/61990","targetHints":{"allow":["GET"]}}],"collection":[{"href":"https:\/\/nouveau.maisonmallet.com\/back05_01\/index.php?rest_route=\/wp\/v2\/event"}],"about":[{"href":"https:\/\/nouveau.maisonmallet.com\/back05_01\/index.php?rest_route=\/wp\/v2\/types\/event"}],"wp:featuredmedia":[{"embeddable":true,"href":"https:\/\/nouveau.maisonmallet.com\/back05_01\/index.php?rest_route=\/wp\/v2\/media\/62009"}],"wp:attachment":[{"href":"https:\/\/nouveau.maisonmallet.com\/back05_01\/index.php?rest_route=%2Fwp%2Fv2%2Fmedia&parent=61990"}],"wp:term":[{"taxonomy":"event_cat","embeddable":true,"href":"https:\/\/nouveau.maisonmallet.com\/back05_01\/index.php?rest_route=%2Fwp%2Fv2%2Fevent_cat&post=61990"}],"curies":[{"name":"wp","href":"https:\/\/api.w.org\/{rel}","templated":true}]}}

MOREAU, Géralda (Malouin)

<p>La Maison L.J.G. Mallet a le regret de vous annoncer le décès de</p>
<p>Géralda Moreau (Malouin)</p>
<p>1949 &#8211; 2025</p>
<p>À Sept-Îles, le 8 mars 2025, est décédée à l’âge de 75 ans, madame Géralda Moreau épouse de feu Roméo Malouin et domiciliée à Sept-Îles autre fois de Port-Menier.</p>
<p>Les rituels funéraires de madame Géralda Moreau auront lieu à une date ultérieure en l’Église Notre-Dame de l’Assomption située à Port-Menier et de là au cimetière de Port-Menier.</p>
<p>Selon ses volontés, elle a été confiée au crématorium de la Maison L.J.G. Mallet pour crémation.</p>
<p>Elle laisse dans le deuil sa fille Lina (Jean-Francois Auclair), son petit-fils Keven (Ariane Beaudin), l’amour de sa vie sa petite Kelly, sa belle Kate ainsi que ses sœurs : Ghislaine (René) et Christiane (Charles), ses beaux-frères, ses belles-sœurs, ses neveux, ses nièces, ses cousins, ses cousines et de nombreux ami(e)s.</p>
<p>La famille a confié les arrangements funéraires aux services professionnels de la Maison L.J.G. Mallet du 1429, rue du Canot Havre Saint-Pierre, maintenant reconnue Distinction et membre de la Corporation des Thanatologues du Québec.</p>
<p>Vous pouvez consulter cet avis de décès sur le <a href="https://nouveau.maisonmallet.com">www.maisonmallet.com</a></p>
<p>Ceux et celles qui le désirent, peuvent y envoyer des messages de sympathie.</p>
<hr />
<p>Envoyer vos condoléances</p>
<p>[contact-form to= »lina_malouin@hotmail.com » subject= »Condoléances Géralda Moreau (Malouin) »][contact-field label= »Votre nom » type= »name » required= »1&Prime;][contact-field label= »Votre courriel » type= »email » required= »1&Prime;][contact-field label= »Condoléances » type= »textarea »][/contact-form]</p>
