{"id":62225,"date":"2025-02-26T09:46:22","date_gmt":"2025-02-26T14:46:22","guid":{"rendered":"https:\/\/nouveau.maisonmallet.com\/?post_type=event&#038;p=62225"},"modified":"2025-07-05T10:50:52","modified_gmt":"2025-07-05T14:50:52","slug":"pitre-jacqueline","status":"publish","type":"event","link":"https:\/\/nouveau.maisonmallet.com\/back05_01\/?event=pitre-jacqueline","title":{"rendered":"PITRE, Jacqueline"},"content":{"rendered":"<p>Le Complexe Thanatologique Mallet &#038; fils a le regret de vous annoncer le d\u00e9c\u00e8s de<\/p>\n<p>Jacqueline Pitre<br \/>\n1946 \u2013 2025<\/p>\n<p>\u00c0 Longueuil, le 26 f\u00e9vrier 2025, est d\u00e9c\u00e9d\u00e9e \u00e0 l&rsquo;\u00e2ge de 79 ans, madame Jacqueline Pitre \u00e9pouse de monsieur Jean-Yves Pineault et domicili\u00e9e \u00e0 Longueuil autre fois de Sept-\u00celes.<\/p>\n<p>La c\u00e9r\u00e9monie comm\u00e9morative de madame Jacqueline Pitre aura lieu le dimanche 6 avril 2025 \u00e0 15 h 45 \u00e0 la chapelle de la Maison Darche du 505, boul. Cur\u00e9-Poirier Ouest \u00e0 Longueuil.<\/p>\n<p>Selon ses volont\u00e9s, elle a \u00e9t\u00e9 confi\u00e9e au cr\u00e9matorium de la Maison Darche pour cr\u00e9mation.<\/p>\n<p>La famille re\u00e7oit parents et amis le dimanche 6 avril 2025 de 13 h \u00e0 16 h \u00e0 la Maison Darche du 505 Boul. Cur\u00e9-Poirier Ouest \u00e0 Longueuil.<\/p>\n<p>Elle laisse dans le deuil outre son \u00e9poux monsieur Jean-Yves Pineault, ses fr\u00e8res et s\u0153urs : Jacques (Claude Meilleur), Nycole (Andr\u00e9 Villeneuve), Paul (Sharon Kelly), Reine (Marc Dub\u00e9), Monique (Gilbert Bouchard), Lise (Pierre Lefort), Serge (Christiane Tremblay) et Louise ainsi que ses beaux-fr\u00e8res, ses belles-s\u0153urs, ses neveux, ses ni\u00e8ces, ses autres parents et amis(e). <\/p>\n<p>La famille a confi\u00e9 les arrangements aux services professionnels de la Maison Darche du 505 Boul. Cur\u00e9-Poirier \u00e0 Longueuil, maintenant reconnue Distinction et membre de la Corporation des Thanatologues du Qu\u00e9bec.<\/p>\n<p>Vous pouvez consulter cet avis de d\u00e9c\u00e8s sur le : www.maisonmallet.com<\/p>\n<p>Ceux et celles qui le d\u00e9sirent, peuvent y envoyer des messages de sympathie.<\/p>\n<p>[contact-form to=\u00a0\u00bbjeanyvespineault@gmail.com\u00a0\u00bb subject=\u00a0\u00bbCondol\u00e9ances Jacqueline Pitre\u00a0\u00bb][contact-field label=\u00a0\u00bbVotre nom\u00a0\u00bb type=\u00a0\u00bbname\u00a0\u00bb required=\u00a0\u00bb1&Prime;][contact-field label=\u00a0\u00bbVotre courriel\u00a0\u00bb type=\u00a0\u00bbemail\u00a0\u00bb required=\u00a0\u00bb1&Prime;][contact-field label=\u00a0\u00bbCondol\u00e9ances\u00a0\u00bb type=\u00a0\u00bbtextarea\u00a0\u00bb][\/contact-form]<\/p>\n","protected":false},"featured_media":62246,"template":"","event_cat":[6],"class_list":["post-62225","event","type-event","status-publish","has-post-thumbnail","hentry","event_cat-maison-mallet-et-fils-inc"],"_links":{"self":[{"href":"https:\/\/nouveau.maisonmallet.com\/back05_01\/index.php?rest_route=\/wp\/v2\/event\/62225","targetHints":{"allow":["GET"]}}],"collection":[{"href":"https:\/\/nouveau.maisonmallet.com\/back05_01\/index.php?rest_route=\/wp\/v2\/event"}],"about":[{"href":"https:\/\/nouveau.maisonmallet.com\/back05_01\/index.php?rest_route=\/wp\/v2\/types\/event"}],"wp:featuredmedia":[{"embeddable":true,"href":"https:\/\/nouveau.maisonmallet.com\/back05_01\/index.php?rest_route=\/wp\/v2\/media\/62246"}],"wp:attachment":[{"href":"https:\/\/nouveau.maisonmallet.com\/back05_01\/index.php?rest_route=%2Fwp%2Fv2%2Fmedia&parent=62225"}],"wp:term":[{"taxonomy":"event_cat","embeddable":true,"href":"https:\/\/nouveau.maisonmallet.com\/back05_01\/index.php?rest_route=%2Fwp%2Fv2%2Fevent_cat&post=62225"}],"curies":[{"name":"wp","href":"https:\/\/api.w.org\/{rel}","templated":true}]}}

<p>Le Complexe Thanatologique Mallet &#038; fils a le regret de vous annoncer le décès de</p>
<p>Jacqueline Pitre<br />
1946 – 2025</p>
<p>À Longueuil, le 26 février 2025, est décédée à l&rsquo;âge de 79 ans, madame Jacqueline Pitre épouse de monsieur Jean-Yves Pineault et domiciliée à Longueuil autre fois de Sept-Îles.</p>
<p>La cérémonie commémorative de madame Jacqueline Pitre aura lieu le dimanche 6 avril 2025 à 15 h 45 à la chapelle de la Maison Darche du 505, boul. Curé-Poirier Ouest à Longueuil.</p>
<p>Selon ses volontés, elle a été confiée au crématorium de la Maison Darche pour crémation.</p>
<p>La famille reçoit parents et amis le dimanche 6 avril 2025 de 13 h à 16 h à la Maison Darche du 505 Boul. Curé-Poirier Ouest à Longueuil.</p>
<p>Elle laisse dans le deuil outre son époux monsieur Jean-Yves Pineault, ses frères et sœurs : Jacques (Claude Meilleur), Nycole (André Villeneuve), Paul (Sharon Kelly), Reine (Marc Dubé), Monique (Gilbert Bouchard), Lise (Pierre Lefort), Serge (Christiane Tremblay) et Louise ainsi que ses beaux-frères, ses belles-sœurs, ses neveux, ses nièces, ses autres parents et amis(e). </p>
<p>La famille a confié les arrangements aux services professionnels de la Maison Darche du 505 Boul. Curé-Poirier à Longueuil, maintenant reconnue Distinction et membre de la Corporation des Thanatologues du Québec.</p>
<p>Vous pouvez consulter cet avis de décès sur le : www.maisonmallet.com</p>
<p>Ceux et celles qui le désirent, peuvent y envoyer des messages de sympathie.</p>
<p>[contact-form to= »jeanyvespineault@gmail.com » subject= »Condoléances Jacqueline Pitre »][contact-field label= »Votre nom » type= »name » required= »1&Prime;][contact-field label= »Votre courriel » type= »email » required= »1&Prime;][contact-field label= »Condoléances » type= »textarea »][/contact-form]</p>
