{"id":62331,"date":"2025-03-13T17:38:05","date_gmt":"2025-03-13T21:38:05","guid":{"rendered":"https:\/\/nouveau.maisonmallet.com\/?post_type=event&#038;p=62331"},"modified":"2025-07-05T10:48:25","modified_gmt":"2025-07-05T14:48:25","slug":"lamarre-nelson","status":"publish","type":"event","link":"https:\/\/nouveau.maisonmallet.com\/back05_01\/?event=lamarre-nelson","title":{"rendered":"LAMARRE, Nelson"},"content":{"rendered":"<p>Le Complexe Thanatologique Mallet &amp; fils a le regret de vous annoncer le d\u00e9c\u00e8s de<\/p>\n<p>Nelson Lamarre<\/p>\n<p>1959-2025<\/p>\n<p>&nbsp;<\/p>\n<p>\u00c0 Baie-Trinit\u00e9, le 13 mars 2025, est d\u00e9c\u00e9d\u00e9 \u00e0 l\u2019\u00e2ge de 65 ans, monsieur Nelson Lamarre fils de feu Aur\u00e8le Lamarre et de feu C\u00e9cile Lavoie domicili\u00e9 \u00e0 Baie-Trinit\u00e9.<\/p>\n<p>La c\u00e9r\u00e9monie comm\u00e9morative de monsieur Nelson Lamarre aura lieu le samedi 29 mars 2025 \u00e0 15 h 15 \u00e0 la chapelle du Complexe Thanatologique Mallet &amp; fils du 585, boul. Laure \u00e0 Sept-\u00celes.<\/p>\n<p>Selon ses volont\u00e9s, il a \u00e9t\u00e9 confi\u00e9 au cr\u00e9matorium de la Maison Mallet &amp; fils pour cr\u00e9mation.<\/p>\n<p>La famille re\u00e7oit parents et amis le samedi 29 mars 2025 de 13 h \u00e0 16 h, au Complexe Thanatologique Mallet &amp; fils du 585 boul. Laure \u00e0 Sept-\u00celes.<\/p>\n<p>Il laisse dans le deuil ses fr\u00e8res\u00a0: R\u00e9jean et Jean-Guy (Johanne Lagac\u00e9), sa s\u0153ur Guylaine (Denis Ringuette), son fiston David Dupont (Sabrina Gosselin), ses neveux\u00a0: Mike (Pascale Barnab\u00e9) et Philippe (Caroline Lafond-Chr\u00e9tien) ainsi que sa tante, ses cousins, ses cousines et de nombreux ami(e)s.<\/p>\n<p>Vos marques de sympathie peuvent se traduire par un don \u00e0 l\u2019\u00c9lyme des sables <a href=\"http:\/\/www.elymedessables.com\">www.elymedessables.com<\/a><\/p>\n<p>La famille a confi\u00e9 les arrangements aux services professionnels de la Maison Mallet &amp; fils du 585 boul. Laure \u00e0 Sept-\u00celes, maintenant reconnue Distinction et membre de la Corporation des Thanatologues du Qu\u00e9bec.<\/p>\n<p>Vous pouvez consulter cet avis de d\u00e9c\u00e8s sur le\u00a0: <a href=\"https:\/\/nouveau.maisonmallet.com\">www.maisonmallet.com<\/a><\/p>\n<p>Ceux et celles qui le d\u00e9sirent, peuvent y envoyer des messages de sympathie.<\/p>\n<p>&nbsp;<\/p>\n<hr \/>\n<p>Envoyer vos condol\u00e9ances<\/p>\n<p>[contact-form to=\u00a0\u00bbguylainelamarre@icloud.com\u00a0\u00bb subject=\u00a0\u00bbCondol\u00e9ances Nelson Lamarre\u00a0\u00bb][contact-field label=\u00a0\u00bbVotre nom\u00a0\u00bb type=\u00a0\u00bbname\u00a0\u00bb required=\u00a0\u00bb1&Prime;][contact-field label=\u00a0\u00bbVotre courriel\u00a0\u00bb type=\u00a0\u00bbemail\u00a0\u00bb required=\u00a0\u00bb1&Prime;][contact-field label=\u00a0\u00bbCondol\u00e9ances\u00a0\u00bb type=\u00a0\u00bbtextarea\u00a0\u00bb][\/contact-form]<\/p>\n","protected":false},"featured_media":62438,"template":"","event_cat":[6],"class_list":["post-62331","event","type-event","status-publish","has-post-thumbnail","hentry","event_cat-maison-mallet-et-fils-inc"],"_links":{"self":[{"href":"https:\/\/nouveau.maisonmallet.com\/back05_01\/index.php?rest_route=\/wp\/v2\/event\/62331","targetHints":{"allow":["GET"]}}],"collection":[{"href":"https:\/\/nouveau.maisonmallet.com\/back05_01\/index.php?rest_route=\/wp\/v2\/event"}],"about":[{"href":"https:\/\/nouveau.maisonmallet.com\/back05_01\/index.php?rest_route=\/wp\/v2\/types\/event"}],"wp:featuredmedia":[{"embeddable":true,"href":"https:\/\/nouveau.maisonmallet.com\/back05_01\/index.php?rest_route=\/wp\/v2\/media\/62438"}],"wp:attachment":[{"href":"https:\/\/nouveau.maisonmallet.com\/back05_01\/index.php?rest_route=%2Fwp%2Fv2%2Fmedia&parent=62331"}],"wp:term":[{"taxonomy":"event_cat","embeddable":true,"href":"https:\/\/nouveau.maisonmallet.com\/back05_01\/index.php?rest_route=%2Fwp%2Fv2%2Fevent_cat&post=62331"}],"curies":[{"name":"wp","href":"https:\/\/api.w.org\/{rel}","templated":true}]}}

<p>Le Complexe Thanatologique Mallet &amp; fils a le regret de vous annoncer le décès de</p>
<p>Nelson Lamarre</p>
<p>1959-2025</p>
<p>&nbsp;</p>
<p>À Baie-Trinité, le 13 mars 2025, est décédé à l’âge de 65 ans, monsieur Nelson Lamarre fils de feu Aurèle Lamarre et de feu Cécile Lavoie domicilié à Baie-Trinité.</p>
<p>La cérémonie commémorative de monsieur Nelson Lamarre aura lieu le samedi 29 mars 2025 à 15 h 15 à la chapelle du Complexe Thanatologique Mallet &amp; fils du 585, boul. Laure à Sept-Îles.</p>
<p>Selon ses volontés, il a été confié au crématorium de la Maison Mallet &amp; fils pour crémation.</p>
<p>La famille reçoit parents et amis le samedi 29 mars 2025 de 13 h à 16 h, au Complexe Thanatologique Mallet &amp; fils du 585 boul. Laure à Sept-Îles.</p>
<p>Il laisse dans le deuil ses frères : Réjean et Jean-Guy (Johanne Lagacé), sa sœur Guylaine (Denis Ringuette), son fiston David Dupont (Sabrina Gosselin), ses neveux : Mike (Pascale Barnabé) et Philippe (Caroline Lafond-Chrétien) ainsi que sa tante, ses cousins, ses cousines et de nombreux ami(e)s.</p>
<p>Vos marques de sympathie peuvent se traduire par un don à l’Élyme des sables <a href="http://www.elymedessables.com">www.elymedessables.com</a></p>
<p>La famille a confié les arrangements aux services professionnels de la Maison Mallet &amp; fils du 585 boul. Laure à Sept-Îles, maintenant reconnue Distinction et membre de la Corporation des Thanatologues du Québec.</p>
<p>Vous pouvez consulter cet avis de décès sur le : <a href="https://nouveau.maisonmallet.com">www.maisonmallet.com</a></p>
<p>Ceux et celles qui le désirent, peuvent y envoyer des messages de sympathie.</p>
<p>&nbsp;</p>
<hr />
<p>Envoyer vos condoléances</p>
<p>[contact-form to= »guylainelamarre@icloud.com » subject= »Condoléances Nelson Lamarre »][contact-field label= »Votre nom » type= »name » required= »1&Prime;][contact-field label= »Votre courriel » type= »email » required= »1&Prime;][contact-field label= »Condoléances » type= »textarea »][/contact-form]</p>
