{"id":62447,"date":"2025-03-23T14:39:14","date_gmt":"2025-03-23T18:39:14","guid":{"rendered":"https:\/\/nouveau.maisonmallet.com\/?post_type=event&#038;p=62447"},"modified":"2025-07-05T10:47:13","modified_gmt":"2025-07-05T14:47:13","slug":"gregoire-sheila","status":"publish","type":"event","link":"https:\/\/nouveau.maisonmallet.com\/back05_01\/?event=gregoire-sheila","title":{"rendered":"GR\u00c9GOIRE, Sheila"},"content":{"rendered":"<p>Le Complexe Thanatologique Mallet &amp; fils a le regret de vous annoncer le d\u00e9c\u00e8s de<\/p>\n<p>Sheila Gr\u00e9goire<\/p>\n<p>1985 \u2013 2025<\/p>\n<p>&nbsp;<\/p>\n<p>\u00c0 Sept-\u00celes (maison \u00c9lyme des sables), le 23 mars 2025, est d\u00e9c\u00e9d\u00e9e \u00e0 l\u2019\u00e2ge de 39 ans, Sheila Gr\u00e9goire fille de monsieur Claude Grenier et de madame Christiane Gr\u00e9goire domicili\u00e9e \u00e0 Uashat.<\/p>\n<p>Les fun\u00e9railles de Sheila Gr\u00e9goire auront lieu le samedi 29 mars 2025 \u00e0 14 h en l\u2019\u00e9glise Kateri Tekakwitha, situ\u00e9e au 1035, avenue De Quen \u00e0 Uashat et de l\u00e0 au cimeti\u00e8re de Uashat.<\/p>\n<p>La famille re\u00e7oit parents et amis le jeudi 27 mars 2025 \u00e0 compter de 15 h au 22, rue Pien-Pashau \u00e0 Uashat.<\/p>\n<p>Elle laisse dans le deuil outre son conjoint Jean-Robert Jourdain Vachon, ses enfants\u00a0: Layna, Jenny-Lee, Wayne, Kateri, Maina, Mennishkuess et Mani-Pien, ses petits-enfants\u00a0: Ma\u00ebly et Joe-Eliott, son p\u00e8re Claude Grenier, sa m\u00e8re Christiane Gr\u00e9goire, ses fr\u00e8res et ses s\u0153urs\u00a0: Selena, Alexanne, Dave, Pierre-Claude, Pierre-Yan, Jennyfer, Brenda, Malcom, Jolya-Madeleine et Menashkua-Antoine ainsi que ses neveux, ses ni\u00e8ces, ses oncles, ses tantes, ses cousins, ses cousines et de nombreux ami(e)s.<\/p>\n<p>La famille a confi\u00e9 la direction des fun\u00e9railles aux services professionnels de la Maison Mallet &amp; fils du 585, Boul. Laure \u00e0 Sept-\u00celes, maintenant reconnue Distinction et membre de la Corporation des Thanatologues du Qu\u00e9bec.<\/p>\n<p>Vous pouvez consulter cet avis de d\u00e9c\u00e8s sur le <a href=\"https:\/\/nouveau.maisonmallet.com\">www.maisonmallet.com<\/a><\/p>\n<p>Ceux et celles qui le d\u00e9sirent, peuvent y envoyer des messages de condol\u00e9ances.<\/p>\n<p>&nbsp;<\/p>\n<hr \/>\n<p>Envoyer vos condol\u00e9ances<\/p>\n<p>[contact-form to=\u00a0\u00bb shakashtuen25@gmail.com\u00a0\u00a0\u00bb subject=\u00a0\u00bbCondol\u00e9ances Sheila Gr\u00e9goire\u00a0\u00bb][contact-field label=\u00a0\u00bbVotre nom\u00a0\u00bb type=\u00a0\u00bbname\u00a0\u00bb required=\u00a0\u00bb1&Prime;][contact-field label=\u00a0\u00bbVotre courriel\u00a0\u00bb type=\u00a0\u00bbemail\u00a0\u00bb required=\u00a0\u00bb1&Prime;][contact-field label=\u00a0\u00bbCondol\u00e9ances\u00a0\u00bb type=\u00a0\u00bbtextarea\u00a0\u00bb][\/contact-form]<\/p>\n","protected":false},"featured_media":62479,"template":"","event_cat":[6],"class_list":["post-62447","event","type-event","status-publish","has-post-thumbnail","hentry","event_cat-maison-mallet-et-fils-inc"],"_links":{"self":[{"href":"https:\/\/nouveau.maisonmallet.com\/back05_01\/index.php?rest_route=\/wp\/v2\/event\/62447","targetHints":{"allow":["GET"]}}],"collection":[{"href":"https:\/\/nouveau.maisonmallet.com\/back05_01\/index.php?rest_route=\/wp\/v2\/event"}],"about":[{"href":"https:\/\/nouveau.maisonmallet.com\/back05_01\/index.php?rest_route=\/wp\/v2\/types\/event"}],"wp:featuredmedia":[{"embeddable":true,"href":"https:\/\/nouveau.maisonmallet.com\/back05_01\/index.php?rest_route=\/wp\/v2\/media\/62479"}],"wp:attachment":[{"href":"https:\/\/nouveau.maisonmallet.com\/back05_01\/index.php?rest_route=%2Fwp%2Fv2%2Fmedia&parent=62447"}],"wp:term":[{"taxonomy":"event_cat","embeddable":true,"href":"https:\/\/nouveau.maisonmallet.com\/back05_01\/index.php?rest_route=%2Fwp%2Fv2%2Fevent_cat&post=62447"}],"curies":[{"name":"wp","href":"https:\/\/api.w.org\/{rel}","templated":true}]}}

GRÉGOIRE, Sheila

<p>Le Complexe Thanatologique Mallet &amp; fils a le regret de vous annoncer le décès de</p>
<p>Sheila Grégoire</p>
<p>1985 – 2025</p>
<p>&nbsp;</p>
<p>À Sept-Îles (maison Élyme des sables), le 23 mars 2025, est décédée à l’âge de 39 ans, Sheila Grégoire fille de monsieur Claude Grenier et de madame Christiane Grégoire domiciliée à Uashat.</p>
<p>Les funérailles de Sheila Grégoire auront lieu le samedi 29 mars 2025 à 14 h en l’église Kateri Tekakwitha, située au 1035, avenue De Quen à Uashat et de là au cimetière de Uashat.</p>
<p>La famille reçoit parents et amis le jeudi 27 mars 2025 à compter de 15 h au 22, rue Pien-Pashau à Uashat.</p>
<p>Elle laisse dans le deuil outre son conjoint Jean-Robert Jourdain Vachon, ses enfants : Layna, Jenny-Lee, Wayne, Kateri, Maina, Mennishkuess et Mani-Pien, ses petits-enfants : Maëly et Joe-Eliott, son père Claude Grenier, sa mère Christiane Grégoire, ses frères et ses sœurs : Selena, Alexanne, Dave, Pierre-Claude, Pierre-Yan, Jennyfer, Brenda, Malcom, Jolya-Madeleine et Menashkua-Antoine ainsi que ses neveux, ses nièces, ses oncles, ses tantes, ses cousins, ses cousines et de nombreux ami(e)s.</p>
<p>La famille a confié la direction des funérailles aux services professionnels de la Maison Mallet &amp; fils du 585, Boul. Laure à Sept-Îles, maintenant reconnue Distinction et membre de la Corporation des Thanatologues du Québec.</p>
<p>Vous pouvez consulter cet avis de décès sur le <a href="https://nouveau.maisonmallet.com">www.maisonmallet.com</a></p>
<p>Ceux et celles qui le désirent, peuvent y envoyer des messages de condoléances.</p>
<p>&nbsp;</p>
<hr />
<p>Envoyer vos condoléances</p>
<p>[contact-form to= » shakashtuen25@gmail.com  » subject= »Condoléances Sheila Grégoire »][contact-field label= »Votre nom » type= »name » required= »1&Prime;][contact-field label= »Votre courriel » type= »email » required= »1&Prime;][contact-field label= »Condoléances » type= »textarea »][/contact-form]</p>
