{"id":62477,"date":"2025-03-16T12:54:30","date_gmt":"2025-03-16T16:54:30","guid":{"rendered":"https:\/\/nouveau.maisonmallet.com\/?post_type=event&#038;p=62477"},"modified":"2025-07-05T10:46:44","modified_gmt":"2025-07-05T14:46:44","slug":"cartau-robin","status":"publish","type":"event","link":"https:\/\/nouveau.maisonmallet.com\/back05_01\/?event=cartau-robin","title":{"rendered":"CARTAU, Robin"},"content":{"rendered":"<p>La Maison L.J.G. Mallet a le regret de vous annoncer le d\u00e9c\u00e8s de<\/p>\n<p>Robin Cartau<br \/>\n1967 &#8211; 2025<\/p>\n<p>\u00c0 Rivi\u00e8re-au-Tonnerre, le 16 mars 2025, est d\u00e9c\u00e9d\u00e9 \u00e0 l\u2019\u00e2ge de 58 ans, monsieur Robin Cartau conjoint de madame Julie Bougie et domicili\u00e9 \u00e0 Rivi\u00e8re-au-Tonnerre<\/p>\n<p>La c\u00e9r\u00e9monie comm\u00e9morative de monsieur Robin Cartau aura lieu le samedi 5 avril 2025 \u00e0 15 h 45 \u00e0 la chapelle du Complexe Thanatologique Mallet &#038; fils du 585, Boul. Laure Sept-\u00celes \u00e0 Sept-\u00celes. <\/p>\n<p>Selon ses volont\u00e9s, Il a \u00e9t\u00e9 confi\u00e9 au cr\u00e9matorium de la Maison L.J.G. Mallet pour cr\u00e9mation.<\/p>\n<p>La famille re\u00e7oit parents et amis le samedi 5 avril 2025 de 13 h \u00e0 16 h au Complexe Thanatologique Mallet &#038; fils du 585, Boul, Laure \u00e0 Sept-\u00celes.<\/p>\n<p>Il laisse dans le deuil sa conjointe madame Julie Bougie, ses filles : Sonia, Aliz\u00e9e et Harmonie, ses beaux-fils : Karl-Olivier, Tristan et Shawn-Gabriel ainsi que ses fr\u00e8res et s\u0153urs : Aymeric (Danielle), Yanael, V\u00e9ronique (Philippe) et Peggy (Renaud), sa belle-m\u00e8re madame Diane Bougie, ses neveux et ni\u00e8ces : Yorick, Sacha, Logan, Owen, Kian, Arthur, Lois, Marlon, Zack, Alek, Nev et Gigi et de nombreux ami(e)s.<\/p>\n<p>La famille a confi\u00e9 les arrangements aux services professionnels de la Maison L.J.G. Mallet du 1429, rue du Canot \u00e0 Havre-Saint-Pierre, maintenant reconnue Distinction et membre de la Corporation des Thanatologues du Qu\u00e9bec.<\/p>\n<p>Vous pouvez consulter cet avis de d\u00e9c\u00e8s sur le www.maisonmallet.com<\/p>\n<p>Ceux et celles qui le d\u00e9sirent, peuvent y envoyer des messages de sympathie.<\/p>\n<p>[contact-form to=\u00a0\u00bbjulie.boutiquejustepourtoi@gmail.com\u00a0\u00bb subject=\u00a0\u00bbCondol\u00e9ances Robin Cartau\u00a0\u00bb][contact-field label=\u00a0\u00bbVotre nom\u00a0\u00bb type=\u00a0\u00bbname\u00a0\u00bb required=\u00a0\u00bb1&Prime;][contact-field label=\u00a0\u00bbVotre courriel\u00a0\u00bb type=\u00a0\u00bbemail\u00a0\u00bb required=\u00a0\u00bb1&Prime;][contact-field label=\u00a0\u00bbCondol\u00e9ances\u00a0\u00bb type=\u00a0\u00bbtextarea\u00a0\u00bb][\/contact-form]<\/p>\n","protected":false},"featured_media":62526,"template":"","event_cat":[7],"class_list":["post-62477","event","type-event","status-publish","has-post-thumbnail","hentry","event_cat-maison-l-j-g-mallet-inc"],"_links":{"self":[{"href":"https:\/\/nouveau.maisonmallet.com\/back05_01\/index.php?rest_route=\/wp\/v2\/event\/62477","targetHints":{"allow":["GET"]}}],"collection":[{"href":"https:\/\/nouveau.maisonmallet.com\/back05_01\/index.php?rest_route=\/wp\/v2\/event"}],"about":[{"href":"https:\/\/nouveau.maisonmallet.com\/back05_01\/index.php?rest_route=\/wp\/v2\/types\/event"}],"wp:featuredmedia":[{"embeddable":true,"href":"https:\/\/nouveau.maisonmallet.com\/back05_01\/index.php?rest_route=\/wp\/v2\/media\/62526"}],"wp:attachment":[{"href":"https:\/\/nouveau.maisonmallet.com\/back05_01\/index.php?rest_route=%2Fwp%2Fv2%2Fmedia&parent=62477"}],"wp:term":[{"taxonomy":"event_cat","embeddable":true,"href":"https:\/\/nouveau.maisonmallet.com\/back05_01\/index.php?rest_route=%2Fwp%2Fv2%2Fevent_cat&post=62477"}],"curies":[{"name":"wp","href":"https:\/\/api.w.org\/{rel}","templated":true}]}}

<p>La Maison L.J.G. Mallet a le regret de vous annoncer le décès de</p>
<p>Robin Cartau<br />
1967 &#8211; 2025</p>
<p>À Rivière-au-Tonnerre, le 16 mars 2025, est décédé à l’âge de 58 ans, monsieur Robin Cartau conjoint de madame Julie Bougie et domicilié à Rivière-au-Tonnerre</p>
<p>La cérémonie commémorative de monsieur Robin Cartau aura lieu le samedi 5 avril 2025 à 15 h 45 à la chapelle du Complexe Thanatologique Mallet &#038; fils du 585, Boul. Laure Sept-Îles à Sept-Îles. </p>
<p>Selon ses volontés, Il a été confié au crématorium de la Maison L.J.G. Mallet pour crémation.</p>
<p>La famille reçoit parents et amis le samedi 5 avril 2025 de 13 h à 16 h au Complexe Thanatologique Mallet &#038; fils du 585, Boul, Laure à Sept-Îles.</p>
<p>Il laisse dans le deuil sa conjointe madame Julie Bougie, ses filles : Sonia, Alizée et Harmonie, ses beaux-fils : Karl-Olivier, Tristan et Shawn-Gabriel ainsi que ses frères et sœurs : Aymeric (Danielle), Yanael, Véronique (Philippe) et Peggy (Renaud), sa belle-mère madame Diane Bougie, ses neveux et nièces : Yorick, Sacha, Logan, Owen, Kian, Arthur, Lois, Marlon, Zack, Alek, Nev et Gigi et de nombreux ami(e)s.</p>
<p>La famille a confié les arrangements aux services professionnels de la Maison L.J.G. Mallet du 1429, rue du Canot à Havre-Saint-Pierre, maintenant reconnue Distinction et membre de la Corporation des Thanatologues du Québec.</p>
<p>Vous pouvez consulter cet avis de décès sur le www.maisonmallet.com</p>
<p>Ceux et celles qui le désirent, peuvent y envoyer des messages de sympathie.</p>
<p>[contact-form to= »julie.boutiquejustepourtoi@gmail.com » subject= »Condoléances Robin Cartau »][contact-field label= »Votre nom » type= »name » required= »1&Prime;][contact-field label= »Votre courriel » type= »email » required= »1&Prime;][contact-field label= »Condoléances » type= »textarea »][/contact-form]</p>
