{"id":62560,"date":"2025-01-13T09:39:11","date_gmt":"2025-01-13T14:39:11","guid":{"rendered":"https:\/\/nouveau.maisonmallet.com\/?post_type=event&#038;p=62560"},"modified":"2025-07-05T10:45:33","modified_gmt":"2025-07-05T14:45:33","slug":"derosby-marie-claire-2","status":"publish","type":"event","link":"https:\/\/nouveau.maisonmallet.com\/back05_01\/?event=derosby-marie-claire-2","title":{"rendered":"D\u00c9ROSBY, Marie-Claire"},"content":{"rendered":"<p>La Maison L.J.G. Mallet a le regret de vous annoncer le d\u00e9c\u00e8s de<\/p>\n<p>Marie-Claire D\u00e9rosby<br \/>\n1935 \u2013 2025<\/p>\n<p>\u00c0 Longue-Pointe de Mingan, le 13 janvier 2025, est d\u00e9c\u00e9d\u00e9e \u00e0 l\u2019\u00e2ge de 89 ans, madame Marie-Claire D\u00e9rosby \u00e9pouse de feu Ludger Chapados et domicili\u00e9e \u00e0 Longue-Pointe de Mingan. <\/p>\n<p>Les fun\u00e9railles de madame Marie-Claire D\u00e9rosby auront lieu le samedi 17 mai 2025 \u00e0 14 h en l\u2019\u00e9glise St-Jean Ap\u00f4tre de Rivi\u00e8re Saint-Jean et de l\u00e0 au cimeti\u00e8re de Rivi\u00e8re Saint-Jean. <\/p>\n<p>Selon ses volont\u00e9s, elle a \u00e9t\u00e9 confi\u00e9e au cr\u00e9matorium de la Maison L.J.G. Mallet pour cr\u00e9mation.<\/p>\n<p>La famille re\u00e7oit parents et amis le samedi 17 mai 2025 2024 de 13 h \u00e0 14 h \u00e0 l\u2019\u00e9glise St-Jean Ap\u00f4tre de Rivi\u00e8re Saint-Jean.<\/p>\n<p>Elle laisse dans le deuil ses enfants : France (Diane), Suzan (Pierre), Danny (Fran\u00e7oise), Danielle et Nathalie, ses neuf petits-enfants, ses quinze arri\u00e8re-petits-enfants, ses quatre arri\u00e8re-arri\u00e8re-petits-enfants ainsi que son fr\u00e8re Luc (Mary), ses s\u0153urs : Marie et Odette (G\u00e9rard), ses beaux-fr\u00e8res, ses belles-s\u0153urs, ses neveux, ses ni\u00e8ces et de nombreux ami(e)s.<\/p>\n<p>Elle \u00e9tait la m\u00e8re de feu Gino (Rosette) et feu Donald, la mamie de feu Steevens.<\/p>\n<p>Merci sp\u00e9ciale \u00e0 son infirmi\u00e8re Nathalie Ward.<\/p>\n<p>La famille a confi\u00e9 la direction des fun\u00e9railles aux services professionnels de la Maison L.J.G. Mallet du 1429, rue du Canot \u00e0 Havre Saint-Pierre, maintenant reconnue Distinction et membre de la Corporation des Thanatologues du Qu\u00e9bec.<\/p>\n<p>Vous pouvez consulter cet avis de d\u00e9c\u00e8s, sur le www.maisonmallet.com <\/p>\n<p>Ceux et celles qui le d\u00e9sirent, peuvent y envoyer des messages de sympathie.<\/p>\n<p>[contact-form to=\u00a0\u00bbmarc@maisonmallet.com\u00a0\u00bb subject=\u00a0\u00bbCondol\u00e9ances Marie-Claire D\u00e9rosby\u00a0\u00bb][contact-field label=\u00a0\u00bbVotre nom\u00a0\u00bb type=\u00a0\u00bbname\u00a0\u00bb required=\u00a0\u00bb1&Prime;][contact-field label=\u00a0\u00bbVotre courriel\u00a0\u00bb type=\u00a0\u00bbemail\u00a0\u00bb required=\u00a0\u00bb1&Prime;][contact-field label=\u00a0\u00bbCondol\u00e9ances\u00a0\u00bb type=\u00a0\u00bbtextarea\u00a0\u00bb][\/contact-form]<\/p>\n","protected":false},"featured_media":62565,"template":"","event_cat":[7],"class_list":["post-62560","event","type-event","status-publish","has-post-thumbnail","hentry","event_cat-maison-l-j-g-mallet-inc"],"_links":{"self":[{"href":"https:\/\/nouveau.maisonmallet.com\/back05_01\/index.php?rest_route=\/wp\/v2\/event\/62560","targetHints":{"allow":["GET"]}}],"collection":[{"href":"https:\/\/nouveau.maisonmallet.com\/back05_01\/index.php?rest_route=\/wp\/v2\/event"}],"about":[{"href":"https:\/\/nouveau.maisonmallet.com\/back05_01\/index.php?rest_route=\/wp\/v2\/types\/event"}],"wp:featuredmedia":[{"embeddable":true,"href":"https:\/\/nouveau.maisonmallet.com\/back05_01\/index.php?rest_route=\/wp\/v2\/media\/62565"}],"wp:attachment":[{"href":"https:\/\/nouveau.maisonmallet.com\/back05_01\/index.php?rest_route=%2Fwp%2Fv2%2Fmedia&parent=62560"}],"wp:term":[{"taxonomy":"event_cat","embeddable":true,"href":"https:\/\/nouveau.maisonmallet.com\/back05_01\/index.php?rest_route=%2Fwp%2Fv2%2Fevent_cat&post=62560"}],"curies":[{"name":"wp","href":"https:\/\/api.w.org\/{rel}","templated":true}]}}

DÉROSBY, Marie-Claire

<p>La Maison L.J.G. Mallet a le regret de vous annoncer le décès de</p>
<p>Marie-Claire Dérosby<br />
1935 – 2025</p>
<p>À Longue-Pointe de Mingan, le 13 janvier 2025, est décédée à l’âge de 89 ans, madame Marie-Claire Dérosby épouse de feu Ludger Chapados et domiciliée à Longue-Pointe de Mingan. </p>
<p>Les funérailles de madame Marie-Claire Dérosby auront lieu le samedi 17 mai 2025 à 14 h en l’église St-Jean Apôtre de Rivière Saint-Jean et de là au cimetière de Rivière Saint-Jean. </p>
<p>Selon ses volontés, elle a été confiée au crématorium de la Maison L.J.G. Mallet pour crémation.</p>
<p>La famille reçoit parents et amis le samedi 17 mai 2025 2024 de 13 h à 14 h à l’église St-Jean Apôtre de Rivière Saint-Jean.</p>
<p>Elle laisse dans le deuil ses enfants : France (Diane), Suzan (Pierre), Danny (Françoise), Danielle et Nathalie, ses neuf petits-enfants, ses quinze arrière-petits-enfants, ses quatre arrière-arrière-petits-enfants ainsi que son frère Luc (Mary), ses sœurs : Marie et Odette (Gérard), ses beaux-frères, ses belles-sœurs, ses neveux, ses nièces et de nombreux ami(e)s.</p>
<p>Elle était la mère de feu Gino (Rosette) et feu Donald, la mamie de feu Steevens.</p>
<p>Merci spéciale à son infirmière Nathalie Ward.</p>
<p>La famille a confié la direction des funérailles aux services professionnels de la Maison L.J.G. Mallet du 1429, rue du Canot à Havre Saint-Pierre, maintenant reconnue Distinction et membre de la Corporation des Thanatologues du Québec.</p>
<p>Vous pouvez consulter cet avis de décès, sur le www.maisonmallet.com </p>
<p>Ceux et celles qui le désirent, peuvent y envoyer des messages de sympathie.</p>
<p>[contact-form to= »marc@maisonmallet.com » subject= »Condoléances Marie-Claire Dérosby »][contact-field label= »Votre nom » type= »name » required= »1&Prime;][contact-field label= »Votre courriel » type= »email » required= »1&Prime;][contact-field label= »Condoléances » type= »textarea »][/contact-form]</p>
