{"id":62563,"date":"2025-04-01T08:33:42","date_gmt":"2025-04-01T12:33:42","guid":{"rendered":"https:\/\/nouveau.maisonmallet.com\/?post_type=event&#038;p=62563"},"modified":"2025-07-05T10:44:13","modified_gmt":"2025-07-05T14:44:13","slug":"michel-jean-claude","status":"publish","type":"event","link":"https:\/\/nouveau.maisonmallet.com\/back05_01\/?event=michel-jean-claude","title":{"rendered":"MICHEL, Jean-Claude"},"content":{"rendered":"<p>Le Complexe Thanatologique Mallet &#038; fils a le regret de vous annoncer le d\u00e9c\u00e8s de<\/p>\n<p>Jean-Claude Michel<br \/>\n1955 &#8211; 2025<\/p>\n<p>\u00c0 Sept-\u00celes, le 1er avril 2025, est d\u00e9c\u00e9d\u00e9 \u00e0 l\u2019\u00e2ge de 69 ans, monsieur Jean-Claude Michel fils de feu Gr\u00e9goire Andr\u00e9 Michel et de feu Marguerite Jourdain domicili\u00e9 \u00e0 Uashat.<\/p>\n<p>Les fun\u00e9railles de monsieur Jean-Claude Michel auront lieu le samedi 5 avril 2025 \u00e0 10 h en l\u2019\u00e9glise Kateri Tekakwitha, situ\u00e9e au 1035, avenue De Quen \u00e0 Uashat et de l\u00e0 au cimeti\u00e8re de Uashat.<\/p>\n<p>La famille re\u00e7oit parents et amis le jeudi 3 avril 2025 de 13 h \u00e0 16 h et de 19 h \u00e0 22 h. Le vendredi 4 avril 2025 de 13 h \u00e0 16 h et de 19 h \u00e0 22 h. Le samedi 5 avril 2025 jour des fun\u00e9railles \u00e0 compter de 8 h 30 \u00e0 l\u2019\u00e9glise Kateri Tekakwitha, situ\u00e9e au 1035, avenue De Quen \u00e0 Uashat.<\/p>\n<p>Il laisse dans le deuil ses fr\u00e8res : Denis (Marie-Marthe Fontaine), G\u00e9rard (feu Armande Pilot), Yvan et Kupa (Carmen St-Onge), ses s\u0153urs : Marie et B\u00e9atrice (Jean-Charles Pietacho) ainsi que ses filleuls : Ghislain Pietacho, James Vachon et Frederic Thernish, sa filleule Andr\u00e9a Gr\u00e9goire, ses neveux, ses ni\u00e8ces, ses cousins, ses cousines et de nombreux ami(e)s.<\/p>\n<p>La famille a confi\u00e9 la direction des fun\u00e9railles aux services professionnels de la Maison Mallet &#038; fils du 585, Boul. Laure \u00e0 Sept-\u00celes, maintenant reconnue Distinction et membre de la Corporation des Thanatologues du Qu\u00e9bec.<\/p>\n<p>Vous pouvez consulter cet avis de d\u00e9c\u00e8s sur le www.maisonmallet.com<\/p>\n<p>Ceux et celles qui le d\u00e9sirent, peuvent y envoyer des messages de condol\u00e9ances.<\/p>\n<p>[contact-form to=\u00a0\u00bbmarc@maisonmallet.com\u00a0\u00bb subject=\u00a0\u00bbCondol\u00e9ances Jean-Claude Michel\u00a0\u00bb][contact-field label=\u00a0\u00bbVotre nom\u00a0\u00bb type=\u00a0\u00bbname\u00a0\u00bb required=\u00a0\u00bb1&Prime;][contact-field label=\u00a0\u00bbVotre courriel\u00a0\u00bb type=\u00a0\u00bbemail\u00a0\u00bb required=\u00a0\u00bb1&Prime;][contact-field label=\u00a0\u00bbCondol\u00e9ances\u00a0\u00bb type=\u00a0\u00bbtextarea\u00a0\u00bb][\/contact-form]<\/p>\n","protected":false},"featured_media":62636,"template":"","event_cat":[6],"class_list":["post-62563","event","type-event","status-publish","has-post-thumbnail","hentry","event_cat-maison-mallet-et-fils-inc"],"_links":{"self":[{"href":"https:\/\/nouveau.maisonmallet.com\/back05_01\/index.php?rest_route=\/wp\/v2\/event\/62563","targetHints":{"allow":["GET"]}}],"collection":[{"href":"https:\/\/nouveau.maisonmallet.com\/back05_01\/index.php?rest_route=\/wp\/v2\/event"}],"about":[{"href":"https:\/\/nouveau.maisonmallet.com\/back05_01\/index.php?rest_route=\/wp\/v2\/types\/event"}],"wp:featuredmedia":[{"embeddable":true,"href":"https:\/\/nouveau.maisonmallet.com\/back05_01\/index.php?rest_route=\/wp\/v2\/media\/62636"}],"wp:attachment":[{"href":"https:\/\/nouveau.maisonmallet.com\/back05_01\/index.php?rest_route=%2Fwp%2Fv2%2Fmedia&parent=62563"}],"wp:term":[{"taxonomy":"event_cat","embeddable":true,"href":"https:\/\/nouveau.maisonmallet.com\/back05_01\/index.php?rest_route=%2Fwp%2Fv2%2Fevent_cat&post=62563"}],"curies":[{"name":"wp","href":"https:\/\/api.w.org\/{rel}","templated":true}]}}

<p>Le Complexe Thanatologique Mallet &#038; fils a le regret de vous annoncer le décès de</p>
<p>Jean-Claude Michel<br />
1955 &#8211; 2025</p>
<p>À Sept-Îles, le 1er avril 2025, est décédé à l’âge de 69 ans, monsieur Jean-Claude Michel fils de feu Grégoire André Michel et de feu Marguerite Jourdain domicilié à Uashat.</p>
<p>Les funérailles de monsieur Jean-Claude Michel auront lieu le samedi 5 avril 2025 à 10 h en l’église Kateri Tekakwitha, située au 1035, avenue De Quen à Uashat et de là au cimetière de Uashat.</p>
<p>La famille reçoit parents et amis le jeudi 3 avril 2025 de 13 h à 16 h et de 19 h à 22 h. Le vendredi 4 avril 2025 de 13 h à 16 h et de 19 h à 22 h. Le samedi 5 avril 2025 jour des funérailles à compter de 8 h 30 à l’église Kateri Tekakwitha, située au 1035, avenue De Quen à Uashat.</p>
<p>Il laisse dans le deuil ses frères : Denis (Marie-Marthe Fontaine), Gérard (feu Armande Pilot), Yvan et Kupa (Carmen St-Onge), ses sœurs : Marie et Béatrice (Jean-Charles Pietacho) ainsi que ses filleuls : Ghislain Pietacho, James Vachon et Frederic Thernish, sa filleule Andréa Grégoire, ses neveux, ses nièces, ses cousins, ses cousines et de nombreux ami(e)s.</p>
<p>La famille a confié la direction des funérailles aux services professionnels de la Maison Mallet &#038; fils du 585, Boul. Laure à Sept-Îles, maintenant reconnue Distinction et membre de la Corporation des Thanatologues du Québec.</p>
<p>Vous pouvez consulter cet avis de décès sur le www.maisonmallet.com</p>
<p>Ceux et celles qui le désirent, peuvent y envoyer des messages de condoléances.</p>
<p>[contact-form to= »marc@maisonmallet.com » subject= »Condoléances Jean-Claude Michel »][contact-field label= »Votre nom » type= »name » required= »1&Prime;][contact-field label= »Votre courriel » type= »email » required= »1&Prime;][contact-field label= »Condoléances » type= »textarea »][/contact-form]</p>
