{"id":62784,"date":"2025-03-30T15:56:41","date_gmt":"2025-03-30T19:56:41","guid":{"rendered":"https:\/\/nouveau.maisonmallet.com\/?post_type=event&#038;p=62784"},"modified":"2025-07-05T10:41:10","modified_gmt":"2025-07-05T14:41:10","slug":"derosby-marie-anna","status":"publish","type":"event","link":"https:\/\/nouveau.maisonmallet.com\/back05_01\/?event=derosby-marie-anna","title":{"rendered":"DEROSBY, Marie-Anna"},"content":{"rendered":"<p>Le Complexe Thanatologique Mallet &amp; fils a le regret de vous annoncer le d\u00e9c\u00e8s de<\/p>\n<p>Marie-Anna Derosby<\/p>\n<p>1936 &#8211; 2025<\/p>\n<p>&nbsp;<\/p>\n<p>\u00c0 Sept-\u00celes, le 30 mars 2025, est d\u00e9c\u00e9d\u00e9e \u00e0 l\u2019\u00e2ge de 88 ans, madame Marie-Anna Derosby \u00e9pouse de feu Edmond Girard et domicili\u00e9e \u00e0 Sept-\u00celes.<\/p>\n<p>Les fun\u00e9railles de madame Marie-Anna Derosby auront lieu le samedi 7 juin 2025 \u00e0 14 h en l\u2019\u00e9glise St-Joseph situ\u00e9e au 535, ave. Brochu \u00e0 Sept-\u00celes.<\/p>\n<p>Selon ses volont\u00e9s, elle a \u00e9t\u00e9 confi\u00e9e au cr\u00e9matorium de la Maison Mallet &amp; fils pour cr\u00e9mation.<\/p>\n<p>Elle laisse dans le deuil ses enfants : Ga\u00e9tan (Francine Beaudin), Ghislain, Linda (Richard Paquet), Julienne (Fabien Cormier) Jean-Yves, ses petits-enfants : Nadine, Dany, Kathy, Jason, Nancy, Cindy, Marie-Pier, Marie-\u00c8ve, \u00c9mile et L\u00e9o, ses arri\u00e8re-petits-enfants : Ymanie, Camille, In\u00e8s, Zachary, Alexandre, Olivier, F\u00e9lix, Gabrielle, A\u00efden, \u00c9l\u00e9onore et Angela, ses arri\u00e8re-arri\u00e8re-petits-enfants : L\u00e9o-James et Charles ainsi que ses fr\u00e8res, ses soeurs, ses beaux-fr\u00e8res, ses belles-soeurs, ses neveux, ses ni\u00e8ces et ses ami(e)s.<\/p>\n<p>Elle \u00e9tait la m\u00e8re de feu Gaston Girard.<\/p>\n<p>Vos marques de sympathie peuvent se traduire par un don \u00e0 l\u2019\u00c9lyme des sables <a href=\"http:\/\/www.elymedessables.com\">www.elymedessables.com<\/a><\/p>\n<p>La famille a confi\u00e9 la direction des fun\u00e9railles aux services professionnels de la Maison Mallet &amp; fils du 585, boul. Laure \u00e0 Sept-\u00celes, maintenant reconnue Distinction et membre de la Corporation des Thanatologues du Qu\u00e9bec.<\/p>\n<p>Vous pouvez consulter cet avis de d\u00e9c\u00e8s sur le <a href=\"https:\/\/nouveau.maisonmallet.com\">www.maisonmallet.com<\/a><\/p>\n<p>Ceux et celles qui le d\u00e9sirent, peuvent y envoyer des messages de sympathies.<\/p>\n<p>&nbsp;<\/p>\n<hr \/>\n<p>Envoyer vos condol\u00e9ances<\/p>\n<p>[contact-form to=\u00a0\u00bbgirard.linda1@outlook.com\u00a0\u00bb subject=\u00a0\u00bbCondol\u00e9ances Marie-Anna Derosby\u00a0\u00bb][contact-field label=\u00a0\u00bbVotre nom\u00a0\u00bb type=\u00a0\u00bbname\u00a0\u00bb required=\u00a0\u00bb1&Prime;][contact-field label=\u00a0\u00bbVotre courriel\u00a0\u00bb type=\u00a0\u00bbemail\u00a0\u00bb required=\u00a0\u00bb1&Prime;][contact-field label=\u00a0\u00bbCondol\u00e9ances\u00a0\u00bb type=\u00a0\u00bbtextarea\u00a0\u00bb][\/contact-form]<\/p>\n","protected":false},"featured_media":62791,"template":"","event_cat":[7],"class_list":["post-62784","event","type-event","status-publish","has-post-thumbnail","hentry","event_cat-maison-l-j-g-mallet-inc"],"_links":{"self":[{"href":"https:\/\/nouveau.maisonmallet.com\/back05_01\/index.php?rest_route=\/wp\/v2\/event\/62784","targetHints":{"allow":["GET"]}}],"collection":[{"href":"https:\/\/nouveau.maisonmallet.com\/back05_01\/index.php?rest_route=\/wp\/v2\/event"}],"about":[{"href":"https:\/\/nouveau.maisonmallet.com\/back05_01\/index.php?rest_route=\/wp\/v2\/types\/event"}],"wp:featuredmedia":[{"embeddable":true,"href":"https:\/\/nouveau.maisonmallet.com\/back05_01\/index.php?rest_route=\/wp\/v2\/media\/62791"}],"wp:attachment":[{"href":"https:\/\/nouveau.maisonmallet.com\/back05_01\/index.php?rest_route=%2Fwp%2Fv2%2Fmedia&parent=62784"}],"wp:term":[{"taxonomy":"event_cat","embeddable":true,"href":"https:\/\/nouveau.maisonmallet.com\/back05_01\/index.php?rest_route=%2Fwp%2Fv2%2Fevent_cat&post=62784"}],"curies":[{"name":"wp","href":"https:\/\/api.w.org\/{rel}","templated":true}]}}

<p>Le Complexe Thanatologique Mallet &amp; fils a le regret de vous annoncer le décès de</p>
<p>Marie-Anna Derosby</p>
<p>1936 &#8211; 2025</p>
<p>&nbsp;</p>
<p>À Sept-Îles, le 30 mars 2025, est décédée à l’âge de 88 ans, madame Marie-Anna Derosby épouse de feu Edmond Girard et domiciliée à Sept-Îles.</p>
<p>Les funérailles de madame Marie-Anna Derosby auront lieu le samedi 7 juin 2025 à 14 h en l’église St-Joseph située au 535, ave. Brochu à Sept-Îles.</p>
<p>Selon ses volontés, elle a été confiée au crématorium de la Maison Mallet &amp; fils pour crémation.</p>
<p>Elle laisse dans le deuil ses enfants : Gaétan (Francine Beaudin), Ghislain, Linda (Richard Paquet), Julienne (Fabien Cormier) Jean-Yves, ses petits-enfants : Nadine, Dany, Kathy, Jason, Nancy, Cindy, Marie-Pier, Marie-Ève, Émile et Léo, ses arrière-petits-enfants : Ymanie, Camille, Inès, Zachary, Alexandre, Olivier, Félix, Gabrielle, Aïden, Éléonore et Angela, ses arrière-arrière-petits-enfants : Léo-James et Charles ainsi que ses frères, ses soeurs, ses beaux-frères, ses belles-soeurs, ses neveux, ses nièces et ses ami(e)s.</p>
<p>Elle était la mère de feu Gaston Girard.</p>
<p>Vos marques de sympathie peuvent se traduire par un don à l’Élyme des sables <a href="http://www.elymedessables.com">www.elymedessables.com</a></p>
<p>La famille a confié la direction des funérailles aux services professionnels de la Maison Mallet &amp; fils du 585, boul. Laure à Sept-Îles, maintenant reconnue Distinction et membre de la Corporation des Thanatologues du Québec.</p>
<p>Vous pouvez consulter cet avis de décès sur le <a href="https://nouveau.maisonmallet.com">www.maisonmallet.com</a></p>
<p>Ceux et celles qui le désirent, peuvent y envoyer des messages de sympathies.</p>
<p>&nbsp;</p>
<hr />
<p>Envoyer vos condoléances</p>
<p>[contact-form to= »girard.linda1@outlook.com » subject= »Condoléances Marie-Anna Derosby »][contact-field label= »Votre nom » type= »name » required= »1&Prime;][contact-field label= »Votre courriel » type= »email » required= »1&Prime;][contact-field label= »Condoléances » type= »textarea »][/contact-form]</p>
