{"id":62790,"date":"2025-02-10T09:14:45","date_gmt":"2025-02-10T14:14:45","guid":{"rendered":"https:\/\/nouveau.maisonmallet.com\/?post_type=event&#038;p=62790"},"modified":"2025-07-25T21:19:35","modified_gmt":"2025-07-26T01:19:35","slug":"bonneau-yvan","status":"publish","type":"event","link":"https:\/\/nouveau.maisonmallet.com\/back05_01\/?event=bonneau-yvan","title":{"rendered":"BONNEAU, Yvan"},"content":{"rendered":"<p>Le Complexe Thanatologique Mallet &amp; fils a le regret de vous annoncer le d\u00e9c\u00e8s de<\/p>\n<p>Yvan Bonneau<\/p>\n<p>1926 \u2013 2025<\/p>\n<p>&nbsp;<\/p>\n<p>\u00c0 Jonqui\u00e8re, le 10 f\u00e9vrier 2025, est d\u00e9c\u00e9d\u00e9 \u00e0 l\u2019\u00e2ge de 98 ans, monsieur Yvan Bonneau \u00e9poux de feu Th\u00e9r\u00e8se St-Louis et domicili\u00e9 \u00e0 Chicoutimi.<\/p>\n<p>Selon ses volont\u00e9s, il a \u00e9t\u00e9 confi\u00e9 au cr\u00e9matorium de la Maison Mallet &amp; fils pour cr\u00e9mation.<\/p>\n<p>La famille re\u00e7oit parents et amis le samedi 10 mai 2025 de 13 h \u00e0 16 h, au Complexe Thanatologique Mallet &amp; fils du 585 Boul. Laure \u00e0 Sept-\u00celes et de l\u00e0 au cimeti\u00e8re de l\u2019endroit.<\/p>\n<p>Il laisse dans le deuil son fils Serge, ses petites-filles : Isabelle (Patrick Beaudin) et Joanie, ses arri\u00e8re-petits-enfants : Laetycia, \u00c9lodie, Nicolas, \u00c9tienne, R\u00e9mi et Esp\u00e9rance, son arri\u00e8re-arri\u00e8re-petite-fille Heavanah, son fr\u00e8re Jean-Eudes ainsi que ses neveux, ses ni\u00e8ces et ses ami(e)s.<\/p>\n<p>Il \u00e9tait le p\u00e8re de feu Nicole Bonneau (Gervais Caron) et le grand-p\u00e8re de feu M\u00e9lanie Caron.<\/p>\n<p>La famille a confi\u00e9 les arrangements aux services professionnels de la Maison Mallet &amp; fils du 585 Boul. Laure \u00e0 Sept-\u00celes, maintenant reconnue Distinction et membre de la Corporation des Thanatologues du Qu\u00e9bec.<\/p>\n<p>Vous pouvez consulter cet avis de d\u00e9c\u00e8s sur le\u00a0: <a href=\"https:\/\/nouveau.maisonmallet.com\">www.maisonmallet.com<\/a><\/p>\n<p>Ceux et celles qui le d\u00e9sirent, peuvent y envoyer des messages de sympathie.<\/p>\n<p>&nbsp;<\/p>\n<hr \/>\n<p>Envoyer vos condol\u00e9ances<\/p>\n<p>[contact-form to=\u00a0\u00bbsbonneau@cgocable.ca\u00a0\u00bb subject=\u00a0\u00bbCondol\u00e9ances Yvan Bonneau\u00a0\u00bb][contact-field label=\u00a0\u00bbVotre nom\u00a0\u00bb type=\u00a0\u00bbname\u00a0\u00bb required=\u00a0\u00bb1&Prime;][contact-field label=\u00a0\u00bbVotre courriel\u00a0\u00bb type=\u00a0\u00bbemail\u00a0\u00bb required=\u00a0\u00bb1&Prime;][contact-field label=\u00a0\u00bbCondol\u00e9ances\u00a0\u00bb type=\u00a0\u00bbtextarea\u00a0\u00bb][\/contact-form]<\/p>\n","protected":false},"featured_media":62848,"template":"","event_cat":[6],"class_list":["post-62790","event","type-event","status-publish","has-post-thumbnail","hentry","event_cat-maison-mallet-et-fils-inc"],"_links":{"self":[{"href":"https:\/\/nouveau.maisonmallet.com\/back05_01\/index.php?rest_route=\/wp\/v2\/event\/62790","targetHints":{"allow":["GET"]}}],"collection":[{"href":"https:\/\/nouveau.maisonmallet.com\/back05_01\/index.php?rest_route=\/wp\/v2\/event"}],"about":[{"href":"https:\/\/nouveau.maisonmallet.com\/back05_01\/index.php?rest_route=\/wp\/v2\/types\/event"}],"wp:featuredmedia":[{"embeddable":true,"href":"https:\/\/nouveau.maisonmallet.com\/back05_01\/index.php?rest_route=\/wp\/v2\/media\/62848"}],"wp:attachment":[{"href":"https:\/\/nouveau.maisonmallet.com\/back05_01\/index.php?rest_route=%2Fwp%2Fv2%2Fmedia&parent=62790"}],"wp:term":[{"taxonomy":"event_cat","embeddable":true,"href":"https:\/\/nouveau.maisonmallet.com\/back05_01\/index.php?rest_route=%2Fwp%2Fv2%2Fevent_cat&post=62790"}],"curies":[{"name":"wp","href":"https:\/\/api.w.org\/{rel}","templated":true}]}}

<p>Le Complexe Thanatologique Mallet &amp; fils a le regret de vous annoncer le décès de</p>
<p>Yvan Bonneau</p>
<p>1926 – 2025</p>
<p>&nbsp;</p>
<p>À Jonquière, le 10 février 2025, est décédé à l’âge de 98 ans, monsieur Yvan Bonneau époux de feu Thérèse St-Louis et domicilié à Chicoutimi.</p>
<p>Selon ses volontés, il a été confié au crématorium de la Maison Mallet &amp; fils pour crémation.</p>
<p>La famille reçoit parents et amis le samedi 10 mai 2025 de 13 h à 16 h, au Complexe Thanatologique Mallet &amp; fils du 585 Boul. Laure à Sept-Îles et de là au cimetière de l’endroit.</p>
<p>Il laisse dans le deuil son fils Serge, ses petites-filles : Isabelle (Patrick Beaudin) et Joanie, ses arrière-petits-enfants : Laetycia, Élodie, Nicolas, Étienne, Rémi et Espérance, son arrière-arrière-petite-fille Heavanah, son frère Jean-Eudes ainsi que ses neveux, ses nièces et ses ami(e)s.</p>
<p>Il était le père de feu Nicole Bonneau (Gervais Caron) et le grand-père de feu Mélanie Caron.</p>
<p>La famille a confié les arrangements aux services professionnels de la Maison Mallet &amp; fils du 585 Boul. Laure à Sept-Îles, maintenant reconnue Distinction et membre de la Corporation des Thanatologues du Québec.</p>
<p>Vous pouvez consulter cet avis de décès sur le : <a href="https://nouveau.maisonmallet.com">www.maisonmallet.com</a></p>
<p>Ceux et celles qui le désirent, peuvent y envoyer des messages de sympathie.</p>
<p>&nbsp;</p>
<hr />
<p>Envoyer vos condoléances</p>
<p>[contact-form to= »sbonneau@cgocable.ca » subject= »Condoléances Yvan Bonneau »][contact-field label= »Votre nom » type= »name » required= »1&Prime;][contact-field label= »Votre courriel » type= »email » required= »1&Prime;][contact-field label= »Condoléances » type= »textarea »][/contact-form]</p>
