{"id":62847,"date":"2025-03-24T10:42:03","date_gmt":"2025-03-24T14:42:03","guid":{"rendered":"https:\/\/nouveau.maisonmallet.com\/?post_type=event&#038;p=62847"},"modified":"2025-07-05T10:39:07","modified_gmt":"2025-07-05T14:39:07","slug":"cormier-harold","status":"publish","type":"event","link":"https:\/\/nouveau.maisonmallet.com\/back05_01\/?event=cormier-harold","title":{"rendered":"CORMIER, Harold"},"content":{"rendered":"<p>Le Complexe Thanatologique Mallet &amp; fils a le regret de vous annoncer le d\u00e9c\u00e8s de<\/p>\n<p>Harold Cormier<\/p>\n<p>1951 \u2013 2025<\/p>\n<p>&nbsp;<\/p>\n<p>\u00c0 Terrebonne, le 24 mars 2025, est d\u00e9c\u00e9d\u00e9 \u00e0 l\u2019\u00e2ge de 74 ans, monsieur Harold Cormier fils de feu Roger Cormier et de feu L\u00e9ona Gallant domicili\u00e9 \u00e0 Longueuil.<\/p>\n<p>Selon ses volont\u00e9s, il a \u00e9t\u00e9 confi\u00e9 au cr\u00e9matorium de la Maison Mallet &amp; fils pour cr\u00e9mation.<\/p>\n<p>La famille re\u00e7oit parents et amis le lundi 19 mai 2025 de 10 h 30 \u00e0 15 h au Complexe Thanatologique Mallet &amp; fils du 585 boul. Laure \u00e0 Sept-\u00celes et de l\u00e0 au cimeti\u00e8re de l\u2019endroit.<\/p>\n<p>Il laisse dans le deuil ses enfants\u00a0: Monika (Denis Bellefeuille), Lisa (R\u00e9al Masson), Olivier Harvie (Lucie Houareau) et Lyse Coulombe, ses petits-enfants\u00a0: Mike Cormier-Ward, Shanon Beaudin et Fidji Harvie, sa s\u0153ur Brigitte (Nicolas Perez Montero), sa ni\u00e8ce V\u00e9ronique Lanoue ainsi que les m\u00e8res de ses enfants\u00a0: R\u00e9jeanne Gaudet et Marie-Anna Harvie, ses oncles, ses tantes, ses cousins, ses cousines et de nombreux ami(e)s.<\/p>\n<p>La famille a confi\u00e9 les arrangements aux services professionnels de la Maison Mallet &amp; fils du 585 Boul. Laure \u00e0 Sept-\u00celes, maintenant reconnue Distinction et membre de la Corporation des Thanatologues du Qu\u00e9bec.<\/p>\n<p>Vous pouvez consulter cet avis de d\u00e9c\u00e8s sur le\u00a0: <a href=\"https:\/\/nouveau.maisonmallet.com\">www.maisonmallet.com<\/a><\/p>\n<p>Ceux et celles qui le d\u00e9sirent, peuvent y envoyer des messages de sympathie.<\/p>\n<p>&nbsp;<\/p>\n<hr \/>\n<p>Envoyer vos condol\u00e9ances<\/p>\n<p>[contact-form to=\u00a0\u00bbmonikacormier1@gmail.com\u00a0\u00bb subject=\u00a0\u00bbCondol\u00e9ances Harold Cormier\u00a0\u00bb][contact-field label=\u00a0\u00bbVotre nom\u00a0\u00bb type=\u00a0\u00bbname\u00a0\u00bb required=\u00a0\u00bb1&Prime;][contact-field label=\u00a0\u00bbVotre courriel\u00a0\u00bb type=\u00a0\u00bbemail\u00a0\u00bb required=\u00a0\u00bb1&Prime;][contact-field label=\u00a0\u00bbCondol\u00e9ances\u00a0\u00bb type=\u00a0\u00bbtextarea\u00a0\u00bb][\/contact-form]<\/p>\n","protected":false},"featured_media":62850,"template":"","event_cat":[6],"class_list":["post-62847","event","type-event","status-publish","has-post-thumbnail","hentry","event_cat-maison-mallet-et-fils-inc"],"_links":{"self":[{"href":"https:\/\/nouveau.maisonmallet.com\/back05_01\/index.php?rest_route=\/wp\/v2\/event\/62847","targetHints":{"allow":["GET"]}}],"collection":[{"href":"https:\/\/nouveau.maisonmallet.com\/back05_01\/index.php?rest_route=\/wp\/v2\/event"}],"about":[{"href":"https:\/\/nouveau.maisonmallet.com\/back05_01\/index.php?rest_route=\/wp\/v2\/types\/event"}],"wp:featuredmedia":[{"embeddable":true,"href":"https:\/\/nouveau.maisonmallet.com\/back05_01\/index.php?rest_route=\/wp\/v2\/media\/62850"}],"wp:attachment":[{"href":"https:\/\/nouveau.maisonmallet.com\/back05_01\/index.php?rest_route=%2Fwp%2Fv2%2Fmedia&parent=62847"}],"wp:term":[{"taxonomy":"event_cat","embeddable":true,"href":"https:\/\/nouveau.maisonmallet.com\/back05_01\/index.php?rest_route=%2Fwp%2Fv2%2Fevent_cat&post=62847"}],"curies":[{"name":"wp","href":"https:\/\/api.w.org\/{rel}","templated":true}]}}

<p>Le Complexe Thanatologique Mallet &amp; fils a le regret de vous annoncer le décès de</p>
<p>Harold Cormier</p>
<p>1951 – 2025</p>
<p>&nbsp;</p>
<p>À Terrebonne, le 24 mars 2025, est décédé à l’âge de 74 ans, monsieur Harold Cormier fils de feu Roger Cormier et de feu Léona Gallant domicilié à Longueuil.</p>
<p>Selon ses volontés, il a été confié au crématorium de la Maison Mallet &amp; fils pour crémation.</p>
<p>La famille reçoit parents et amis le lundi 19 mai 2025 de 10 h 30 à 15 h au Complexe Thanatologique Mallet &amp; fils du 585 boul. Laure à Sept-Îles et de là au cimetière de l’endroit.</p>
<p>Il laisse dans le deuil ses enfants : Monika (Denis Bellefeuille), Lisa (Réal Masson), Olivier Harvie (Lucie Houareau) et Lyse Coulombe, ses petits-enfants : Mike Cormier-Ward, Shanon Beaudin et Fidji Harvie, sa sœur Brigitte (Nicolas Perez Montero), sa nièce Véronique Lanoue ainsi que les mères de ses enfants : Réjeanne Gaudet et Marie-Anna Harvie, ses oncles, ses tantes, ses cousins, ses cousines et de nombreux ami(e)s.</p>
<p>La famille a confié les arrangements aux services professionnels de la Maison Mallet &amp; fils du 585 Boul. Laure à Sept-Îles, maintenant reconnue Distinction et membre de la Corporation des Thanatologues du Québec.</p>
<p>Vous pouvez consulter cet avis de décès sur le : <a href="https://nouveau.maisonmallet.com">www.maisonmallet.com</a></p>
<p>Ceux et celles qui le désirent, peuvent y envoyer des messages de sympathie.</p>
<p>&nbsp;</p>
<hr />
<p>Envoyer vos condoléances</p>
<p>[contact-form to= »monikacormier1@gmail.com » subject= »Condoléances Harold Cormier »][contact-field label= »Votre nom » type= »name » required= »1&Prime;][contact-field label= »Votre courriel » type= »email » required= »1&Prime;][contact-field label= »Condoléances » type= »textarea »][/contact-form]</p>
