{"id":62916,"date":"2025-04-19T07:33:08","date_gmt":"2025-04-19T11:33:08","guid":{"rendered":"https:\/\/nouveau.maisonmallet.com\/?post_type=event&#038;p=62916"},"modified":"2025-07-05T10:36:58","modified_gmt":"2025-07-05T14:36:58","slug":"landry-marie-therese","status":"publish","type":"event","link":"https:\/\/nouveau.maisonmallet.com\/back05_01\/?event=landry-marie-therese","title":{"rendered":"LANDRY, Marie-Th\u00e9r\u00e8se"},"content":{"rendered":"<p>La Maison L.J.G. Mallet a le regret de vous annoncer le d\u00e9c\u00e8s de <\/p>\n<p>Marie-Th\u00e9r\u00e8se Landry<br \/>\n1951 \u2013 2025<\/p>\n<p>\u00c0 Havre Saint-Pierre, le 19 avril 2025, est d\u00e9c\u00e9d\u00e9e \u00e0 l\u2019\u00e2ge de 74 ans, madame Marie-Th\u00e9r\u00e8se Landry \u00e9pouse de feu L\u00e9opold Blaney et domicili\u00e9e \u00e0 Havre Saint-Pierre.<\/p>\n<p>Les fun\u00e9railles de madame Marie-Th\u00e9r\u00e8se Landry auront lieu le samedi 26 avril 2025 \u00e0 11 h en l\u2019\u00e9glise Saint-Pierre de Havre Saint-Pierre.<\/p>\n<p>Selon ses volont\u00e9s elle a \u00e9t\u00e9 confi\u00e9e au cr\u00e9matorium de la Maison L.J.G. Mallet pour cr\u00e9mation. <\/p>\n<p>La famille re\u00e7oit parents et amis le vendredi 25 avril 2025 de 19 h \u00e0 22 h au salon de la Maison L.J.G. Mallet situ\u00e9 au 1429, rue du Canot \u00e0 Havre Saint-Pierre. <\/p>\n<p>Elle laisse dans le deuil ses filles : Jos\u00e9e (Bobby Anderson), Sindy, Val\u00e9rie et Mira (Marc-Andr\u00e9 Cyr), ses petits-fils : David (Anna-Belle Denis) et Samuel (M\u00e9gane No\u00ebl), ses petites-filles : Mah\u00e9-Lee et Marianne ainsi que ses s\u0153urs : Yvonette, Dolor\u00e8s (Gilles Huard), Simone et Lyne (Eddy Prince), ses beaux-fr\u00e8res, ses belles-s\u0153urs, ses neveux, ses ni\u00e8ces, ses cousins, ses cousines et de nombreux ami(e)s.<\/p>\n<p>La famille a confi\u00e9 la direction des fun\u00e9railles aux services professionnels de la Maison L.J.G. Mallet du 1429, rue du Canot \u00e0 Havre Saint-Pierre, maintenant reconnue Distinction et membre de la Corporation des Thanatologues du Qu\u00e9bec.<\/p>\n<p>Vous pouvez consulter cet avis de d\u00e9c\u00e8s, sur le site web \u00e0 l\u2019adresse  www.maisonmallet.com  <\/p>\n<p>Ceux et celles qui le d\u00e9sirent, peuvent y envoyer des messages de sympathie.<\/p>\n<p>[contact-form to=\u00a0\u00bbmira.blaney@hotmail.com\u00a0\u00bb subject=\u00a0\u00bbCondol\u00e9ances Marie-Th\u00e9r\u00e8se Landry\u00a0\u00bb][contact-field label=\u00a0\u00bbVotre nom\u00a0\u00bb type=\u00a0\u00bbname\u00a0\u00bb required=\u00a0\u00bb1&Prime;][contact-field label=\u00a0\u00bbVotre courriel\u00a0\u00bb type=\u00a0\u00bbemail\u00a0\u00bb required=\u00a0\u00bb1&Prime;][contact-field label=\u00a0\u00bbCondol\u00e9ances\u00a0\u00bb type=\u00a0\u00bbtextarea\u00a0\u00bb][\/contact-form]<\/p>\n","protected":false},"featured_media":62924,"template":"","event_cat":[7],"class_list":["post-62916","event","type-event","status-publish","has-post-thumbnail","hentry","event_cat-maison-l-j-g-mallet-inc"],"_links":{"self":[{"href":"https:\/\/nouveau.maisonmallet.com\/back05_01\/index.php?rest_route=\/wp\/v2\/event\/62916","targetHints":{"allow":["GET"]}}],"collection":[{"href":"https:\/\/nouveau.maisonmallet.com\/back05_01\/index.php?rest_route=\/wp\/v2\/event"}],"about":[{"href":"https:\/\/nouveau.maisonmallet.com\/back05_01\/index.php?rest_route=\/wp\/v2\/types\/event"}],"wp:featuredmedia":[{"embeddable":true,"href":"https:\/\/nouveau.maisonmallet.com\/back05_01\/index.php?rest_route=\/wp\/v2\/media\/62924"}],"wp:attachment":[{"href":"https:\/\/nouveau.maisonmallet.com\/back05_01\/index.php?rest_route=%2Fwp%2Fv2%2Fmedia&parent=62916"}],"wp:term":[{"taxonomy":"event_cat","embeddable":true,"href":"https:\/\/nouveau.maisonmallet.com\/back05_01\/index.php?rest_route=%2Fwp%2Fv2%2Fevent_cat&post=62916"}],"curies":[{"name":"wp","href":"https:\/\/api.w.org\/{rel}","templated":true}]}}

LANDRY, Marie-Thérèse

<p>La Maison L.J.G. Mallet a le regret de vous annoncer le décès de </p>
<p>Marie-Thérèse Landry<br />
1951 – 2025</p>
<p>À Havre Saint-Pierre, le 19 avril 2025, est décédée à l’âge de 74 ans, madame Marie-Thérèse Landry épouse de feu Léopold Blaney et domiciliée à Havre Saint-Pierre.</p>
<p>Les funérailles de madame Marie-Thérèse Landry auront lieu le samedi 26 avril 2025 à 11 h en l’église Saint-Pierre de Havre Saint-Pierre.</p>
<p>Selon ses volontés elle a été confiée au crématorium de la Maison L.J.G. Mallet pour crémation. </p>
<p>La famille reçoit parents et amis le vendredi 25 avril 2025 de 19 h à 22 h au salon de la Maison L.J.G. Mallet situé au 1429, rue du Canot à Havre Saint-Pierre. </p>
<p>Elle laisse dans le deuil ses filles : Josée (Bobby Anderson), Sindy, Valérie et Mira (Marc-André Cyr), ses petits-fils : David (Anna-Belle Denis) et Samuel (Mégane Noël), ses petites-filles : Mahé-Lee et Marianne ainsi que ses sœurs : Yvonette, Dolorès (Gilles Huard), Simone et Lyne (Eddy Prince), ses beaux-frères, ses belles-sœurs, ses neveux, ses nièces, ses cousins, ses cousines et de nombreux ami(e)s.</p>
<p>La famille a confié la direction des funérailles aux services professionnels de la Maison L.J.G. Mallet du 1429, rue du Canot à Havre Saint-Pierre, maintenant reconnue Distinction et membre de la Corporation des Thanatologues du Québec.</p>
<p>Vous pouvez consulter cet avis de décès, sur le site web à l’adresse  www.maisonmallet.com  </p>
<p>Ceux et celles qui le désirent, peuvent y envoyer des messages de sympathie.</p>
<p>[contact-form to= »mira.blaney@hotmail.com » subject= »Condoléances Marie-Thérèse Landry »][contact-field label= »Votre nom » type= »name » required= »1&Prime;][contact-field label= »Votre courriel » type= »email » required= »1&Prime;][contact-field label= »Condoléances » type= »textarea »][/contact-form]</p>
