{"id":62922,"date":"2025-04-23T08:54:11","date_gmt":"2025-04-23T12:54:11","guid":{"rendered":"https:\/\/nouveau.maisonmallet.com\/?post_type=event&#038;p=62922"},"modified":"2025-07-05T10:36:02","modified_gmt":"2025-07-05T14:36:02","slug":"mestenapeo-tano-vincent","status":"publish","type":"event","link":"https:\/\/nouveau.maisonmallet.com\/back05_01\/?event=mestenapeo-tano-vincent","title":{"rendered":"MESTENAPEO, Tano Vincent"},"content":{"rendered":"<p>La Maison L.J.G. Mallet a le regret de vous annoncer le d\u00e9c\u00e8s de<\/p>\n<p>Tano Vincent Mestenapeo<br \/>\n1967 \u2013 2025<\/p>\n<p>\u00c0 Nutashkuan, le 23 avril 2025, est d\u00e9c\u00e9d\u00e9 \u00e0 l\u2019\u00e2ge de 58 ans, monsieur Tano Vincent Mestenapeo fils de feu Abraham Malec et de feu Elisabeth Menicapo domicili\u00e9 \u00e0 Nutashkuan.<\/p>\n<p>Les fun\u00e9railles de monsieur Vincent Mestenapeo auront lieu le mardi 29 avril 2025 \u00e0 10 h en l\u2019\u00e9glise Notre-Dame-des-Indiens de Nutashkuan et de l\u00e0 au cimeti\u00e8re de l\u2019endroit.<\/p>\n<p>La famille re\u00e7oit parents et amis le dimanche 27 avril 2025 \u00e0 compter de 17 h au 80, rue Mashkush \u00e0 Nutashkuan.<\/p>\n<p>Il laisse dans le deuil ses enfants : Noah Wapistan et Manion Ishpatao, son petit-fils Tsheuen ainsi que son fr\u00e8re Francis Malec (Alice Kaltush), ses s\u0153urs : feu Anna Malec (feu Antoine Ishpatao), Marie-Berthe Malec (feu Jerry B\u00e9langer), Marie-Louise Malec (Jules Wapistan), Sylvie Malec (Georges Mestokosho) et Evelyne Malec (Richard Boies), sa m\u00e8re biologique madame Marie-Ange Malec, ses filleuls (es), ses neveux, ses ni\u00e8ces, son oncle Gabriel Menicapo, sa tante Marie Menicapo, ses cousins, ses cousines, sa famille \u00e9largie et ses nombreux ami (es).<\/p>\n<p>La famille a confi\u00e9 la direction des fun\u00e9railles aux services professionnels de la Maison L.J.G. Mallet du 1429, rue du Canot \u00e0 Havre Saint-Pierre, maintenant reconnue Distinction et membre de la Corporation des Thanatologues du Qu\u00e9bec.<\/p>\n<p>Vous pouvez consulter cet avis de d\u00e9c\u00e8s sur le www.maisonmallet.com<\/p>\n<p>Ceux et celles qui le d\u00e9sirent, peuvent y envoyer des messages de sympathie.<\/p>\n<p>[contact-form to=\u00a0\u00bbipenin68@hotmail.com\u00a0\u00bb subject=\u00a0\u00bbCondol\u00e9ancesTano Vincent Mestenapeo\u00a0\u00bb][contact-field label=\u00a0\u00bbVotre nom\u00a0\u00bb type=\u00a0\u00bbname\u00a0\u00bb required=\u00a0\u00bb1&Prime;][contact-field label=\u00a0\u00bbVotre courriel\u00a0\u00bb type=\u00a0\u00bbemail\u00a0\u00bb required=\u00a0\u00bb1&Prime;][contact-field label=\u00a0\u00bbCondol\u00e9ances\u00a0\u00bb type=\u00a0\u00bbtextarea\u00a0\u00bb][\/contact-form]<\/p>\n","protected":false},"featured_media":62968,"template":"","event_cat":[7],"class_list":["post-62922","event","type-event","status-publish","has-post-thumbnail","hentry","event_cat-maison-l-j-g-mallet-inc"],"_links":{"self":[{"href":"https:\/\/nouveau.maisonmallet.com\/back05_01\/index.php?rest_route=\/wp\/v2\/event\/62922","targetHints":{"allow":["GET"]}}],"collection":[{"href":"https:\/\/nouveau.maisonmallet.com\/back05_01\/index.php?rest_route=\/wp\/v2\/event"}],"about":[{"href":"https:\/\/nouveau.maisonmallet.com\/back05_01\/index.php?rest_route=\/wp\/v2\/types\/event"}],"wp:featuredmedia":[{"embeddable":true,"href":"https:\/\/nouveau.maisonmallet.com\/back05_01\/index.php?rest_route=\/wp\/v2\/media\/62968"}],"wp:attachment":[{"href":"https:\/\/nouveau.maisonmallet.com\/back05_01\/index.php?rest_route=%2Fwp%2Fv2%2Fmedia&parent=62922"}],"wp:term":[{"taxonomy":"event_cat","embeddable":true,"href":"https:\/\/nouveau.maisonmallet.com\/back05_01\/index.php?rest_route=%2Fwp%2Fv2%2Fevent_cat&post=62922"}],"curies":[{"name":"wp","href":"https:\/\/api.w.org\/{rel}","templated":true}]}}

<p>La Maison L.J.G. Mallet a le regret de vous annoncer le décès de</p>
<p>Tano Vincent Mestenapeo<br />
1967 – 2025</p>
<p>À Nutashkuan, le 23 avril 2025, est décédé à l’âge de 58 ans, monsieur Tano Vincent Mestenapeo fils de feu Abraham Malec et de feu Elisabeth Menicapo domicilié à Nutashkuan.</p>
<p>Les funérailles de monsieur Vincent Mestenapeo auront lieu le mardi 29 avril 2025 à 10 h en l’église Notre-Dame-des-Indiens de Nutashkuan et de là au cimetière de l’endroit.</p>
<p>La famille reçoit parents et amis le dimanche 27 avril 2025 à compter de 17 h au 80, rue Mashkush à Nutashkuan.</p>
<p>Il laisse dans le deuil ses enfants : Noah Wapistan et Manion Ishpatao, son petit-fils Tsheuen ainsi que son frère Francis Malec (Alice Kaltush), ses sœurs : feu Anna Malec (feu Antoine Ishpatao), Marie-Berthe Malec (feu Jerry Bélanger), Marie-Louise Malec (Jules Wapistan), Sylvie Malec (Georges Mestokosho) et Evelyne Malec (Richard Boies), sa mère biologique madame Marie-Ange Malec, ses filleuls (es), ses neveux, ses nièces, son oncle Gabriel Menicapo, sa tante Marie Menicapo, ses cousins, ses cousines, sa famille élargie et ses nombreux ami (es).</p>
<p>La famille a confié la direction des funérailles aux services professionnels de la Maison L.J.G. Mallet du 1429, rue du Canot à Havre Saint-Pierre, maintenant reconnue Distinction et membre de la Corporation des Thanatologues du Québec.</p>
<p>Vous pouvez consulter cet avis de décès sur le www.maisonmallet.com</p>
<p>Ceux et celles qui le désirent, peuvent y envoyer des messages de sympathie.</p>
<p>[contact-form to= »ipenin68@hotmail.com » subject= »CondoléancesTano Vincent Mestenapeo »][contact-field label= »Votre nom » type= »name » required= »1&Prime;][contact-field label= »Votre courriel » type= »email » required= »1&Prime;][contact-field label= »Condoléances » type= »textarea »][/contact-form]</p>
