{"id":62976,"date":"2025-04-22T17:18:07","date_gmt":"2025-04-22T21:18:07","guid":{"rendered":"https:\/\/nouveau.maisonmallet.com\/?post_type=event&#038;p=62976"},"modified":"2025-07-05T10:34:57","modified_gmt":"2025-07-05T14:34:57","slug":"leclerc-marie-josee","status":"publish","type":"event","link":"https:\/\/nouveau.maisonmallet.com\/back05_01\/?event=leclerc-marie-josee","title":{"rendered":"LECLERC, Marie-Jos\u00e9e"},"content":{"rendered":"<p>Le Complexe Thanatologique Mallet &amp; fils a le regret de vous annoncer le d\u00e9c\u00e8s de<\/p>\n<p>Marie-Jos\u00e9e Leclerc<br \/>\n1968 \u2013 2025<\/p>\n<p>\u00c0 Sept-\u00celes (r\u00e9sidence Urgel Pelletier), le 22 avril 2025, est d\u00e9c\u00e9d\u00e9e \u00e0 l\u2019\u00e2ge de 56 ans, madame Marie-Jos\u00e9e Leclerc fille de monsieur Jean Leclerc et de madame Muriel Turcotte domicili\u00e9e \u00e0 Sept-\u00celes.<\/p>\n<p>Les fun\u00e9railles de madame Marie-Jos\u00e9e Leclerc auront lieu, le vendredi 2 mai 2025 \u00e0 10 h en l\u2019\u00e9glise Marie-Immacul\u00e9e situ\u00e9e au 180, rue Papineau \u00e0 Sept-\u00celes et de l\u00e0 au columbarium du cimeti\u00e8re Catholique de Sept-\u00celes.<\/p>\n<p>Selon ses volont\u00e9s, elle a \u00e9t\u00e9 confi\u00e9e au cr\u00e9matorium de la Maison Mallet &amp; fils pour cr\u00e9mation.<\/p>\n<p>Elle laisse dans le deuil son p\u00e8re monsieur Jean Leclerc, sa m\u00e8re madame Muriel Leclerc Turcotte, son fr\u00e8re Danny (Line Dionne), son neveu Jordan (Joanie Thibault), sa ni\u00e8ce Pascale (Nicolas Raymond), son parrain Charles Dechamplain, sa marraine Solange Turcotte ainsi que son oncle Jacques Turcotte (Pauline Dumais), ses tantes : Lise Leclerc (Percy Tugwood), Jacqueline Leclerc et Fran\u00e7oise Therrien , ses cousins, ses cousines et de nombreux ami(e)s.<\/p>\n<p>Vos marques de sympathie peuvent se traduire par un don \u00e0 l\u2019\u00c9lyme des sables www.elymedessables.com<\/p>\n<p>La famille a confi\u00e9 la direction des fun\u00e9railles aux services professionnels de la Maison Mallet &amp; fils du 585, boul. Laure \u00e0 Sept-\u00celes, maintenant reconnue Distinction et membre de la Corporation des Thanatologues du Qu\u00e9bec.<\/p>\n<p>Vous pouvez consulter cet avis de d\u00e9c\u00e8s sur le www.maisonmallet.com<\/p>\n<p>Ceux et celles qui le d\u00e9sirent, peuvent y envoyer des messages de sympathies.<\/p>\n<p>[contact-form to=\u00a0\u00bbmurieltleclerc@gmail.com\u00a0\u00bb subject=\u00a0\u00bbCondol\u00e9ances Marie-Jos\u00e9e Leclerc\u00a0\u00bb][contact-field label=\u00a0\u00bbVotre nom\u00a0\u00bb type=\u00a0\u00bbname\u00a0\u00bb required=\u00a0\u00bb1&Prime;][contact-field label=\u00a0\u00bbVotre courriel\u00a0\u00bb type=\u00a0\u00bbemail\u00a0\u00bb required=\u00a0\u00bb1&Prime;][contact-field label=\u00a0\u00bbCondol\u00e9ances\u00a0\u00bb type=\u00a0\u00bbtextarea\u00a0\u00bb][\/contact-form]<\/p>\n","protected":false},"featured_media":62981,"template":"","event_cat":[6],"class_list":["post-62976","event","type-event","status-publish","has-post-thumbnail","hentry","event_cat-maison-mallet-et-fils-inc"],"_links":{"self":[{"href":"https:\/\/nouveau.maisonmallet.com\/back05_01\/index.php?rest_route=\/wp\/v2\/event\/62976","targetHints":{"allow":["GET"]}}],"collection":[{"href":"https:\/\/nouveau.maisonmallet.com\/back05_01\/index.php?rest_route=\/wp\/v2\/event"}],"about":[{"href":"https:\/\/nouveau.maisonmallet.com\/back05_01\/index.php?rest_route=\/wp\/v2\/types\/event"}],"wp:featuredmedia":[{"embeddable":true,"href":"https:\/\/nouveau.maisonmallet.com\/back05_01\/index.php?rest_route=\/wp\/v2\/media\/62981"}],"wp:attachment":[{"href":"https:\/\/nouveau.maisonmallet.com\/back05_01\/index.php?rest_route=%2Fwp%2Fv2%2Fmedia&parent=62976"}],"wp:term":[{"taxonomy":"event_cat","embeddable":true,"href":"https:\/\/nouveau.maisonmallet.com\/back05_01\/index.php?rest_route=%2Fwp%2Fv2%2Fevent_cat&post=62976"}],"curies":[{"name":"wp","href":"https:\/\/api.w.org\/{rel}","templated":true}]}}

LECLERC, Marie-Josée

<p>Le Complexe Thanatologique Mallet &amp; fils a le regret de vous annoncer le décès de</p>
<p>Marie-Josée Leclerc<br />
1968 – 2025</p>
<p>À Sept-Îles (résidence Urgel Pelletier), le 22 avril 2025, est décédée à l’âge de 56 ans, madame Marie-Josée Leclerc fille de monsieur Jean Leclerc et de madame Muriel Turcotte domiciliée à Sept-Îles.</p>
<p>Les funérailles de madame Marie-Josée Leclerc auront lieu, le vendredi 2 mai 2025 à 10 h en l’église Marie-Immaculée située au 180, rue Papineau à Sept-Îles et de là au columbarium du cimetière Catholique de Sept-Îles.</p>
<p>Selon ses volontés, elle a été confiée au crématorium de la Maison Mallet &amp; fils pour crémation.</p>
<p>Elle laisse dans le deuil son père monsieur Jean Leclerc, sa mère madame Muriel Leclerc Turcotte, son frère Danny (Line Dionne), son neveu Jordan (Joanie Thibault), sa nièce Pascale (Nicolas Raymond), son parrain Charles Dechamplain, sa marraine Solange Turcotte ainsi que son oncle Jacques Turcotte (Pauline Dumais), ses tantes : Lise Leclerc (Percy Tugwood), Jacqueline Leclerc et Françoise Therrien , ses cousins, ses cousines et de nombreux ami(e)s.</p>
<p>Vos marques de sympathie peuvent se traduire par un don à l’Élyme des sables www.elymedessables.com</p>
<p>La famille a confié la direction des funérailles aux services professionnels de la Maison Mallet &amp; fils du 585, boul. Laure à Sept-Îles, maintenant reconnue Distinction et membre de la Corporation des Thanatologues du Québec.</p>
<p>Vous pouvez consulter cet avis de décès sur le www.maisonmallet.com</p>
<p>Ceux et celles qui le désirent, peuvent y envoyer des messages de sympathies.</p>
<p>[contact-form to= »murieltleclerc@gmail.com » subject= »Condoléances Marie-Josée Leclerc »][contact-field label= »Votre nom » type= »name » required= »1&Prime;][contact-field label= »Votre courriel » type= »email » required= »1&Prime;][contact-field label= »Condoléances » type= »textarea »][/contact-form]</p>
