{"id":62979,"date":"2025-04-13T10:37:22","date_gmt":"2025-04-13T14:37:22","guid":{"rendered":"https:\/\/nouveau.maisonmallet.com\/?post_type=event&#038;p=62979"},"modified":"2025-07-05T10:34:32","modified_gmt":"2025-07-05T14:34:32","slug":"masse-micheline","status":"publish","type":"event","link":"https:\/\/nouveau.maisonmallet.com\/back05_01\/?event=masse-micheline","title":{"rendered":"MASS\u00c9, Micheline"},"content":{"rendered":"<p>La Maison L.J.G. Mallet a le regret de vous annoncer le d\u00e9c\u00e8s de<\/p>\n<p>Micheline Mass\u00e9<\/p>\n<p>1946 \u2013 2025<\/p>\n<p>&nbsp;<\/p>\n<p>\u00c0 Sept-\u00celes (maison \u00c9lyme des sables), le 13 avril 2025, est d\u00e9c\u00e9d\u00e9e, \u00e0 l\u2019\u00e2ge de 79 ans, madame Micheline Mass\u00e9 \u00e9pouse de feu Maurice Theriault et domicili\u00e9e \u00e0 Sept-\u00celes.<\/p>\n<p>Les fun\u00e9railles de madame Micheline Mass\u00e9 auront lieu le samedi 7 juin 2025 \u00e0 10 h 30 en l\u2019\u00e9glise Saint-Pierre de Havre Saint-Pierre.<\/p>\n<p>Selon ses volont\u00e9s, elle a \u00e9t\u00e9 confi\u00e9e au cr\u00e9matorium de la Maison L.J.G. Mallet pour cr\u00e9mation.<\/p>\n<p>La famille re\u00e7oit parents et amis le vendredi 6 juin 2025 de 19 h \u00e0 22 h. Le samedi 7 juin 2025, jour des fun\u00e9railles \u00e0 compter de 9 h 30 au salon de la Maison L.J.G. Mallet du 1429, rue du Canot \u00e0 Havre Saint-Pierre.<\/p>\n<p>Elle laisse dans le deuil outre son conjoint monsieur Marcel Normand, ses enfants\u00a0: Jacquelin (Nicole Martin), Dan (Roseline Labrie) et Louise (Fabien Boudreau), ses petits-enfants\u00a0: Maxime, Alexe, Patrick, Marilou, Evelyne, Maude, Fr\u00e9d\u00e9rique, F\u00e9lix, Francis, Tristan et William, ses arri\u00e8re-petits-enfants\u00a0: Alicia, Henri, Naomie, Oph\u00e9lia et Livia ainsi que ses fr\u00e8res, ses s\u0153urs, ses beaux-fr\u00e8res, ses belles-s\u0153urs, ses neveux, ses ni\u00e8ces, ses cousins, ses cousines et de nombreux ami(e)s.<\/p>\n<p>Vos marques de sympathie peuvent se traduire par un don \u00e0 l\u2019\u00c9lyme des sables <a href=\"http:\/\/www.elymedessables.com\">www.elymedessables.com<\/a><\/p>\n<p>La famille a confi\u00e9 la direction des fun\u00e9railles aux services professionnels de la Maison L.J.G. Mallet du 1429, rue du Canot \u00e0 Havre Saint-Pierre, maintenant reconnue Distinction et membre de la Corporation des Thanatologues du Qu\u00e9bec.<\/p>\n<p>Vous pouvez consulter cet avis de d\u00e9c\u00e8s, sur le\u00a0<a href=\"https:\/\/nouveau.maisonmallet.com\">www.maisonmallet.com<\/a><\/p>\n<p>Ceux et celles qui le d\u00e9sirent, peuvent y envoyer des messages de sympathie.<\/p>\n<p>&nbsp;<\/p>\n<hr \/>\n<p>Envoyer vos condol\u00e9ances<\/p>\n<p>[contact-form to=\u00a0\u00bbtheriault_lou-lou@hotmail.com\u00a0\u00bb subject=\u00a0\u00bbCondol\u00e9ances Micheline Mass\u00e9\u00a0\u00bb][contact-field label=\u00a0\u00bbVotre nom\u00a0\u00bb type=\u00a0\u00bbname\u00a0\u00bb required=\u00a0\u00bb1&Prime;][contact-field label=\u00a0\u00bbVotre courriel\u00a0\u00bb type=\u00a0\u00bbemail\u00a0\u00bb required=\u00a0\u00bb1&Prime;][contact-field label=\u00a0\u00bbCondol\u00e9ances\u00a0\u00bb type=\u00a0\u00bbtextarea\u00a0\u00bb][\/contact-form]<\/p>\n","protected":false},"featured_media":63018,"template":"","event_cat":[7],"class_list":["post-62979","event","type-event","status-publish","has-post-thumbnail","hentry","event_cat-maison-l-j-g-mallet-inc"],"_links":{"self":[{"href":"https:\/\/nouveau.maisonmallet.com\/back05_01\/index.php?rest_route=\/wp\/v2\/event\/62979","targetHints":{"allow":["GET"]}}],"collection":[{"href":"https:\/\/nouveau.maisonmallet.com\/back05_01\/index.php?rest_route=\/wp\/v2\/event"}],"about":[{"href":"https:\/\/nouveau.maisonmallet.com\/back05_01\/index.php?rest_route=\/wp\/v2\/types\/event"}],"wp:featuredmedia":[{"embeddable":true,"href":"https:\/\/nouveau.maisonmallet.com\/back05_01\/index.php?rest_route=\/wp\/v2\/media\/63018"}],"wp:attachment":[{"href":"https:\/\/nouveau.maisonmallet.com\/back05_01\/index.php?rest_route=%2Fwp%2Fv2%2Fmedia&parent=62979"}],"wp:term":[{"taxonomy":"event_cat","embeddable":true,"href":"https:\/\/nouveau.maisonmallet.com\/back05_01\/index.php?rest_route=%2Fwp%2Fv2%2Fevent_cat&post=62979"}],"curies":[{"name":"wp","href":"https:\/\/api.w.org\/{rel}","templated":true}]}}

MASSÉ, Micheline

<p>La Maison L.J.G. Mallet a le regret de vous annoncer le décès de</p>
<p>Micheline Massé</p>
<p>1946 – 2025</p>
<p>&nbsp;</p>
<p>À Sept-Îles (maison Élyme des sables), le 13 avril 2025, est décédée, à l’âge de 79 ans, madame Micheline Massé épouse de feu Maurice Theriault et domiciliée à Sept-Îles.</p>
<p>Les funérailles de madame Micheline Massé auront lieu le samedi 7 juin 2025 à 10 h 30 en l’église Saint-Pierre de Havre Saint-Pierre.</p>
<p>Selon ses volontés, elle a été confiée au crématorium de la Maison L.J.G. Mallet pour crémation.</p>
<p>La famille reçoit parents et amis le vendredi 6 juin 2025 de 19 h à 22 h. Le samedi 7 juin 2025, jour des funérailles à compter de 9 h 30 au salon de la Maison L.J.G. Mallet du 1429, rue du Canot à Havre Saint-Pierre.</p>
<p>Elle laisse dans le deuil outre son conjoint monsieur Marcel Normand, ses enfants : Jacquelin (Nicole Martin), Dan (Roseline Labrie) et Louise (Fabien Boudreau), ses petits-enfants : Maxime, Alexe, Patrick, Marilou, Evelyne, Maude, Frédérique, Félix, Francis, Tristan et William, ses arrière-petits-enfants : Alicia, Henri, Naomie, Ophélia et Livia ainsi que ses frères, ses sœurs, ses beaux-frères, ses belles-sœurs, ses neveux, ses nièces, ses cousins, ses cousines et de nombreux ami(e)s.</p>
<p>Vos marques de sympathie peuvent se traduire par un don à l’Élyme des sables <a href="http://www.elymedessables.com">www.elymedessables.com</a></p>
<p>La famille a confié la direction des funérailles aux services professionnels de la Maison L.J.G. Mallet du 1429, rue du Canot à Havre Saint-Pierre, maintenant reconnue Distinction et membre de la Corporation des Thanatologues du Québec.</p>
<p>Vous pouvez consulter cet avis de décès, sur le <a href="https://nouveau.maisonmallet.com">www.maisonmallet.com</a></p>
<p>Ceux et celles qui le désirent, peuvent y envoyer des messages de sympathie.</p>
<p>&nbsp;</p>
<hr />
<p>Envoyer vos condoléances</p>
<p>[contact-form to= »theriault_lou-lou@hotmail.com » subject= »Condoléances Micheline Massé »][contact-field label= »Votre nom » type= »name » required= »1&Prime;][contact-field label= »Votre courriel » type= »email » required= »1&Prime;][contact-field label= »Condoléances » type= »textarea »][/contact-form]</p>
