{"id":63028,"date":"2025-04-22T17:24:12","date_gmt":"2025-04-22T21:24:12","guid":{"rendered":"https:\/\/nouveau.maisonmallet.com\/?post_type=event&#038;p=63028"},"modified":"2025-07-05T10:33:08","modified_gmt":"2025-07-05T14:33:08","slug":"arseneau-roger","status":"publish","type":"event","link":"https:\/\/nouveau.maisonmallet.com\/back05_01\/?event=arseneau-roger","title":{"rendered":"ARSENEAU, Roger"},"content":{"rendered":"<p>Le Complexe Thanatologique Mallet &amp; fils a le regret de vous annoncer le d\u00e9c\u00e8s de<\/p>\n<p>Roger Arseneau<\/p>\n<p>1949 &#8211; 2025<\/p>\n<p>&nbsp;<\/p>\n<p>\u00c0 Sept-\u00celes, le 22 avril 2025, est d\u00e9c\u00e9d\u00e9 \u00e0 l\u2019\u00e2ge de 76 ans, monsieur Roger Arseneau conjoint de madame Louise Perreault et domicili\u00e9 \u00e0 Sept-\u00celes.<\/p>\n<p>Les fun\u00e9railles de monsieur Roger Arseneau auront lieu le vendredi 25 juillet 2025 en l\u2019\u00e9glise de St-Isidore au Nouveau-Brunswick.<\/p>\n<p>Selon ses volont\u00e9s, il a \u00e9t\u00e9 confi\u00e9 au cr\u00e9matorium de la Maison Mallet &amp; fils pour cr\u00e9mation.<\/p>\n<p>Il laisse dans le deuil outre sa conjointe madame Louise Perreault, ses filles\u00a0: Nathalie (Gaston Roy) et Sylvie (Simon-Luc St-Laurent), ses petits-enfants\u00a0: Marie-Christine (Steven Brochu), Alexandre, Stella et Maella, son arri\u00e8re-petit-fils Maverick, ses fr\u00e8res et ses s\u0153urs\u00a0: Marielle (Maurice Lavoie), R\u00e9jeanne (feu L\u00e9o-Paul Losier Alphonse Gosselin), Yvon (Edith McGraw), Paulette (Jean-Claude No\u00ebl), Guy (Mariette Duguay), Rolande, Ir\u00e8ne, Ginette (Victor Mazerolle) et Monette ainsi que ses beaux-fr\u00e8res, ses belles-s\u0153urs, ses neveux, ses ni\u00e8ces, ses cousins, ses cousines et de nombreux ami(e)s.<\/p>\n<p>Il \u00e9tait le fils de feu Martin Arseneau et de feu Yvonne Losier de St-Isidore N-B ainsi que le fr\u00e8re de feu Laurent et feu Joanne Arseneau.<\/p>\n<p>La famille a confi\u00e9 les arrangements aux services professionnels de la Maison Mallet &amp; fils du 585 Boul. Laure \u00e0 Sept-\u00celes, maintenant reconnue Distinction et membre de la Corporation des Thanatologues du Qu\u00e9bec.<\/p>\n<p>Vous pouvez consulter cet avis de d\u00e9c\u00e8s sur le <a href=\"https:\/\/nouveau.maisonmallet.com\">www.maisonmallet.com<\/a><\/p>\n<p>Ceux et celles qui le d\u00e9sirent, peuvent y envoyer des messages de sympathies.<\/p>\n<p>&nbsp;<\/p>\n<hr \/>\n<p>Envoyer vos condol\u00e9ances<\/p>\n<p>[contact-form to=\u00a0\u00bblouiseper@hotmail.com\u00a0\u00bb subject=\u00a0\u00bbCondol\u00e9ances Roger Arseneau\u00a0\u00bb][contact-field label=\u00a0\u00bbVotre nom\u00a0\u00bb type=\u00a0\u00bbname\u00a0\u00bb required=\u00a0\u00bb1&Prime;][contact-field label=\u00a0\u00bbVotre courriel\u00a0\u00bb type=\u00a0\u00bbemail\u00a0\u00bb required=\u00a0\u00bb1&Prime;][contact-field label=\u00a0\u00bbCondol\u00e9ances\u00a0\u00bb type=\u00a0\u00bbtextarea\u00a0\u00bb][\/contact-form]<\/p>\n","protected":false},"featured_media":63149,"template":"","event_cat":[6],"class_list":["post-63028","event","type-event","status-publish","has-post-thumbnail","hentry","event_cat-maison-mallet-et-fils-inc"],"_links":{"self":[{"href":"https:\/\/nouveau.maisonmallet.com\/back05_01\/index.php?rest_route=\/wp\/v2\/event\/63028","targetHints":{"allow":["GET"]}}],"collection":[{"href":"https:\/\/nouveau.maisonmallet.com\/back05_01\/index.php?rest_route=\/wp\/v2\/event"}],"about":[{"href":"https:\/\/nouveau.maisonmallet.com\/back05_01\/index.php?rest_route=\/wp\/v2\/types\/event"}],"wp:featuredmedia":[{"embeddable":true,"href":"https:\/\/nouveau.maisonmallet.com\/back05_01\/index.php?rest_route=\/wp\/v2\/media\/63149"}],"wp:attachment":[{"href":"https:\/\/nouveau.maisonmallet.com\/back05_01\/index.php?rest_route=%2Fwp%2Fv2%2Fmedia&parent=63028"}],"wp:term":[{"taxonomy":"event_cat","embeddable":true,"href":"https:\/\/nouveau.maisonmallet.com\/back05_01\/index.php?rest_route=%2Fwp%2Fv2%2Fevent_cat&post=63028"}],"curies":[{"name":"wp","href":"https:\/\/api.w.org\/{rel}","templated":true}]}}

<p>Le Complexe Thanatologique Mallet &amp; fils a le regret de vous annoncer le décès de</p>
<p>Roger Arseneau</p>
<p>1949 &#8211; 2025</p>
<p>&nbsp;</p>
<p>À Sept-Îles, le 22 avril 2025, est décédé à l’âge de 76 ans, monsieur Roger Arseneau conjoint de madame Louise Perreault et domicilié à Sept-Îles.</p>
<p>Les funérailles de monsieur Roger Arseneau auront lieu le vendredi 25 juillet 2025 en l’église de St-Isidore au Nouveau-Brunswick.</p>
<p>Selon ses volontés, il a été confié au crématorium de la Maison Mallet &amp; fils pour crémation.</p>
<p>Il laisse dans le deuil outre sa conjointe madame Louise Perreault, ses filles : Nathalie (Gaston Roy) et Sylvie (Simon-Luc St-Laurent), ses petits-enfants : Marie-Christine (Steven Brochu), Alexandre, Stella et Maella, son arrière-petit-fils Maverick, ses frères et ses sœurs : Marielle (Maurice Lavoie), Réjeanne (feu Léo-Paul Losier Alphonse Gosselin), Yvon (Edith McGraw), Paulette (Jean-Claude Noël), Guy (Mariette Duguay), Rolande, Irène, Ginette (Victor Mazerolle) et Monette ainsi que ses beaux-frères, ses belles-sœurs, ses neveux, ses nièces, ses cousins, ses cousines et de nombreux ami(e)s.</p>
<p>Il était le fils de feu Martin Arseneau et de feu Yvonne Losier de St-Isidore N-B ainsi que le frère de feu Laurent et feu Joanne Arseneau.</p>
<p>La famille a confié les arrangements aux services professionnels de la Maison Mallet &amp; fils du 585 Boul. Laure à Sept-Îles, maintenant reconnue Distinction et membre de la Corporation des Thanatologues du Québec.</p>
<p>Vous pouvez consulter cet avis de décès sur le <a href="https://nouveau.maisonmallet.com">www.maisonmallet.com</a></p>
<p>Ceux et celles qui le désirent, peuvent y envoyer des messages de sympathies.</p>
<p>&nbsp;</p>
<hr />
<p>Envoyer vos condoléances</p>
<p>[contact-form to= »louiseper@hotmail.com » subject= »Condoléances Roger Arseneau »][contact-field label= »Votre nom » type= »name » required= »1&Prime;][contact-field label= »Votre courriel » type= »email » required= »1&Prime;][contact-field label= »Condoléances » type= »textarea »][/contact-form]</p>
