{"id":63150,"date":"2025-04-24T10:24:44","date_gmt":"2025-04-24T14:24:44","guid":{"rendered":"https:\/\/nouveau.maisonmallet.com\/?post_type=event&#038;p=63150"},"modified":"2025-07-05T10:32:12","modified_gmt":"2025-07-05T14:32:12","slug":"richard-denyse","status":"publish","type":"event","link":"https:\/\/nouveau.maisonmallet.com\/back05_01\/?event=richard-denyse","title":{"rendered":"RICHARD, Denyse"},"content":{"rendered":"<p>La Maison L.J.G. Mallet a le regret de vous annoncer le d\u00e9c\u00e8s de<\/p>\n<p>&nbsp;<\/p>\n<p>Denyse Richard<\/p>\n<p>1947-2025<\/p>\n<p>&nbsp;<\/p>\n<p>&nbsp;<\/p>\n<p>\u00c0 Sept-\u00celes, le 24 avril 2025, est d\u00e9c\u00e9d\u00e9e \u00e0 l\u2019\u00e2ge de 77 ans, madame Denyse Richard \u00e9pouse de feu L\u00e9opold Vigneault et domicili\u00e9e \u00e0 Sept-\u00celes.<\/p>\n<p>&nbsp;<\/p>\n<p>Les fun\u00e9railles de madame Denyse Richard auront lieu le lundi 23 juin 2025 \u00e0 14 h en l\u2019\u00e9glise St-Pierre de Havre-St-Pierre et de l\u00e0 au cimeti\u00e8re de l\u2019endroit.<\/p>\n<p>&nbsp;<\/p>\n<p>Selon ses volont\u00e9s, elle a \u00e9t\u00e9 confi\u00e9e au cr\u00e9matorium de la maison L.J.G. Mallet pour cr\u00e9mation.<\/p>\n<p>&nbsp;<\/p>\n<p>La famille re\u00e7oit parents et amis le lundi 23 juin 2025 jour des fun\u00e9railles \u00e0 compter de 13 h \u00e0 l\u2019\u00e9glise St-Pierre de Havre-Saint-Pierre.<\/p>\n<p>&nbsp;<\/p>\n<p>Elle laisse dans le deuil son fils Steeve (Marc Lebrun), sa fille Nancy, ses petits-enfants\u00a0: Jimmy et J\u00e9r\u00e9my, son arri\u00e8re-petite-fille ador\u00e9e Rosie, ses fr\u00e8res et ses s\u0153urs\u00a0: Gaby, Laurette (Raymond Blais), Maurice (Adrienne M\u00e9tivier), L\u00e9ger (Marie-Anne Leblanc), Pauline (Yvon Bernard), Andr\u00e9 (Julienne Cormier) et Lauraine (Claude Vigneault) ainsi que ses belles-s\u0153urs\u00a0: Anne-Marie Landry (feu Jean-Louis Vigneault) et Lady Michaud (feu Lorenzo Vigneault), ses neveux, ses ni\u00e8ces, ses cousins, ses cousines et de nombreux ami(e)s.<\/p>\n<p>&nbsp;<\/p>\n<p>La famille tient \u00e0 remercier sinc\u00e8rement le Dre. Aude Bellavance Laram\u00e9e ainsi que l&rsquo;\u00e9quipe des soins palliatifs du soutien \u00e0 domicile particuli\u00e8rement Camille Brunet et Miguel Jobin, pour leur accompagnement humain et leur grand d\u00e9vouement envers Denyse.<\/p>\n<p>&nbsp;<\/p>\n<p>Vos marques de sympathie peuvent se traduire par un don \u00e0 l\u2019\u00c9lyme des sables <a href=\"http:\/\/www.elymedessables.com\">www.elymedessables.com<\/a><\/p>\n<p>&nbsp;<\/p>\n<p>La famille a confi\u00e9 la direction des fun\u00e9railles aux services professionnels de la Maison L.J.G. Mallet du 1429, rue du Canot \u00e0 Havre-St-Pierre, membre de la Corporation des thanatologues du Qu\u00e9bec.<\/p>\n<p>&nbsp;<\/p>\n<p>Vous pouvez consulter cet avis de d\u00e9c\u00e8s, sur le <a href=\"https:\/\/nouveau.maisonmallet.com\">www.maisonmallet.com<\/a><\/p>\n<p>&nbsp;<\/p>\n<p>Ceux et celles qui le d\u00e9sirent, peuvent y envoyer des messages de sympathie.<\/p>\n<p>&nbsp;<\/p>\n<hr \/>\n<p>Envoyer vos condol\u00e9ances<\/p>\n<p>[contact-form to=\u00a0\u00bbsteeve59@hotmail.com\u00a0\u00bb subject=\u00a0\u00bbCondol\u00e9ances Denyse Richard\u00a0\u00bb][contact-field label=\u00a0\u00bbVotre nom\u00a0\u00bb type=\u00a0\u00bbname\u00a0\u00bb required=\u00a0\u00bb1&Prime;][contact-field label=\u00a0\u00bbVotre courriel\u00a0\u00bb type=\u00a0\u00bbemail\u00a0\u00bb required=\u00a0\u00bb1&Prime;][contact-field label=\u00a0\u00bbCondol\u00e9ances\u00a0\u00bb type=\u00a0\u00bbtextarea\u00a0\u00bb][\/contact-form]<\/p>\n","protected":false},"featured_media":63233,"template":"","event_cat":[7],"class_list":["post-63150","event","type-event","status-publish","has-post-thumbnail","hentry","event_cat-maison-l-j-g-mallet-inc"],"_links":{"self":[{"href":"https:\/\/nouveau.maisonmallet.com\/back05_01\/index.php?rest_route=\/wp\/v2\/event\/63150","targetHints":{"allow":["GET"]}}],"collection":[{"href":"https:\/\/nouveau.maisonmallet.com\/back05_01\/index.php?rest_route=\/wp\/v2\/event"}],"about":[{"href":"https:\/\/nouveau.maisonmallet.com\/back05_01\/index.php?rest_route=\/wp\/v2\/types\/event"}],"wp:featuredmedia":[{"embeddable":true,"href":"https:\/\/nouveau.maisonmallet.com\/back05_01\/index.php?rest_route=\/wp\/v2\/media\/63233"}],"wp:attachment":[{"href":"https:\/\/nouveau.maisonmallet.com\/back05_01\/index.php?rest_route=%2Fwp%2Fv2%2Fmedia&parent=63150"}],"wp:term":[{"taxonomy":"event_cat","embeddable":true,"href":"https:\/\/nouveau.maisonmallet.com\/back05_01\/index.php?rest_route=%2Fwp%2Fv2%2Fevent_cat&post=63150"}],"curies":[{"name":"wp","href":"https:\/\/api.w.org\/{rel}","templated":true}]}}

<p>La Maison L.J.G. Mallet a le regret de vous annoncer le décès de</p>
<p>&nbsp;</p>
<p>Denyse Richard</p>
<p>1947-2025</p>
<p>&nbsp;</p>
<p>&nbsp;</p>
<p>À Sept-Îles, le 24 avril 2025, est décédée à l’âge de 77 ans, madame Denyse Richard épouse de feu Léopold Vigneault et domiciliée à Sept-Îles.</p>
<p>&nbsp;</p>
<p>Les funérailles de madame Denyse Richard auront lieu le lundi 23 juin 2025 à 14 h en l’église St-Pierre de Havre-St-Pierre et de là au cimetière de l’endroit.</p>
<p>&nbsp;</p>
<p>Selon ses volontés, elle a été confiée au crématorium de la maison L.J.G. Mallet pour crémation.</p>
<p>&nbsp;</p>
<p>La famille reçoit parents et amis le lundi 23 juin 2025 jour des funérailles à compter de 13 h à l’église St-Pierre de Havre-Saint-Pierre.</p>
<p>&nbsp;</p>
<p>Elle laisse dans le deuil son fils Steeve (Marc Lebrun), sa fille Nancy, ses petits-enfants : Jimmy et Jérémy, son arrière-petite-fille adorée Rosie, ses frères et ses sœurs : Gaby, Laurette (Raymond Blais), Maurice (Adrienne Métivier), Léger (Marie-Anne Leblanc), Pauline (Yvon Bernard), André (Julienne Cormier) et Lauraine (Claude Vigneault) ainsi que ses belles-sœurs : Anne-Marie Landry (feu Jean-Louis Vigneault) et Lady Michaud (feu Lorenzo Vigneault), ses neveux, ses nièces, ses cousins, ses cousines et de nombreux ami(e)s.</p>
<p>&nbsp;</p>
<p>La famille tient à remercier sincèrement le Dre. Aude Bellavance Laramée ainsi que l&rsquo;équipe des soins palliatifs du soutien à domicile particulièrement Camille Brunet et Miguel Jobin, pour leur accompagnement humain et leur grand dévouement envers Denyse.</p>
<p>&nbsp;</p>
<p>Vos marques de sympathie peuvent se traduire par un don à l’Élyme des sables <a href="http://www.elymedessables.com">www.elymedessables.com</a></p>
<p>&nbsp;</p>
<p>La famille a confié la direction des funérailles aux services professionnels de la Maison L.J.G. Mallet du 1429, rue du Canot à Havre-St-Pierre, membre de la Corporation des thanatologues du Québec.</p>
<p>&nbsp;</p>
<p>Vous pouvez consulter cet avis de décès, sur le <a href="https://nouveau.maisonmallet.com">www.maisonmallet.com</a></p>
<p>&nbsp;</p>
<p>Ceux et celles qui le désirent, peuvent y envoyer des messages de sympathie.</p>
<p>&nbsp;</p>
<hr />
<p>Envoyer vos condoléances</p>
<p>[contact-form to= »steeve59@hotmail.com » subject= »Condoléances Denyse Richard »][contact-field label= »Votre nom » type= »name » required= »1&Prime;][contact-field label= »Votre courriel » type= »email » required= »1&Prime;][contact-field label= »Condoléances » type= »textarea »][/contact-form]</p>
