{"id":63449,"date":"2025-04-25T15:42:40","date_gmt":"2025-04-25T19:42:40","guid":{"rendered":"https:\/\/nouveau.maisonmallet.com\/?post_type=event&#038;p=63449"},"modified":"2025-07-05T10:27:54","modified_gmt":"2025-07-05T14:27:54","slug":"taylor-rhoda","status":"publish","type":"event","link":"https:\/\/nouveau.maisonmallet.com\/back05_01\/?event=taylor-rhoda","title":{"rendered":"TAYLOR, Rhoda"},"content":{"rendered":"<p>Le Complexe Thanatologique Mallet &amp; fils a le regret de vous annoncer le d\u00e9c\u00e8s de<\/p>\n<p>Rhoda Taylor<\/p>\n<p>1938 \u2013 2025<\/p>\n<p>&nbsp;<\/p>\n<p>\u00c0 Sept-\u00celes, le 25 avril 2025, est d\u00e9c\u00e9d\u00e9e \u00e0 l\u2019\u00e2ge de 86 ans madame Rhoda Taylor \u00e9pouse de feu Wilfrid Turbide et domicili\u00e9e \u00e0 Sept-\u00celes.<\/p>\n<p>Les fun\u00e9railles de madame Rhoda Taylor auront lieu le lundi, 12 mai 2025 \u00e0 10 h 30 en l\u2019\u00e9glise Christ The King situ\u00e9e au 15 rue Comeau \u00e0 Sept-\u00celes.<\/p>\n<p>La famille re\u00e7oit parents et amis le dimanche 11 mai 2025 de 19 h \u00e0 22 h. Le lundi 12 mai 2025 jour des fun\u00e9railles \u00e0 compter de 9 h au Complexe Thanatologique Mallet &amp; fils du 585, boul. Laure \u00e0 Sept-\u00celes.<\/p>\n<p>Elle laisse dans le deuil ses fils\u00a0: Roland (Marie-Claude C\u00e9rat), Robert (Christine Gallant) et Guy (Manon Martel), ses petits-enfants\u00a0: Kevin (Carolane Boss\u00e9), Myl\u00e8ne (Steven Duguay), Kathleen (Pascal Carrier) et Vincent (Myriam Martin), ses arri\u00e8re-petits-enfants: Lucas, Gabriel, Zack, Alexe, Mikalie et Riley, sa s\u0153ur madame Lyla Taylor (feu Eddy Roach), sa belle-s\u0153ur Adela Bourque (feu Patrick Turbis) ainsi que ses neveux, ses ni\u00e8ces, ses cousins, ses cousines et de nombreux ami(e)s.<\/p>\n<p>Vos marques de sympathie peuvent se traduire par un don \u00e0 l\u2019Association du cancer Est du Qu\u00e9bec <a href=\"http:\/\/www.aceq.org\">www.aceq.org<\/a><\/p>\n<p>La famille a confi\u00e9 la direction des fun\u00e9railles aux services professionnels de la Maison Mallet &amp; fils du 585, boul. Laure \u00e0 Sept-\u00celes, maintenant reconnue Distinction et membre de la Corporation des Thanatologues du Qu\u00e9bec.<\/p>\n<p>Vous pouvez consulter cet avis de d\u00e9c\u00e8s, sur le <a href=\"https:\/\/nouveau.maisonmallet.com\">www.maisonmallet.com<\/a><\/p>\n<p>Ceux et celles qui le d\u00e9sirent, peuvent y envoyer des messages de sympathie.<\/p>\n<p>&nbsp;<\/p>\n<hr \/>\n<p>Envoyer vos condol\u00e9ances<\/p>\n<p>[contact-form to=\u00a0\u00bbrolandturbide37@gmail.com\u00a0\u00bb subject=\u00a0\u00bbCondol\u00e9ances Rhoda Taylor\u00a0\u00bb][contact-field label=\u00a0\u00bbVotre nom\u00a0\u00bb type=\u00a0\u00bbname\u00a0\u00bb required=\u00a0\u00bb1&Prime;][contact-field label=\u00a0\u00bbVotre courriel\u00a0\u00bb type=\u00a0\u00bbemail\u00a0\u00bb required=\u00a0\u00bb1&Prime;][contact-field label=\u00a0\u00bbCondol\u00e9ances\u00a0\u00bb type=\u00a0\u00bbtextarea\u00a0\u00bb][\/contact-form]<\/p>\n","protected":false},"featured_media":63454,"template":"","event_cat":[6],"class_list":["post-63449","event","type-event","status-publish","has-post-thumbnail","hentry","event_cat-maison-mallet-et-fils-inc"],"_links":{"self":[{"href":"https:\/\/nouveau.maisonmallet.com\/back05_01\/index.php?rest_route=\/wp\/v2\/event\/63449","targetHints":{"allow":["GET"]}}],"collection":[{"href":"https:\/\/nouveau.maisonmallet.com\/back05_01\/index.php?rest_route=\/wp\/v2\/event"}],"about":[{"href":"https:\/\/nouveau.maisonmallet.com\/back05_01\/index.php?rest_route=\/wp\/v2\/types\/event"}],"wp:featuredmedia":[{"embeddable":true,"href":"https:\/\/nouveau.maisonmallet.com\/back05_01\/index.php?rest_route=\/wp\/v2\/media\/63454"}],"wp:attachment":[{"href":"https:\/\/nouveau.maisonmallet.com\/back05_01\/index.php?rest_route=%2Fwp%2Fv2%2Fmedia&parent=63449"}],"wp:term":[{"taxonomy":"event_cat","embeddable":true,"href":"https:\/\/nouveau.maisonmallet.com\/back05_01\/index.php?rest_route=%2Fwp%2Fv2%2Fevent_cat&post=63449"}],"curies":[{"name":"wp","href":"https:\/\/api.w.org\/{rel}","templated":true}]}}

<p>Le Complexe Thanatologique Mallet &amp; fils a le regret de vous annoncer le décès de</p>
<p>Rhoda Taylor</p>
<p>1938 – 2025</p>
<p>&nbsp;</p>
<p>À Sept-Îles, le 25 avril 2025, est décédée à l’âge de 86 ans madame Rhoda Taylor épouse de feu Wilfrid Turbide et domiciliée à Sept-Îles.</p>
<p>Les funérailles de madame Rhoda Taylor auront lieu le lundi, 12 mai 2025 à 10 h 30 en l’église Christ The King située au 15 rue Comeau à Sept-Îles.</p>
<p>La famille reçoit parents et amis le dimanche 11 mai 2025 de 19 h à 22 h. Le lundi 12 mai 2025 jour des funérailles à compter de 9 h au Complexe Thanatologique Mallet &amp; fils du 585, boul. Laure à Sept-Îles.</p>
<p>Elle laisse dans le deuil ses fils : Roland (Marie-Claude Cérat), Robert (Christine Gallant) et Guy (Manon Martel), ses petits-enfants : Kevin (Carolane Bossé), Mylène (Steven Duguay), Kathleen (Pascal Carrier) et Vincent (Myriam Martin), ses arrière-petits-enfants: Lucas, Gabriel, Zack, Alexe, Mikalie et Riley, sa sœur madame Lyla Taylor (feu Eddy Roach), sa belle-sœur Adela Bourque (feu Patrick Turbis) ainsi que ses neveux, ses nièces, ses cousins, ses cousines et de nombreux ami(e)s.</p>
<p>Vos marques de sympathie peuvent se traduire par un don à l’Association du cancer Est du Québec <a href="http://www.aceq.org">www.aceq.org</a></p>
<p>La famille a confié la direction des funérailles aux services professionnels de la Maison Mallet &amp; fils du 585, boul. Laure à Sept-Îles, maintenant reconnue Distinction et membre de la Corporation des Thanatologues du Québec.</p>
<p>Vous pouvez consulter cet avis de décès, sur le <a href="https://nouveau.maisonmallet.com">www.maisonmallet.com</a></p>
<p>Ceux et celles qui le désirent, peuvent y envoyer des messages de sympathie.</p>
<p>&nbsp;</p>
<hr />
<p>Envoyer vos condoléances</p>
<p>[contact-form to= »rolandturbide37@gmail.com » subject= »Condoléances Rhoda Taylor »][contact-field label= »Votre nom » type= »name » required= »1&Prime;][contact-field label= »Votre courriel » type= »email » required= »1&Prime;][contact-field label= »Condoléances » type= »textarea »][/contact-form]</p>
