{"id":63572,"date":"2025-04-19T11:04:31","date_gmt":"2025-04-19T15:04:31","guid":{"rendered":"https:\/\/nouveau.maisonmallet.com\/?post_type=event&#038;p=63572"},"modified":"2025-07-05T10:26:22","modified_gmt":"2025-07-05T14:26:22","slug":"methot-jean-marie-ti-nain","status":"publish","type":"event","link":"https:\/\/nouveau.maisonmallet.com\/back05_01\/?event=methot-jean-marie-ti-nain","title":{"rendered":"M\u00c9THOT, Jean-Marie (Ti-Nain)"},"content":{"rendered":"<p>La Maison L.J.G. Mallet a le regret de vous annoncer le d\u00e9c\u00e8s de<\/p>\n<p>Jean-Marie M\u00e9thot (Ti-Nain)<\/p>\n<p>1955 \u2013 2025<\/p>\n<p>&nbsp;<\/p>\n<p>\u00c0 Havre Saint-Pierre, le 19 avril 2025, est d\u00e9c\u00e9d\u00e9 \u00e0 l\u2019\u00e2ge de 70 ans monsieur Jean-Marie M\u00e9thot (Ti-Nain) fils de feu Napol\u00e9on M\u00e9thot et de feu Laurette Landry domicili\u00e9 \u00e0 Longue-Pointe-de-Mingan.<\/p>\n<p>Les fun\u00e9railles de monsieur Jean-Marie M\u00e9thot (Ti-Nain) auront lieu le samedi 17 mai 2025 \u00e0 11 h en l\u2019\u00e9glise St-Fran\u00e7ois d\u2019Assise de Longue-Pointe-de-Mingan et de l\u00e0 au cimeti\u00e8re de l\u2019endroit.<\/p>\n<p>Selon ses volont\u00e9s, il a \u00e9t\u00e9 confi\u00e9 au cr\u00e9matorium de la Maison L.J.G. Mallet pour cr\u00e9mation.<\/p>\n<p>La famille re\u00e7oit parents et amis le samedi 17 mai 2025 jour des fun\u00e9railles \u00e0 compter de 10 h 30 \u00e0 l\u2019\u00e9glise St-Fran\u00e7ois d\u2019Assise de Longue-Pointe-de-Mingan.<\/p>\n<p>Il laisse dans le deuil son fr\u00e8re Serge, son beau-fr\u00e8re Arcade Boudreau, sa belle-s\u0153ur Manon Cousineau, sa ni\u00e8ce V\u00e9ronique (Dany Gauvin), ses neveux Fran\u00e7ois et Keven (Marie-Philippe Jourdain), ses petites-ni\u00e8ces \u00c9liane et B\u00e9atrice ainsi que ses oncles, ses tantes, ses cousins, ses cousines et de nombreux ami(e)s.<\/p>\n<p>Il \u00e9tait le fr\u00e8re de feu Fernand, feu Delvina et feu Gabriel M\u00e9thot.<\/p>\n<p>La famille a confi\u00e9 les arrangements aux services professionnels de la Maison L.J.G. Mallet du 1429, rue du Canot \u00e0 Havre-St-Pierre, maintenant reconnue Distinction et membre de la Corporation des thanatologues du Qu\u00e9bec.<\/p>\n<p>Vous pouvez consulter cet avis de d\u00e9c\u00e8s, sur le <a href=\"https:\/\/nouveau.maisonmallet.com\">www.maisonmallet.com<\/a><\/p>\n<p>Ceux et celles qui le d\u00e9sirent, peuvent y envoyer des messages de sympathie.<\/p>\n<p>&nbsp;<\/p>\n<hr \/>\n<p>Envoyer vos condol\u00e9ances<\/p>\n<p>[contact-form to=\u00a0\u00bbmcousineau675@hotmail.com\u00a0\u00bb subject=\u00a0\u00bbCondol\u00e9ances Jean-Marie M\u00e9thot\u00a0\u00bb][contact-field label=\u00a0\u00bbVotre nom\u00a0\u00bb type=\u00a0\u00bbname\u00a0\u00bb required=\u00a0\u00bb1&Prime;][contact-field label=\u00a0\u00bbVotre courriel\u00a0\u00bb type=\u00a0\u00bbemail\u00a0\u00bb required=\u00a0\u00bb1&Prime;][contact-field label=\u00a0\u00bbCondol\u00e9ances\u00a0\u00bb type=\u00a0\u00bbtextarea\u00a0\u00bb][\/contact-form]<\/p>\n","protected":false},"featured_media":63587,"template":"","event_cat":[7],"class_list":["post-63572","event","type-event","status-publish","has-post-thumbnail","hentry","event_cat-maison-l-j-g-mallet-inc"],"_links":{"self":[{"href":"https:\/\/nouveau.maisonmallet.com\/back05_01\/index.php?rest_route=\/wp\/v2\/event\/63572","targetHints":{"allow":["GET"]}}],"collection":[{"href":"https:\/\/nouveau.maisonmallet.com\/back05_01\/index.php?rest_route=\/wp\/v2\/event"}],"about":[{"href":"https:\/\/nouveau.maisonmallet.com\/back05_01\/index.php?rest_route=\/wp\/v2\/types\/event"}],"wp:featuredmedia":[{"embeddable":true,"href":"https:\/\/nouveau.maisonmallet.com\/back05_01\/index.php?rest_route=\/wp\/v2\/media\/63587"}],"wp:attachment":[{"href":"https:\/\/nouveau.maisonmallet.com\/back05_01\/index.php?rest_route=%2Fwp%2Fv2%2Fmedia&parent=63572"}],"wp:term":[{"taxonomy":"event_cat","embeddable":true,"href":"https:\/\/nouveau.maisonmallet.com\/back05_01\/index.php?rest_route=%2Fwp%2Fv2%2Fevent_cat&post=63572"}],"curies":[{"name":"wp","href":"https:\/\/api.w.org\/{rel}","templated":true}]}}

MÉTHOT, Jean-Marie (Ti-Nain)

<p>La Maison L.J.G. Mallet a le regret de vous annoncer le décès de</p>
<p>Jean-Marie Méthot (Ti-Nain)</p>
<p>1955 – 2025</p>
<p>&nbsp;</p>
<p>À Havre Saint-Pierre, le 19 avril 2025, est décédé à l’âge de 70 ans monsieur Jean-Marie Méthot (Ti-Nain) fils de feu Napoléon Méthot et de feu Laurette Landry domicilié à Longue-Pointe-de-Mingan.</p>
<p>Les funérailles de monsieur Jean-Marie Méthot (Ti-Nain) auront lieu le samedi 17 mai 2025 à 11 h en l’église St-François d’Assise de Longue-Pointe-de-Mingan et de là au cimetière de l’endroit.</p>
<p>Selon ses volontés, il a été confié au crématorium de la Maison L.J.G. Mallet pour crémation.</p>
<p>La famille reçoit parents et amis le samedi 17 mai 2025 jour des funérailles à compter de 10 h 30 à l’église St-François d’Assise de Longue-Pointe-de-Mingan.</p>
<p>Il laisse dans le deuil son frère Serge, son beau-frère Arcade Boudreau, sa belle-sœur Manon Cousineau, sa nièce Véronique (Dany Gauvin), ses neveux François et Keven (Marie-Philippe Jourdain), ses petites-nièces Éliane et Béatrice ainsi que ses oncles, ses tantes, ses cousins, ses cousines et de nombreux ami(e)s.</p>
<p>Il était le frère de feu Fernand, feu Delvina et feu Gabriel Méthot.</p>
<p>La famille a confié les arrangements aux services professionnels de la Maison L.J.G. Mallet du 1429, rue du Canot à Havre-St-Pierre, maintenant reconnue Distinction et membre de la Corporation des thanatologues du Québec.</p>
<p>Vous pouvez consulter cet avis de décès, sur le <a href="https://nouveau.maisonmallet.com">www.maisonmallet.com</a></p>
<p>Ceux et celles qui le désirent, peuvent y envoyer des messages de sympathie.</p>
<p>&nbsp;</p>
<hr />
<p>Envoyer vos condoléances</p>
<p>[contact-form to= »mcousineau675@hotmail.com » subject= »Condoléances Jean-Marie Méthot »][contact-field label= »Votre nom » type= »name » required= »1&Prime;][contact-field label= »Votre courriel » type= »email » required= »1&Prime;][contact-field label= »Condoléances » type= »textarea »][/contact-form]</p>
