{"id":63586,"date":"2025-05-02T10:06:40","date_gmt":"2025-05-02T14:06:40","guid":{"rendered":"https:\/\/nouveau.maisonmallet.com\/?post_type=event&#038;p=63586"},"modified":"2025-07-05T10:25:28","modified_gmt":"2025-07-05T14:25:28","slug":"gallant-rene","status":"publish","type":"event","link":"https:\/\/nouveau.maisonmallet.com\/back05_01\/?event=gallant-rene","title":{"rendered":"GALLANT, Ren\u00e9"},"content":{"rendered":"<p>Le Complexe Thanatologique Mallet &amp; fils a le regret de vous annoncer le d\u00e9c\u00e8s de<\/p>\n<p>Ren\u00e9 Gallant<\/p>\n<p>1960 \u2013 2025<\/p>\n<p>&nbsp;<\/p>\n<p>\u00c0 Sept-Iles, le 2 mai 2025, est d\u00e9c\u00e9d\u00e9 \u00e0 l\u2019\u00e2ge de 65 ans, monsieur Ren\u00e9 Gallant fils de feu Yvon Gallant et de feu Fran\u00e7oise Toutant domicili\u00e9 \u00e0 Sept-Iles.<\/p>\n<p>Les fun\u00e9railles de monsieur Ren\u00e9 Gallant auront lieu le mercredi 14 mai 2025 \u00e0 10 h en l\u2019\u00e9glise Marie-Immacul\u00e9e situ\u00e9e au 180, rue Papineau \u00e0 Sept-\u00celes et de l\u00e0 au cimeti\u00e8re de l\u2019endroit.<\/p>\n<p>Selon ses volont\u00e9s, il a \u00e9t\u00e9 confi\u00e9 au cr\u00e9matorium de la Maison Mallet &amp; fils pour cr\u00e9mation.<\/p>\n<p>La famille re\u00e7oit parents et amis le mercredi 14 mai 2025 jour des fun\u00e9railles \u00e0 compter de 9 h \u00e0 l\u2019\u00e9glise Marie-Immacul\u00e9e de Sept-\u00celes.<\/p>\n<p>Il laisse dans le deuil ses fr\u00e8res et ses s\u0153urs : Bernard, Lise (Michel Marceau), Nicolas et Maryse (Bruno Misson) ainsi que ses neveux, ses ni\u00e8ces, ses petites ni\u00e8ces, ses petits neveux, ses cousins, ses cousines et de nombreux ami(e)s.<\/p>\n<p>Il \u00e9tait le fr\u00e8re de feu Jos\u00e9e (Magella Riverin) et de feu Jean-Yves (Doris Dumont).<\/p>\n<p>La famille a confi\u00e9 la direction des fun\u00e9railles aux services professionnels de la Maison Mallet &amp; fils du 585, boul. Laure \u00e0 Sept-\u00celes, maintenant reconnue Distinction et membre de la Corporation des Thanatologues du Qu\u00e9bec.<\/p>\n<p>Vous pouvez consulter cet avis de d\u00e9c\u00e8s sur le <a href=\"https:\/\/nouveau.maisonmallet.com\">www.maisonmallet.com<\/a><\/p>\n<p>Ceux et celles qui le d\u00e9sirent, peuvent y envoyer des messages de sympathies.<\/p>\n<p>&nbsp;<\/p>\n<hr \/>\n<p>Envoyer vos condol\u00e9ances<\/p>\n<p>[contact-form to=\u00a0\u00bbmaryse.gallant@hotmail.com\u00a0\u00bb subject=\u00a0\u00bbCondol\u00e9ances Ren\u00e9 Gallant\u00a0\u00bb][contact-field label=\u00a0\u00bbVotre nom\u00a0\u00bb type=\u00a0\u00bbname\u00a0\u00bb required=\u00a0\u00bb1&Prime;][contact-field label=\u00a0\u00bbVotre courriel\u00a0\u00bb type=\u00a0\u00bbemail\u00a0\u00bb required=\u00a0\u00bb1&Prime;][contact-field label=\u00a0\u00bbCondol\u00e9ances\u00a0\u00bb type=\u00a0\u00bbtextarea\u00a0\u00bb][\/contact-form]<\/p>\n","protected":false},"featured_media":63668,"template":"","event_cat":[6],"class_list":["post-63586","event","type-event","status-publish","has-post-thumbnail","hentry","event_cat-maison-mallet-et-fils-inc"],"_links":{"self":[{"href":"https:\/\/nouveau.maisonmallet.com\/back05_01\/index.php?rest_route=\/wp\/v2\/event\/63586","targetHints":{"allow":["GET"]}}],"collection":[{"href":"https:\/\/nouveau.maisonmallet.com\/back05_01\/index.php?rest_route=\/wp\/v2\/event"}],"about":[{"href":"https:\/\/nouveau.maisonmallet.com\/back05_01\/index.php?rest_route=\/wp\/v2\/types\/event"}],"wp:featuredmedia":[{"embeddable":true,"href":"https:\/\/nouveau.maisonmallet.com\/back05_01\/index.php?rest_route=\/wp\/v2\/media\/63668"}],"wp:attachment":[{"href":"https:\/\/nouveau.maisonmallet.com\/back05_01\/index.php?rest_route=%2Fwp%2Fv2%2Fmedia&parent=63586"}],"wp:term":[{"taxonomy":"event_cat","embeddable":true,"href":"https:\/\/nouveau.maisonmallet.com\/back05_01\/index.php?rest_route=%2Fwp%2Fv2%2Fevent_cat&post=63586"}],"curies":[{"name":"wp","href":"https:\/\/api.w.org\/{rel}","templated":true}]}}

GALLANT, René

<p>Le Complexe Thanatologique Mallet &amp; fils a le regret de vous annoncer le décès de</p>
<p>René Gallant</p>
<p>1960 – 2025</p>
<p>&nbsp;</p>
<p>À Sept-Iles, le 2 mai 2025, est décédé à l’âge de 65 ans, monsieur René Gallant fils de feu Yvon Gallant et de feu Françoise Toutant domicilié à Sept-Iles.</p>
<p>Les funérailles de monsieur René Gallant auront lieu le mercredi 14 mai 2025 à 10 h en l’église Marie-Immaculée située au 180, rue Papineau à Sept-Îles et de là au cimetière de l’endroit.</p>
<p>Selon ses volontés, il a été confié au crématorium de la Maison Mallet &amp; fils pour crémation.</p>
<p>La famille reçoit parents et amis le mercredi 14 mai 2025 jour des funérailles à compter de 9 h à l’église Marie-Immaculée de Sept-Îles.</p>
<p>Il laisse dans le deuil ses frères et ses sœurs : Bernard, Lise (Michel Marceau), Nicolas et Maryse (Bruno Misson) ainsi que ses neveux, ses nièces, ses petites nièces, ses petits neveux, ses cousins, ses cousines et de nombreux ami(e)s.</p>
<p>Il était le frère de feu Josée (Magella Riverin) et de feu Jean-Yves (Doris Dumont).</p>
<p>La famille a confié la direction des funérailles aux services professionnels de la Maison Mallet &amp; fils du 585, boul. Laure à Sept-Îles, maintenant reconnue Distinction et membre de la Corporation des Thanatologues du Québec.</p>
<p>Vous pouvez consulter cet avis de décès sur le <a href="https://nouveau.maisonmallet.com">www.maisonmallet.com</a></p>
<p>Ceux et celles qui le désirent, peuvent y envoyer des messages de sympathies.</p>
<p>&nbsp;</p>
<hr />
<p>Envoyer vos condoléances</p>
<p>[contact-form to= »maryse.gallant@hotmail.com » subject= »Condoléances René Gallant »][contact-field label= »Votre nom » type= »name » required= »1&Prime;][contact-field label= »Votre courriel » type= »email » required= »1&Prime;][contact-field label= »Condoléances » type= »textarea »][/contact-form]</p>
