{"id":63783,"date":"2025-05-04T11:53:01","date_gmt":"2025-05-04T15:53:01","guid":{"rendered":"https:\/\/nouveau.maisonmallet.com\/?post_type=event&#038;p=63783"},"modified":"2025-07-05T10:24:19","modified_gmt":"2025-07-05T14:24:19","slug":"cyr-hermel","status":"publish","type":"event","link":"https:\/\/nouveau.maisonmallet.com\/back05_01\/?event=cyr-hermel","title":{"rendered":"CYR, Hermel"},"content":{"rendered":"<p>Le Complexe Thanatologique Mallet &amp; fils a le regret de vous annoncer le d\u00e9c\u00e8s de<\/p>\n<p>Hermel Cyr<\/p>\n<p>1949 \u2013 2025<\/p>\n<p>&nbsp;<\/p>\n<p>\u00c0 Sept-\u00celes, le 4 mai 2025, est d\u00e9c\u00e9d\u00e9 \u00e0 l&rsquo;\u00e2ge de 75 ans, monsieur Hermel Cyr \u00e9poux de madame Pauline Chouinard et domicili\u00e9 \u00e0 Sept-\u00celes.<\/p>\n<p>Les fun\u00e9railles de monsieur Hermel Cyr auront lieu le samedi 24 mai 2025 \u00e0 14 h en l&rsquo;\u00e9glise Marie-Immacul\u00e9e situ\u00e9e au 180, rue Papineau \u00e0 Sept-\u00celes et de l\u00e0 au cimeti\u00e8re de l\u2019endroit.<\/p>\n<p>Selon ses volont\u00e9s, il a \u00e9t\u00e9 confi\u00e9 au cr\u00e9matorium de la Maison Mallet &amp; fils pour cr\u00e9mation.<\/p>\n<p>La famille re\u00e7oit parents et amis le vendredi 23 mai 2025 de 19 h \u00e0 22 h. Le samedi 24 mai 2025 jour des fun\u00e9railles \u00e0 compter de 12 h 30 au Complexe Thanatologique Mallet &amp; fils du 585, boul. Laure \u00e0 Sept-\u00celes.<\/p>\n<p>Il laisse dans le deuil outre son \u00e9pouse madame Pauline Chouinard, son fils Christian (Nancy Par\u00e9), sa fille Genevi\u00e8ve (Marc Claveau), ses petit-enfants : Ann-Sophie, L\u00e9a, Zachary et Rapha\u00ebl, ses fr\u00e8res et ses s\u0153urs : Ga\u00e9tane (Jean-Luc), Patricia (feu Robert), Gilles (Solange), Jeannine (Rodrigue), Donald (Doris), Pauline (Guy), Guildo (Dorine) et Berthe (Alain) ainsi que ses beaux-fr\u00e8res, ses belles-s\u0153urs, ses neveux, ses ni\u00e8ces, ses cousins, ses cousines et de nombreux amis.<\/p>\n<p>Il repose maintenant aupr\u00e8s de son p\u00e8re Bertin Cyr, sa m\u00e8re Th\u00e9r\u00e8se Rousseau et de son fr\u00e8re Jeannot (Gis\u00e8le).<\/p>\n<p>Vos marques de sympathie peuvent se traduire par un don \u00e0 Diab\u00e8te Qu\u00e9bec <a href=\"http:\/\/www.diabete.qc.ca\">www.diabete.qc.ca<\/a><\/p>\n<p>La famille a confi\u00e9 les fun\u00e9railles aux services professionnels de la Maison Mallet &amp; Fils du 585, Boul. Laure \u00e0 Sept-\u00celes, membre de la Corporation des Thanatologues du Qu\u00e9bec.<\/p>\n<p>Vous pouvez consulter cet avis de d\u00e9c\u00e8s, sur le www.maisonmallet.com<\/p>\n<p>Ceux et celles qui le d\u00e9sirent, peuvent y envoyer des messages de sympathie.<\/p>\n<p>&nbsp;<\/p>\n<hr \/>\n<p>Envoyer vos condol\u00e9ances<\/p>\n<p>[contact-form to=\u00a0\u00bbchouinard.cyr@gmail.com\u00a0\u00bb subject=\u00a0\u00bbCondol\u00e9ances Hermel Cyr\u00a0\u00bb][contact-field label=\u00a0\u00bbVotre nom\u00a0\u00bb type=\u00a0\u00bbname\u00a0\u00bb required=\u00a0\u00bb1&Prime;][contact-field label=\u00a0\u00bbVotre courriel\u00a0\u00bb type=\u00a0\u00bbemail\u00a0\u00bb required=\u00a0\u00bb1&Prime;][contact-field label=\u00a0\u00bbCondol\u00e9ances\u00a0\u00bb type=\u00a0\u00bbtextarea\u00a0\u00bb][\/contact-form]<\/p>\n","protected":false},"featured_media":63945,"template":"","event_cat":[6],"class_list":["post-63783","event","type-event","status-publish","has-post-thumbnail","hentry","event_cat-maison-mallet-et-fils-inc"],"_links":{"self":[{"href":"https:\/\/nouveau.maisonmallet.com\/back05_01\/index.php?rest_route=\/wp\/v2\/event\/63783","targetHints":{"allow":["GET"]}}],"collection":[{"href":"https:\/\/nouveau.maisonmallet.com\/back05_01\/index.php?rest_route=\/wp\/v2\/event"}],"about":[{"href":"https:\/\/nouveau.maisonmallet.com\/back05_01\/index.php?rest_route=\/wp\/v2\/types\/event"}],"wp:featuredmedia":[{"embeddable":true,"href":"https:\/\/nouveau.maisonmallet.com\/back05_01\/index.php?rest_route=\/wp\/v2\/media\/63945"}],"wp:attachment":[{"href":"https:\/\/nouveau.maisonmallet.com\/back05_01\/index.php?rest_route=%2Fwp%2Fv2%2Fmedia&parent=63783"}],"wp:term":[{"taxonomy":"event_cat","embeddable":true,"href":"https:\/\/nouveau.maisonmallet.com\/back05_01\/index.php?rest_route=%2Fwp%2Fv2%2Fevent_cat&post=63783"}],"curies":[{"name":"wp","href":"https:\/\/api.w.org\/{rel}","templated":true}]}}

<p>Le Complexe Thanatologique Mallet &amp; fils a le regret de vous annoncer le décès de</p>
<p>Hermel Cyr</p>
<p>1949 – 2025</p>
<p>&nbsp;</p>
<p>À Sept-Îles, le 4 mai 2025, est décédé à l&rsquo;âge de 75 ans, monsieur Hermel Cyr époux de madame Pauline Chouinard et domicilié à Sept-Îles.</p>
<p>Les funérailles de monsieur Hermel Cyr auront lieu le samedi 24 mai 2025 à 14 h en l&rsquo;église Marie-Immaculée située au 180, rue Papineau à Sept-Îles et de là au cimetière de l’endroit.</p>
<p>Selon ses volontés, il a été confié au crématorium de la Maison Mallet &amp; fils pour crémation.</p>
<p>La famille reçoit parents et amis le vendredi 23 mai 2025 de 19 h à 22 h. Le samedi 24 mai 2025 jour des funérailles à compter de 12 h 30 au Complexe Thanatologique Mallet &amp; fils du 585, boul. Laure à Sept-Îles.</p>
<p>Il laisse dans le deuil outre son épouse madame Pauline Chouinard, son fils Christian (Nancy Paré), sa fille Geneviève (Marc Claveau), ses petit-enfants : Ann-Sophie, Léa, Zachary et Raphaël, ses frères et ses sœurs : Gaétane (Jean-Luc), Patricia (feu Robert), Gilles (Solange), Jeannine (Rodrigue), Donald (Doris), Pauline (Guy), Guildo (Dorine) et Berthe (Alain) ainsi que ses beaux-frères, ses belles-sœurs, ses neveux, ses nièces, ses cousins, ses cousines et de nombreux amis.</p>
<p>Il repose maintenant auprès de son père Bertin Cyr, sa mère Thérèse Rousseau et de son frère Jeannot (Gisèle).</p>
<p>Vos marques de sympathie peuvent se traduire par un don à Diabète Québec <a href="http://www.diabete.qc.ca">www.diabete.qc.ca</a></p>
<p>La famille a confié les funérailles aux services professionnels de la Maison Mallet &amp; Fils du 585, Boul. Laure à Sept-Îles, membre de la Corporation des Thanatologues du Québec.</p>
<p>Vous pouvez consulter cet avis de décès, sur le www.maisonmallet.com</p>
<p>Ceux et celles qui le désirent, peuvent y envoyer des messages de sympathie.</p>
<p>&nbsp;</p>
<hr />
<p>Envoyer vos condoléances</p>
<p>[contact-form to= »chouinard.cyr@gmail.com » subject= »Condoléances Hermel Cyr »][contact-field label= »Votre nom » type= »name » required= »1&Prime;][contact-field label= »Votre courriel » type= »email » required= »1&Prime;][contact-field label= »Condoléances » type= »textarea »][/contact-form]</p>
