{"id":64014,"date":"2025-03-24T16:26:17","date_gmt":"2025-03-24T20:26:17","guid":{"rendered":"https:\/\/nouveau.maisonmallet.com\/?post_type=event&#038;p=64014"},"modified":"2025-07-05T10:21:53","modified_gmt":"2025-07-05T14:21:53","slug":"giasson-guylaine","status":"publish","type":"event","link":"https:\/\/nouveau.maisonmallet.com\/back05_01\/?event=giasson-guylaine","title":{"rendered":"GIASSON, Guylaine"},"content":{"rendered":"<p>La Maison L.J.G. Mallet a le regret de vous annoncer le d\u00e9c\u00e8s de<\/p>\n<p>Guylaine Giasson<br \/>\n1984 \u2013 2025<\/p>\n<p>\u00c0 Qu\u00e9bec, le 24 mars 2025, est d\u00e9c\u00e9d\u00e9e \u00e0 l\u2019\u00e2ge de 40 ans, Mme Guylaine Giasson conjointe de M. Luc Bond. Elle demeurait \u00e0 Sept-Iles.<\/p>\n<p>La c\u00e9r\u00e9monie comm\u00e9morative de madame Guylaine Giasson aura lieu le dimanche 1 juin 2025 \u00e0 15 h 30 au salon de la maison L.J.G. Mallet du 1429, rue du Canot \u00e0 Havre Saint-Pierre et de l\u00e0 au cimeti\u00e8re de Havre Saint-Pierre. <\/p>\n<p>Selon ses volont\u00e9s, elle a \u00e9t\u00e9 confi\u00e9e au bon soin de la Maison L.J.G. Mallet pour cr\u00e9mation. <\/p>\n<p>La famille re\u00e7oit parents et amis le dimanche 1 juin 2025 de 13 h \u00e0 16 h au salon de la maison L.J.G. Mallet du 1429, rue du Canot \u00e0 Havre-Saint-Pierre.<\/p>\n<p>Elle laisse dans le deuil outre son conjoint monsieur Luc Bond, leur fille ador\u00e9e Alice, sa m\u00e8re madame Augustine M\u00e9thot (Bruno Chiasson), son p\u00e8re monsieur Guy Giasson (Fran\u00e7ine Bond), sa s\u0153ur Florence ainsi que sa belle-m\u00e8re madame Diane Bond, ses neveux, ses ni\u00e8ces, ses oncles, ses tantes, ses cousins, ses cousines et de nombreux ami(e)s.<br \/>\nLa famille a confi\u00e9 les arrangements aux services professionnels de la Maison L.J.G. Mallet du 1429, rue du Canot \u00e0 Havre-Saint-Pierre, maintenant reconnue Distinction et membre de la Corporation des Thanatologues du Qu\u00e9bec.<\/p>\n<p>Vous pouvez consulter cet avis de d\u00e9c\u00e8s, sur le www.maisonmallet.com<\/p>\n<p>Ceux et celles qui le d\u00e9sirent, peuvent y envoyer des messages de sympathie.<\/p>\n<p>[contact-form to=\u00a0\u00bbaugustinemethot@hotmail.com\u00a0\u00bb subject=\u00a0\u00bbCondol\u00e9ances Guylaine Giasson\u00a0\u00bb][contact-field label=\u00a0\u00bbVotre nom\u00a0\u00bb type=\u00a0\u00bbname\u00a0\u00bb required=\u00a0\u00bb1&Prime;][contact-field label=\u00a0\u00bbVotre courriel\u00a0\u00bb type=\u00a0\u00bbemail\u00a0\u00bb required=\u00a0\u00bb1&Prime;][contact-field label=\u00a0\u00bbCondol\u00e9ances\u00a0\u00bb type=\u00a0\u00bbtextarea\u00a0\u00bb][\/contact-form]<\/p>\n","protected":false},"featured_media":64686,"template":"","event_cat":[7],"class_list":["post-64014","event","type-event","status-publish","has-post-thumbnail","hentry","event_cat-maison-l-j-g-mallet-inc"],"_links":{"self":[{"href":"https:\/\/nouveau.maisonmallet.com\/back05_01\/index.php?rest_route=\/wp\/v2\/event\/64014","targetHints":{"allow":["GET"]}}],"collection":[{"href":"https:\/\/nouveau.maisonmallet.com\/back05_01\/index.php?rest_route=\/wp\/v2\/event"}],"about":[{"href":"https:\/\/nouveau.maisonmallet.com\/back05_01\/index.php?rest_route=\/wp\/v2\/types\/event"}],"wp:featuredmedia":[{"embeddable":true,"href":"https:\/\/nouveau.maisonmallet.com\/back05_01\/index.php?rest_route=\/wp\/v2\/media\/64686"}],"wp:attachment":[{"href":"https:\/\/nouveau.maisonmallet.com\/back05_01\/index.php?rest_route=%2Fwp%2Fv2%2Fmedia&parent=64014"}],"wp:term":[{"taxonomy":"event_cat","embeddable":true,"href":"https:\/\/nouveau.maisonmallet.com\/back05_01\/index.php?rest_route=%2Fwp%2Fv2%2Fevent_cat&post=64014"}],"curies":[{"name":"wp","href":"https:\/\/api.w.org\/{rel}","templated":true}]}}

<p>La Maison L.J.G. Mallet a le regret de vous annoncer le décès de</p>
<p>Guylaine Giasson<br />
1984 – 2025</p>
<p>À Québec, le 24 mars 2025, est décédée à l’âge de 40 ans, Mme Guylaine Giasson conjointe de M. Luc Bond. Elle demeurait à Sept-Iles.</p>
<p>La cérémonie commémorative de madame Guylaine Giasson aura lieu le dimanche 1 juin 2025 à 15 h 30 au salon de la maison L.J.G. Mallet du 1429, rue du Canot à Havre Saint-Pierre et de là au cimetière de Havre Saint-Pierre. </p>
<p>Selon ses volontés, elle a été confiée au bon soin de la Maison L.J.G. Mallet pour crémation. </p>
<p>La famille reçoit parents et amis le dimanche 1 juin 2025 de 13 h à 16 h au salon de la maison L.J.G. Mallet du 1429, rue du Canot à Havre-Saint-Pierre.</p>
<p>Elle laisse dans le deuil outre son conjoint monsieur Luc Bond, leur fille adorée Alice, sa mère madame Augustine Méthot (Bruno Chiasson), son père monsieur Guy Giasson (Françine Bond), sa sœur Florence ainsi que sa belle-mère madame Diane Bond, ses neveux, ses nièces, ses oncles, ses tantes, ses cousins, ses cousines et de nombreux ami(e)s.<br />
La famille a confié les arrangements aux services professionnels de la Maison L.J.G. Mallet du 1429, rue du Canot à Havre-Saint-Pierre, maintenant reconnue Distinction et membre de la Corporation des Thanatologues du Québec.</p>
<p>Vous pouvez consulter cet avis de décès, sur le www.maisonmallet.com</p>
<p>Ceux et celles qui le désirent, peuvent y envoyer des messages de sympathie.</p>
<p>[contact-form to= »augustinemethot@hotmail.com » subject= »Condoléances Guylaine Giasson »][contact-field label= »Votre nom » type= »name » required= »1&Prime;][contact-field label= »Votre courriel » type= »email » required= »1&Prime;][contact-field label= »Condoléances » type= »textarea »][/contact-form]</p>
