{"id":64194,"date":"2025-04-18T12:34:49","date_gmt":"2025-04-18T16:34:49","guid":{"rendered":"https:\/\/nouveau.maisonmallet.com\/?post_type=event&#038;p=64194"},"modified":"2025-07-25T21:13:16","modified_gmt":"2025-07-26T01:13:16","slug":"belanger-raymond","status":"publish","type":"event","link":"https:\/\/nouveau.maisonmallet.com\/back05_01\/?event=belanger-raymond","title":{"rendered":"B\u00c9LANGER, Raymond"},"content":{"rendered":"<p>Le Complexe Thanatologique Mallet &amp; fils a le regret de vous annoncer le d\u00e9c\u00e8s de<\/p>\n<p>Raymond B\u00e9langer<\/p>\n<p>1940 \u2013 2025<\/p>\n<p>&nbsp;<\/p>\n<p>\u00c0 Port-Cartier, le 18 avril 2025, est d\u00e9c\u00e9d\u00e9 \u00e0 l\u2019\u00e2ge de 84 ans, monsieur Raymond B\u00e9langer \u00e9poux de madame Fernande Moreau et domicili\u00e9 \u00e0 Rivi\u00e8re Pentec\u00f4te.<\/p>\n<p>Selon ses volont\u00e9s, il a \u00e9t\u00e9 confi\u00e9 au cr\u00e9matorium de la Maison Mallet &amp; fils pour cr\u00e9mation.<\/p>\n<p>Les rituels fun\u00e9raires de monsieur Raymond B\u00e9langer auront lieu en toute intimit\u00e9 \u00e0 Rivi\u00e8re Pentec\u00f4te.<\/p>\n<p>Il laisse dans le deuil outre son \u00e9pouse madame Fernande Moreau, ses enfants\u00a0: Raymonde (Ren\u00e9), Aline (Peter) et Daniel, ses petits-enfants\u00a0: Jennifer, Wendy, Francis, Mireille, Kathleen et Shandy, ses arri\u00e8res-enfants\u00a0: Calven, Tristan, Nathan, Christophe, Britany, Jensen, Lucas et Ryan ainsi que ses fr\u00e8res, sa s\u0153ur, ses belles-s\u0153urs, ses neveux, ses ni\u00e8ces, ses cousins, ses cousines et de nombreux ami(e)s.<\/p>\n<p>Vos marques de sympathie peuvent se traduire par un don \u00e0 la Soci\u00e9t\u00e9 Canadienne du cancer <a href=\"http:\/\/www.cancer.ca\">www.cancer.ca<\/a><\/p>\n<p>Sinc\u00e8res remerciements \u00e0 Dr Gosselin et son \u00e9quipe pour leurs bons soins.<\/p>\n<p>La famille a confi\u00e9 les arrangements fun\u00e9raires aux services professionnels de la Maison Mallet &amp; fils du 57, route 138, \u00e0 Port-Cartier, maintenant reconnue Distinction et membre de la Corporation des Thanatologues du Qu\u00e9bec.<\/p>\n<p>Vous pouvez consulter cet avis de d\u00e9c\u00e8s, sur le <a href=\"https:\/\/nouveau.maisonmallet.com\">www.maisonmallet.com<\/a><\/p>\n<p>Ceux et celle qui le d\u00e9sirent, peuvent y envoyer des messages de sympathie.<\/p>\n<p>&nbsp;<\/p>\n<hr \/>\n<p>Envoyer vos condol\u00e9ances<\/p>\n<p>[contact-form to=\u00a0\u00bbrene.gau@telus.net\u00a0\u00bb subject=\u00a0\u00bbCondol\u00e9ances Raymond B\u00e9langer \u00ab\u00a0][contact-field label=\u00a0\u00bbVotre nom\u00a0\u00bb type=\u00a0\u00bbname\u00a0\u00bb required=\u00a0\u00bb1&Prime;][contact-field label=\u00a0\u00bbVotre courriel\u00a0\u00bb type=\u00a0\u00bbemail\u00a0\u00bb required=\u00a0\u00bb1&Prime;][contact-field label=\u00a0\u00bbCondol\u00e9ances\u00a0\u00bb type=\u00a0\u00bbtextarea\u00a0\u00bb][\/contact-form]<\/p>\n","protected":false},"featured_media":64216,"template":"","event_cat":[6],"class_list":["post-64194","event","type-event","status-publish","has-post-thumbnail","hentry","event_cat-maison-mallet-et-fils-inc"],"_links":{"self":[{"href":"https:\/\/nouveau.maisonmallet.com\/back05_01\/index.php?rest_route=\/wp\/v2\/event\/64194","targetHints":{"allow":["GET"]}}],"collection":[{"href":"https:\/\/nouveau.maisonmallet.com\/back05_01\/index.php?rest_route=\/wp\/v2\/event"}],"about":[{"href":"https:\/\/nouveau.maisonmallet.com\/back05_01\/index.php?rest_route=\/wp\/v2\/types\/event"}],"wp:featuredmedia":[{"embeddable":true,"href":"https:\/\/nouveau.maisonmallet.com\/back05_01\/index.php?rest_route=\/wp\/v2\/media\/64216"}],"wp:attachment":[{"href":"https:\/\/nouveau.maisonmallet.com\/back05_01\/index.php?rest_route=%2Fwp%2Fv2%2Fmedia&parent=64194"}],"wp:term":[{"taxonomy":"event_cat","embeddable":true,"href":"https:\/\/nouveau.maisonmallet.com\/back05_01\/index.php?rest_route=%2Fwp%2Fv2%2Fevent_cat&post=64194"}],"curies":[{"name":"wp","href":"https:\/\/api.w.org\/{rel}","templated":true}]}}

BÉLANGER, Raymond

<p>Le Complexe Thanatologique Mallet &amp; fils a le regret de vous annoncer le décès de</p>
<p>Raymond Bélanger</p>
<p>1940 – 2025</p>
<p>&nbsp;</p>
<p>À Port-Cartier, le 18 avril 2025, est décédé à l’âge de 84 ans, monsieur Raymond Bélanger époux de madame Fernande Moreau et domicilié à Rivière Pentecôte.</p>
<p>Selon ses volontés, il a été confié au crématorium de la Maison Mallet &amp; fils pour crémation.</p>
<p>Les rituels funéraires de monsieur Raymond Bélanger auront lieu en toute intimité à Rivière Pentecôte.</p>
<p>Il laisse dans le deuil outre son épouse madame Fernande Moreau, ses enfants : Raymonde (René), Aline (Peter) et Daniel, ses petits-enfants : Jennifer, Wendy, Francis, Mireille, Kathleen et Shandy, ses arrières-enfants : Calven, Tristan, Nathan, Christophe, Britany, Jensen, Lucas et Ryan ainsi que ses frères, sa sœur, ses belles-sœurs, ses neveux, ses nièces, ses cousins, ses cousines et de nombreux ami(e)s.</p>
<p>Vos marques de sympathie peuvent se traduire par un don à la Société Canadienne du cancer <a href="http://www.cancer.ca">www.cancer.ca</a></p>
<p>Sincères remerciements à Dr Gosselin et son équipe pour leurs bons soins.</p>
<p>La famille a confié les arrangements funéraires aux services professionnels de la Maison Mallet &amp; fils du 57, route 138, à Port-Cartier, maintenant reconnue Distinction et membre de la Corporation des Thanatologues du Québec.</p>
<p>Vous pouvez consulter cet avis de décès, sur le <a href="https://nouveau.maisonmallet.com">www.maisonmallet.com</a></p>
<p>Ceux et celle qui le désirent, peuvent y envoyer des messages de sympathie.</p>
<p>&nbsp;</p>
<hr />
<p>Envoyer vos condoléances</p>
<p>[contact-form to= »rene.gau@telus.net » subject= »Condoléances Raymond Bélanger « ][contact-field label= »Votre nom » type= »name » required= »1&Prime;][contact-field label= »Votre courriel » type= »email » required= »1&Prime;][contact-field label= »Condoléances » type= »textarea »][/contact-form]</p>
