{"id":64215,"date":"2025-05-17T20:09:37","date_gmt":"2025-05-18T00:09:37","guid":{"rendered":"https:\/\/nouveau.maisonmallet.com\/?post_type=event&#038;p=64215"},"modified":"2025-07-05T10:17:36","modified_gmt":"2025-07-05T14:17:36","slug":"jomphe-gilles-lchef","status":"publish","type":"event","link":"https:\/\/nouveau.maisonmallet.com\/back05_01\/?event=jomphe-gilles-lchef","title":{"rendered":"JOMPHE, Gilles (L&rsquo;Chef)"},"content":{"rendered":"<p>La Maison L.J.G. Mallet a le regret de vous annoncer le d\u00e9c\u00e8s de<\/p>\n<p>Gilles (L\u2019Chef) Jomphe<br \/>\n1951 &#8211; 2025<\/p>\n<p>\u00c0 Havre Saint-Pierre, le 17 mai 2025, est d\u00e9c\u00e9d\u00e9 \u00e0 l\u2019\u00e2ge de 74 ans, monsieur Gilles (L\u2019Chef) Jomphe fils de feu L\u00e9on Jomphe et de feu Alice Cormier domicili\u00e9 \u00e0 Havre Saint-Pierre.<\/p>\n<p>La c\u00e9r\u00e9monie comm\u00e9morative de Monsieur Gilles (L\u2019Chef) Jomphe aura lieu le samedi 7 juin 2025 \u00e0 15 h 30 au             salon de la maison L.J.G. Mallet du 1429, rue du Canot \u00e0 Havre Saint-Pierre et de l\u00e0 au cimeti\u00e8re de Havre Saint-Pierre.  <\/p>\n<p>Selon ses volont\u00e9s, il a \u00e9t\u00e9 confi\u00e9 au cr\u00e9matorium de la Maison L.J.G. Mallet pour cr\u00e9mation.<\/p>\n<p>La famille re\u00e7oit parents et amis le samedi 7 juin 2025 de 13 h \u00e0 16 h au salon de la Maison L.J.G. Mallet du 1429, rue du Canot \u00e0 Havre Saint-Pierre.<\/p>\n<p>Il laisse dans le deuil ses filles : Fanny et Cindy, leur m\u00e8re, madame Julianna Bellefleur, ses petits-fils : Anthony, D\u00e9rek et Daryl, ses petites-filles : Zhya, Britany et Kimberly ainsi que ses fr\u00e8res, ses s\u0153urs, ses beaux-fr\u00e8res,        ses belles-s\u0153urs, ses neveux, ses ni\u00e8ces, ses cousins, ses cousines et de nombreux ami(e)s.<\/p>\n<p>Il \u00e9tait le p\u00e8re de feu Alain Bellefleur.<\/p>\n<p>La famille a confi\u00e9 les arrangements aux services professionnels de la Maison L.J.G. Mallet du 1429, rue du Canot \u00e0    Havre Saint-Pierre, maintenant reconnue Distinction et membre de la Corporation des Thanatologues du Qu\u00e9bec.<\/p>\n<p>Vous pouvez consulter cet avis de d\u00e9c\u00e8s sur le www.maisonmallet.com<\/p>\n<p>Ceux et celles qui le d\u00e9sirent, peuvent y envoyer des messages de sympathie.<\/p>\n<p>[contact-form to=\u00a0\u00bbfjomphe@msn.com\u00a0\u00bb subject=\u00a0\u00bbCondol\u00e9ances Gilles Jomphe\u00a0\u00bb][contact-field label=\u00a0\u00bbVotre nom\u00a0\u00bb type=\u00a0\u00bbname\u00a0\u00bb required=\u00a0\u00bb1&Prime;][contact-field label=\u00a0\u00bbVotre courriel\u00a0\u00bb type=\u00a0\u00bbemail\u00a0\u00bb required=\u00a0\u00bb1&Prime;][contact-field label=\u00a0\u00bbCondol\u00e9ances\u00a0\u00bb type=\u00a0\u00bbtextarea\u00a0\u00bb][\/contact-form]<\/p>\n","protected":false},"featured_media":64256,"template":"","event_cat":[7],"class_list":["post-64215","event","type-event","status-publish","has-post-thumbnail","hentry","event_cat-maison-l-j-g-mallet-inc"],"_links":{"self":[{"href":"https:\/\/nouveau.maisonmallet.com\/back05_01\/index.php?rest_route=\/wp\/v2\/event\/64215","targetHints":{"allow":["GET"]}}],"collection":[{"href":"https:\/\/nouveau.maisonmallet.com\/back05_01\/index.php?rest_route=\/wp\/v2\/event"}],"about":[{"href":"https:\/\/nouveau.maisonmallet.com\/back05_01\/index.php?rest_route=\/wp\/v2\/types\/event"}],"wp:featuredmedia":[{"embeddable":true,"href":"https:\/\/nouveau.maisonmallet.com\/back05_01\/index.php?rest_route=\/wp\/v2\/media\/64256"}],"wp:attachment":[{"href":"https:\/\/nouveau.maisonmallet.com\/back05_01\/index.php?rest_route=%2Fwp%2Fv2%2Fmedia&parent=64215"}],"wp:term":[{"taxonomy":"event_cat","embeddable":true,"href":"https:\/\/nouveau.maisonmallet.com\/back05_01\/index.php?rest_route=%2Fwp%2Fv2%2Fevent_cat&post=64215"}],"curies":[{"name":"wp","href":"https:\/\/api.w.org\/{rel}","templated":true}]}}

<p>La Maison L.J.G. Mallet a le regret de vous annoncer le décès de</p>
<p>Gilles (L’Chef) Jomphe<br />
1951 &#8211; 2025</p>
<p>À Havre Saint-Pierre, le 17 mai 2025, est décédé à l’âge de 74 ans, monsieur Gilles (L’Chef) Jomphe fils de feu Léon Jomphe et de feu Alice Cormier domicilié à Havre Saint-Pierre.</p>
<p>La cérémonie commémorative de Monsieur Gilles (L’Chef) Jomphe aura lieu le samedi 7 juin 2025 à 15 h 30 au             salon de la maison L.J.G. Mallet du 1429, rue du Canot à Havre Saint-Pierre et de là au cimetière de Havre Saint-Pierre.  </p>
<p>Selon ses volontés, il a été confié au crématorium de la Maison L.J.G. Mallet pour crémation.</p>
<p>La famille reçoit parents et amis le samedi 7 juin 2025 de 13 h à 16 h au salon de la Maison L.J.G. Mallet du 1429, rue du Canot à Havre Saint-Pierre.</p>
<p>Il laisse dans le deuil ses filles : Fanny et Cindy, leur mère, madame Julianna Bellefleur, ses petits-fils : Anthony, Dérek et Daryl, ses petites-filles : Zhya, Britany et Kimberly ainsi que ses frères, ses sœurs, ses beaux-frères,        ses belles-sœurs, ses neveux, ses nièces, ses cousins, ses cousines et de nombreux ami(e)s.</p>
<p>Il était le père de feu Alain Bellefleur.</p>
<p>La famille a confié les arrangements aux services professionnels de la Maison L.J.G. Mallet du 1429, rue du Canot à    Havre Saint-Pierre, maintenant reconnue Distinction et membre de la Corporation des Thanatologues du Québec.</p>
<p>Vous pouvez consulter cet avis de décès sur le www.maisonmallet.com</p>
<p>Ceux et celles qui le désirent, peuvent y envoyer des messages de sympathie.</p>
<p>[contact-form to= »fjomphe@msn.com » subject= »Condoléances Gilles Jomphe »][contact-field label= »Votre nom » type= »name » required= »1&Prime;][contact-field label= »Votre courriel » type= »email » required= »1&Prime;][contact-field label= »Condoléances » type= »textarea »][/contact-form]</p>
