{"id":6422,"date":"2019-11-03T09:01:43","date_gmt":"2019-11-03T14:01:43","guid":{"rendered":"https:\/\/nouveau.maisonmallet.com\/?post_type=event&#038;p=6422"},"modified":"2019-11-05T11:43:06","modified_gmt":"2019-11-05T16:43:06","slug":"dupuis-horace-ti-lou","status":"publish","type":"event","link":"https:\/\/nouveau.maisonmallet.com\/back05_01\/?event=dupuis-horace-ti-lou","title":{"rendered":"DUPUIS, Horace (Ti-Lou)"},"content":{"rendered":"<p>1947-2019<\/p>\n<p>DUPUIS, Horace (Ti-Lou)<\/p>\n<p>\u00c0 Sept-\u00celes, le 3 novembre 2019, est d\u00e9c\u00e9d\u00e9 \u00e0 l\u2019\u00e2ge de 72 ans et 5 mois monsieur Horace (Ti-Lou) Dupuis \u00e9poux de madame Marie-Paule Thibault et domicili\u00e9 \u00e0 Havre-Saint-Pierre.<\/p>\n<p>Les fun\u00e9railles de monsieur Horace (Ti-Lou) Dupuis auront lieu le vendredi 8 novembre 2019 \u00e0 15 h\u00a0 en l\u2019\u00e9glise Saint-Pierre de Havre-Saint-Pierre.<\/p>\n<p>Selon ses volont\u00e9s, il a \u00e9t\u00e9 confi\u00e9 au cr\u00e9matorium de la Maison L.J.G. Mallet pour cr\u00e9mation.<\/p>\n<p>La famille re\u00e7oit parents et amis le vendredi 8 novembre 2019 jour des fun\u00e9railles \u00e0 compter de 14 h \u00e0 l\u2019\u00c9glise Saint-Pierre de Havre-Saint-Pierre.<\/p>\n<p>Il laisse dans le deuil outre son \u00e9pouse madame Marie-Paule Thibault, ses filles : Annick (Louis-Philippe Supper) et Brenda (Patrick Samuel), son fils : Kaven (Monia Blais), ses petits-enfants : Marc-Andr\u00e9, Jonathan, Marilou, Zachari, Jordan et Th\u00e9o ainsi que ses fr\u00e8res, ses s\u0153urs, ses beaux-fr\u00e8res, ses belles-s\u0153urs, ses neveux, ses ni\u00e8ces et de\u00a0 nombreux ami(e)s.<\/p>\n<p>Vos marques de sympathie peuvent se traduire par un don \u00e0 l\u2019Association du cancer de l\u2019Est du Qu\u00e9bec au 151, rue Saint-Louis Case Postale 4151 Rimouski G5L 0A4.<\/p>\n<p>La famille a confi\u00e9 la direction des fun\u00e9railles aux services professionnels de la Maison L.J.G. Mallet du 1429, rue du Canot \u00e0 Havre-Saint-Pierre, maintenant reconnue Distinction et membre de la Corporation des Thanatologues du Qu\u00e9bec.<\/p>\n<p>Vous pouvez consulter cet avis de d\u00e9c\u00e8s sur le <a href=\"https:\/\/nouveau.maisonmallet.com\/back05_01\">www.maisonmallet.com<\/a><\/p>\n<p>Ceux et celles qui le d\u00e9sirent, peuvent y envoyer des messages de sympathie.<\/p>\n<p>&nbsp;<\/p>\n<p>&nbsp;<\/p>\n<hr \/>\n<p>Envoyer vos condol\u00e9ances<\/p>\n<p>[contact-form to=\u00a0\u00bbadupuis006@gmail.com\u00a0\u00bb subject=\u00a0\u00bbCondol\u00e9ances Horace (Ti-Lou) Dupuis\u00a0\u00bb][contact-field label=\u00a0\u00bbVotre nom\u00a0\u00bb type=\u00a0\u00bbname\u00a0\u00bb required=\u00a0\u00bb1&Prime;][contact-field label=\u00a0\u00bbVotre courriel\u00a0\u00bb type=\u00a0\u00bbemail\u00a0\u00bb required=\u00a0\u00bb1&Prime;][contact-field label=\u00a0\u00bbCondol\u00e9ances\u00a0\u00bb type=\u00a0\u00bbtextarea\u00a0\u00bb][\/contact-form]<\/p>\n","protected":false},"featured_media":6448,"template":"","event_cat":[7],"class_list":["post-6422","event","type-event","status-publish","has-post-thumbnail","hentry","event_cat-maison-l-j-g-mallet-inc"],"_links":{"self":[{"href":"https:\/\/nouveau.maisonmallet.com\/back05_01\/index.php?rest_route=\/wp\/v2\/event\/6422","targetHints":{"allow":["GET"]}}],"collection":[{"href":"https:\/\/nouveau.maisonmallet.com\/back05_01\/index.php?rest_route=\/wp\/v2\/event"}],"about":[{"href":"https:\/\/nouveau.maisonmallet.com\/back05_01\/index.php?rest_route=\/wp\/v2\/types\/event"}],"wp:featuredmedia":[{"embeddable":true,"href":"https:\/\/nouveau.maisonmallet.com\/back05_01\/index.php?rest_route=\/wp\/v2\/media\/6448"}],"wp:attachment":[{"href":"https:\/\/nouveau.maisonmallet.com\/back05_01\/index.php?rest_route=%2Fwp%2Fv2%2Fmedia&parent=6422"}],"wp:term":[{"taxonomy":"event_cat","embeddable":true,"href":"https:\/\/nouveau.maisonmallet.com\/back05_01\/index.php?rest_route=%2Fwp%2Fv2%2Fevent_cat&post=6422"}],"curies":[{"name":"wp","href":"https:\/\/api.w.org\/{rel}","templated":true}]}}

<p>1947-2019</p>
<p>DUPUIS, Horace (Ti-Lou)</p>
<p>À Sept-Îles, le 3 novembre 2019, est décédé à l’âge de 72 ans et 5 mois monsieur Horace (Ti-Lou) Dupuis époux de madame Marie-Paule Thibault et domicilié à Havre-Saint-Pierre.</p>
<p>Les funérailles de monsieur Horace (Ti-Lou) Dupuis auront lieu le vendredi 8 novembre 2019 à 15 h  en l’église Saint-Pierre de Havre-Saint-Pierre.</p>
<p>Selon ses volontés, il a été confié au crématorium de la Maison L.J.G. Mallet pour crémation.</p>
<p>La famille reçoit parents et amis le vendredi 8 novembre 2019 jour des funérailles à compter de 14 h à l’Église Saint-Pierre de Havre-Saint-Pierre.</p>
<p>Il laisse dans le deuil outre son épouse madame Marie-Paule Thibault, ses filles : Annick (Louis-Philippe Supper) et Brenda (Patrick Samuel), son fils : Kaven (Monia Blais), ses petits-enfants : Marc-André, Jonathan, Marilou, Zachari, Jordan et Théo ainsi que ses frères, ses sœurs, ses beaux-frères, ses belles-sœurs, ses neveux, ses nièces et de  nombreux ami(e)s.</p>
<p>Vos marques de sympathie peuvent se traduire par un don à l’Association du cancer de l’Est du Québec au 151, rue Saint-Louis Case Postale 4151 Rimouski G5L 0A4.</p>
<p>La famille a confié la direction des funérailles aux services professionnels de la Maison L.J.G. Mallet du 1429, rue du Canot à Havre-Saint-Pierre, maintenant reconnue Distinction et membre de la Corporation des Thanatologues du Québec.</p>
<p>Vous pouvez consulter cet avis de décès sur le <a href="https://nouveau.maisonmallet.com/back05_01">www.maisonmallet.com</a></p>
<p>Ceux et celles qui le désirent, peuvent y envoyer des messages de sympathie.</p>
<p>&nbsp;</p>
<p>&nbsp;</p>
<hr />
<p>Envoyer vos condoléances</p>
<p>[contact-form to= »adupuis006@gmail.com » subject= »Condoléances Horace (Ti-Lou) Dupuis »][contact-field label= »Votre nom » type= »name » required= »1&Prime;][contact-field label= »Votre courriel » type= »email » required= »1&Prime;][contact-field label= »Condoléances » type= »textarea »][/contact-form]</p>
