{"id":64366,"date":"2025-05-14T21:10:28","date_gmt":"2025-05-15T01:10:28","guid":{"rendered":"https:\/\/nouveau.maisonmallet.com\/?post_type=event&#038;p=64366"},"modified":"2025-07-05T10:16:11","modified_gmt":"2025-07-05T14:16:11","slug":"blais-gisele","status":"publish","type":"event","link":"https:\/\/nouveau.maisonmallet.com\/back05_01\/?event=blais-gisele","title":{"rendered":"BLAIS, Gis\u00e8le"},"content":{"rendered":"<p>La Maison L.J.G. Mallet a le regret de vous annoncer le d\u00e9c\u00e8s de<\/p>\n<p>Gis\u00e8le Blais<br \/>\n1936 &#8211; 2025<\/p>\n<p>\u00c0 Havre Saint-Pierre, le 14 mai 2025, est d\u00e9c\u00e9d\u00e9e \u00e0 l\u2019\u00e2ge de 89 ans, madame Gis\u00e8le Blais \u00e9pouse de feu Normand Landry et domicili\u00e9e \u00e0 Havre Saint-Pierre.<\/p>\n<p>Les fun\u00e9railles de madame Gis\u00e8le Blais auront lieu le vendredi 6 juin 2025 \u00e0 14 h en l\u2019\u00c9glise Immacul\u00e9e-Conception de Natashquan et de l\u00e0 au cimeti\u00e8re de Natashquan.<\/p>\n<p>Selon ses volont\u00e9s, elle a \u00e9t\u00e9 confi\u00e9e \u00e0 la Maison L.J.G. Mallet pour cr\u00e9mation.<\/p>\n<p>La famille re\u00e7oit parents et amis, le vendredi 6 juin 2025 de 12 h 30 \u00e0 14 h \u00e0 l\u2019\u00c9glise Immacul\u00e9e-Conception de Natashquan.<\/p>\n<p>elle laisse dans le deuil ses enfants : Jacques (Jeannette Vigneault), Francine (Daniel Barriault), Marina (Bernard Roy), Claude (Eric Landry), ses petits-enfants : Julie, \u00c9lie, Marina, Marie-Christine, Fr\u00e9d\u00e9rique, Anne, Tobie et Emmanuelle, ses douze arri\u00e8re-petits-enfants ainsi que son fr\u00e8re Roland (Lise Carbonneau), sa s\u0153ur Marie-Ange, sa belle-s\u0153ur, ses neveux, ses ni\u00e8ces et de nombreux amis.<\/p>\n<p>Vos marques de sympathies peuvent se traduire par un don \u00e0 la paroisse Immacul\u00e9e-Conception de Natasquan.<\/p>\n<p>La famille a confi\u00e9 la direction des fun\u00e9railles aux services professionnels de la Maison L.J.G. Mallet du 1429, rue du Canot \u00e0 Havre-Saint-Pierre, maintenant reconnue Distinction et membre de la Corporation des Thanatologues du Qu\u00e9bec.<\/p>\n<p>Vous pouvez consulter cet avis de d\u00e9c\u00e8s sur le site www.maisonmallet.com.<\/p>\n<p>Ceux et celle qui le d\u00e9sirent peuvent y envoyer des messages de sympathie.<\/p>\n<p>[contact-form to=\u00a0\u00bbfrancinelandry@live.ca\u00a0\u00bb subject=\u00a0\u00bbCondol\u00e9ances Gis\u00e8le Blais\u00a0\u00bb][contact-field label=\u00a0\u00bbVotre nom\u00a0\u00bb type=\u00a0\u00bbname\u00a0\u00bb required=\u00a0\u00bb1&Prime;][contact-field label=\u00a0\u00bbVotre courriel\u00a0\u00bb type=\u00a0\u00bbemail\u00a0\u00bb required=\u00a0\u00bb1&Prime;][contact-field label=\u00a0\u00bbCondol\u00e9ances\u00a0\u00bb type=\u00a0\u00bbtextarea\u00a0\u00bb][\/contact-form]<\/p>\n","protected":false},"featured_media":64389,"template":"","event_cat":[7],"class_list":["post-64366","event","type-event","status-publish","has-post-thumbnail","hentry","event_cat-maison-l-j-g-mallet-inc"],"_links":{"self":[{"href":"https:\/\/nouveau.maisonmallet.com\/back05_01\/index.php?rest_route=\/wp\/v2\/event\/64366","targetHints":{"allow":["GET"]}}],"collection":[{"href":"https:\/\/nouveau.maisonmallet.com\/back05_01\/index.php?rest_route=\/wp\/v2\/event"}],"about":[{"href":"https:\/\/nouveau.maisonmallet.com\/back05_01\/index.php?rest_route=\/wp\/v2\/types\/event"}],"wp:featuredmedia":[{"embeddable":true,"href":"https:\/\/nouveau.maisonmallet.com\/back05_01\/index.php?rest_route=\/wp\/v2\/media\/64389"}],"wp:attachment":[{"href":"https:\/\/nouveau.maisonmallet.com\/back05_01\/index.php?rest_route=%2Fwp%2Fv2%2Fmedia&parent=64366"}],"wp:term":[{"taxonomy":"event_cat","embeddable":true,"href":"https:\/\/nouveau.maisonmallet.com\/back05_01\/index.php?rest_route=%2Fwp%2Fv2%2Fevent_cat&post=64366"}],"curies":[{"name":"wp","href":"https:\/\/api.w.org\/{rel}","templated":true}]}}

BLAIS, Gisèle

<p>La Maison L.J.G. Mallet a le regret de vous annoncer le décès de</p>
<p>Gisèle Blais<br />
1936 &#8211; 2025</p>
<p>À Havre Saint-Pierre, le 14 mai 2025, est décédée à l’âge de 89 ans, madame Gisèle Blais épouse de feu Normand Landry et domiciliée à Havre Saint-Pierre.</p>
<p>Les funérailles de madame Gisèle Blais auront lieu le vendredi 6 juin 2025 à 14 h en l’Église Immaculée-Conception de Natashquan et de là au cimetière de Natashquan.</p>
<p>Selon ses volontés, elle a été confiée à la Maison L.J.G. Mallet pour crémation.</p>
<p>La famille reçoit parents et amis, le vendredi 6 juin 2025 de 12 h 30 à 14 h à l’Église Immaculée-Conception de Natashquan.</p>
<p>elle laisse dans le deuil ses enfants : Jacques (Jeannette Vigneault), Francine (Daniel Barriault), Marina (Bernard Roy), Claude (Eric Landry), ses petits-enfants : Julie, Élie, Marina, Marie-Christine, Frédérique, Anne, Tobie et Emmanuelle, ses douze arrière-petits-enfants ainsi que son frère Roland (Lise Carbonneau), sa sœur Marie-Ange, sa belle-sœur, ses neveux, ses nièces et de nombreux amis.</p>
<p>Vos marques de sympathies peuvent se traduire par un don à la paroisse Immaculée-Conception de Natasquan.</p>
<p>La famille a confié la direction des funérailles aux services professionnels de la Maison L.J.G. Mallet du 1429, rue du Canot à Havre-Saint-Pierre, maintenant reconnue Distinction et membre de la Corporation des Thanatologues du Québec.</p>
<p>Vous pouvez consulter cet avis de décès sur le site www.maisonmallet.com.</p>
<p>Ceux et celle qui le désirent peuvent y envoyer des messages de sympathie.</p>
<p>[contact-form to= »francinelandry@live.ca » subject= »Condoléances Gisèle Blais »][contact-field label= »Votre nom » type= »name » required= »1&Prime;][contact-field label= »Votre courriel » type= »email » required= »1&Prime;][contact-field label= »Condoléances » type= »textarea »][/contact-form]</p>
