{"id":64390,"date":"2025-05-13T16:37:47","date_gmt":"2025-05-13T20:37:47","guid":{"rendered":"https:\/\/nouveau.maisonmallet.com\/?post_type=event&#038;p=64390"},"modified":"2025-07-05T10:15:41","modified_gmt":"2025-07-05T14:15:41","slug":"doucet-levis","status":"publish","type":"event","link":"https:\/\/nouveau.maisonmallet.com\/back05_01\/?event=doucet-levis","title":{"rendered":"DOUCET, L\u00e9vis"},"content":{"rendered":"<p>Le Complexe Thanatologique Mallet &amp; fils a le regret de vous annoncer le d\u00e9c\u00e8s de<\/p>\n<p>L\u00e9vis Doucet<\/p>\n<p>1957 \u2013 2025<\/p>\n<p>&nbsp;<\/p>\n<p>\u00c0 Sept-\u00celes, le 13 mai 2025, est d\u00e9c\u00e9d\u00e9 \u00e0 l&rsquo;\u00e2ge de 67 ans, monsieur L\u00e9vis Doucet, fils de feu Wilfrid Doucet et de feu Rolande Dionne, conjoint de madame Chantale Denis et domicili\u00e9 \u00e0 Sept-\u00celes.<\/p>\n<p>Les fun\u00e9railles de monsieur L\u00e9vis Doucet auront lieu le samedi 21 juin 2025 \u00e0 10 h en l&rsquo;\u00e9glise Marie-Immacul\u00e9e situ\u00e9e au 180, rue Papineau \u00e0 Sept-\u00celes.<\/p>\n<p>Selon ses volont\u00e9s, il a \u00e9t\u00e9 confi\u00e9 au cr\u00e9matorium de la Maison Mallet &amp; fils pour cr\u00e9mation.<\/p>\n<p>La famille re\u00e7oit parents et amis le vendredi 20 juin 2025 de 13 h \u00e0 16 h et de 19 h \u00e0 21 h. Le samedi 21 juin 2025 jour des fun\u00e9railles \u00e0 compter de 8 h 30 au Complexe Thanatologique Mallet &amp; fils du 585, boul. Laure \u00e0 Sept-\u00celes.<\/p>\n<p>Il laisse dans le deuil outre sa conjointe madame Chantale Denis (sa fille Jade), sa fille Am\u00e9lie (Patrick Barriault), son fils Jean-Michel (V\u00e9ronique Jean), ses petit-enfants : Justine, \u00c8ve, Charles, Mah\u00e9e et Rapha\u00eblle, ses fr\u00e8res et ses s\u0153urs : Nick, Serge, Marjolaine, Fran\u00e7oise et Normand ainsi que ses beaux-fr\u00e8res, ses belles-s\u0153urs, ses neveux, ses ni\u00e8ces, ses cousins, ses cousines et de nombreux amis.<\/p>\n<p>Il \u00e9tait le fr\u00e8re de feu Val\u00e8re et feu Michel Doucet.<\/p>\n<p>Vos marques de sympathie peuvent se traduire par un don \u00e0 Hommes Sept-\u00celes ou Homme aide Manicouagan \u00a0<a href=\"https:\/\/hommeaidemanicouagan.org\/\">https:\/\/hommeaidemanicouagan.org\/<\/a>\u00a0 o\u00f9<\/p>\n<p><a href=\"https:\/\/www.hommesseptils.com\/fr\/faire-un-don_15\/\">https:\/\/www.hommesseptils.com\/fr\/faire-un-don_15\/<\/a><\/p>\n<p>La famille a confi\u00e9 les fun\u00e9railles aux services professionnels de la Maison Mallet &amp; fils du 585, boul. Laure \u00e0 Sept-\u00celes, maintenant reconnue Distinction et membre de la Corporation des Thanatologues du Qu\u00e9bec.<\/p>\n<p>Vous pouvez consulter cet avis de d\u00e9c\u00e8s, sur le www.maisonmallet.com<\/p>\n<p>Ceux et celles qui le d\u00e9sirent, peuvent y envoyer des messages de sympathie.<\/p>\n<p>&nbsp;<\/p>\n<hr \/>\n<p>Envoyer vos condol\u00e9ances<\/p>\n<p>[contact-form to=\u00a0\u00bbdoucet18@hotmail.com\u00a0\u00bb subject=\u00a0\u00bbCondol\u00e9ances L\u00e9vis Doucet\u00a0\u00bb][contact-field label=\u00a0\u00bbVotre nom\u00a0\u00bb type=\u00a0\u00bbname\u00a0\u00bb required=\u00a0\u00bb1&Prime;][contact-field label=\u00a0\u00bbVotre courriel\u00a0\u00bb type=\u00a0\u00bbemail\u00a0\u00bb required=\u00a0\u00bb1&Prime;][contact-field label=\u00a0\u00bbCondol\u00e9ances\u00a0\u00bb type=\u00a0\u00bbtextarea\u00a0\u00bb][\/contact-form]<\/p>\n","protected":false},"featured_media":64436,"template":"","event_cat":[6],"class_list":["post-64390","event","type-event","status-publish","has-post-thumbnail","hentry","event_cat-maison-mallet-et-fils-inc"],"_links":{"self":[{"href":"https:\/\/nouveau.maisonmallet.com\/back05_01\/index.php?rest_route=\/wp\/v2\/event\/64390","targetHints":{"allow":["GET"]}}],"collection":[{"href":"https:\/\/nouveau.maisonmallet.com\/back05_01\/index.php?rest_route=\/wp\/v2\/event"}],"about":[{"href":"https:\/\/nouveau.maisonmallet.com\/back05_01\/index.php?rest_route=\/wp\/v2\/types\/event"}],"wp:featuredmedia":[{"embeddable":true,"href":"https:\/\/nouveau.maisonmallet.com\/back05_01\/index.php?rest_route=\/wp\/v2\/media\/64436"}],"wp:attachment":[{"href":"https:\/\/nouveau.maisonmallet.com\/back05_01\/index.php?rest_route=%2Fwp%2Fv2%2Fmedia&parent=64390"}],"wp:term":[{"taxonomy":"event_cat","embeddable":true,"href":"https:\/\/nouveau.maisonmallet.com\/back05_01\/index.php?rest_route=%2Fwp%2Fv2%2Fevent_cat&post=64390"}],"curies":[{"name":"wp","href":"https:\/\/api.w.org\/{rel}","templated":true}]}}

DOUCET, Lévis

<p>Le Complexe Thanatologique Mallet &amp; fils a le regret de vous annoncer le décès de</p>
<p>Lévis Doucet</p>
<p>1957 – 2025</p>
<p>&nbsp;</p>
<p>À Sept-Îles, le 13 mai 2025, est décédé à l&rsquo;âge de 67 ans, monsieur Lévis Doucet, fils de feu Wilfrid Doucet et de feu Rolande Dionne, conjoint de madame Chantale Denis et domicilié à Sept-Îles.</p>
<p>Les funérailles de monsieur Lévis Doucet auront lieu le samedi 21 juin 2025 à 10 h en l&rsquo;église Marie-Immaculée située au 180, rue Papineau à Sept-Îles.</p>
<p>Selon ses volontés, il a été confié au crématorium de la Maison Mallet &amp; fils pour crémation.</p>
<p>La famille reçoit parents et amis le vendredi 20 juin 2025 de 13 h à 16 h et de 19 h à 21 h. Le samedi 21 juin 2025 jour des funérailles à compter de 8 h 30 au Complexe Thanatologique Mallet &amp; fils du 585, boul. Laure à Sept-Îles.</p>
<p>Il laisse dans le deuil outre sa conjointe madame Chantale Denis (sa fille Jade), sa fille Amélie (Patrick Barriault), son fils Jean-Michel (Véronique Jean), ses petit-enfants : Justine, Ève, Charles, Mahée et Raphaëlle, ses frères et ses sœurs : Nick, Serge, Marjolaine, Françoise et Normand ainsi que ses beaux-frères, ses belles-sœurs, ses neveux, ses nièces, ses cousins, ses cousines et de nombreux amis.</p>
<p>Il était le frère de feu Valère et feu Michel Doucet.</p>
<p>Vos marques de sympathie peuvent se traduire par un don à Hommes Sept-Îles ou Homme aide Manicouagan  <a href="https://hommeaidemanicouagan.org/">https://hommeaidemanicouagan.org/</a>  où</p>
<p><a href="https://www.hommesseptils.com/fr/faire-un-don_15/">https://www.hommesseptils.com/fr/faire-un-don_15/</a></p>
<p>La famille a confié les funérailles aux services professionnels de la Maison Mallet &amp; fils du 585, boul. Laure à Sept-Îles, maintenant reconnue Distinction et membre de la Corporation des Thanatologues du Québec.</p>
<p>Vous pouvez consulter cet avis de décès, sur le www.maisonmallet.com</p>
<p>Ceux et celles qui le désirent, peuvent y envoyer des messages de sympathie.</p>
<p>&nbsp;</p>
<hr />
<p>Envoyer vos condoléances</p>
<p>[contact-form to= »doucet18@hotmail.com » subject= »Condoléances Lévis Doucet »][contact-field label= »Votre nom » type= »name » required= »1&Prime;][contact-field label= »Votre courriel » type= »email » required= »1&Prime;][contact-field label= »Condoléances » type= »textarea »][/contact-form]</p>
