{"id":64434,"date":"2025-05-04T09:37:26","date_gmt":"2025-05-04T13:37:26","guid":{"rendered":"https:\/\/nouveau.maisonmallet.com\/?post_type=event&#038;p=64434"},"modified":"2025-07-05T10:15:15","modified_gmt":"2025-07-05T14:15:15","slug":"lebel-alfred","status":"publish","type":"event","link":"https:\/\/nouveau.maisonmallet.com\/back05_01\/?event=lebel-alfred","title":{"rendered":"LEBEL, Alfred"},"content":{"rendered":"<p>Le Complexe Thanatologique Mallet &amp; fils a le regret de vous annoncer le d\u00e9c\u00e8s de<\/p>\n<p>Alfred Lebel<\/p>\n<p>1934 \u2013 2025<\/p>\n<p>&nbsp;<\/p>\n<p>\u00c0 Sept-\u00celes, le 4 mai 2025, est d\u00e9c\u00e9d\u00e9 \u00e0 l&rsquo;\u00e2ge de 91 ans, monsieur Alfred Lebel \u00e9poux de madame Doris Cayouette et domicili\u00e9 \u00e0 Sept-\u00celes.<\/p>\n<p>Selon ses volont\u00e9s, il a \u00e9t\u00e9 confi\u00e9 au cr\u00e9matorium de la Maison Mallet &amp; fils pour cr\u00e9mation.<\/p>\n<p>Il laisse dans le deuil outre son \u00e9pouse madame Doris Cayouette, ses enfants\u00a0: Louise (feu Jean-Yves Beaulieu), Pierre (Janick Rioux) et Sylvie (Armand Bissonnette), ses quatre petits-enfants, son arri\u00e8re-petite-fille, ses deux arri\u00e8re-arri\u00e8re-petite-filles ainsi que sa s\u0153ur Claudette, ses neveux, ses ni\u00e8ces, ses cousins, ses cousines et de nombreux ami(e)s.<\/p>\n<p>La famille a confi\u00e9 les arrangements aux services professionnels de la Maison Mallet &amp; fils du 585 Boul. Laure \u00e0 Sept-\u00celes, maintenant reconnue Distinction et membre de la Corporation des Thanatologues du Qu\u00e9bec.<\/p>\n<p>Vous pouvez consulter cet avis de d\u00e9c\u00e8s sur le :\u00a0<a href=\"https:\/\/nouveau.maisonmallet.com\/\">www.maisonmallet.com<\/a><\/p>\n<p>Ceux et celles qui le d\u00e9sirent, peuvent y envoyer des messages de sympathie.<\/p>\n<p>&nbsp;<\/p>\n<hr \/>\n<p>Envoyer vos condol\u00e9ances<\/p>\n<p>[contact-form to=\u00a0\u00bbpinotte323@gmail.com\u00a0\u00bb subject=\u00a0\u00bbCondol\u00e9ances Alfred Lebel\u00a0\u00bb][contact-field label=\u00a0\u00bbVotre nom\u00a0\u00bb type=\u00a0\u00bbname\u00a0\u00bb required=\u00a0\u00bb1&Prime;][contact-field label=\u00a0\u00bbVotre courriel\u00a0\u00bb type=\u00a0\u00bbemail\u00a0\u00bb required=\u00a0\u00bb1&Prime;][contact-field label=\u00a0\u00bbCondol\u00e9ances\u00a0\u00bb type=\u00a0\u00bbtextarea\u00a0\u00bb][\/contact-form]<\/p>\n","protected":false},"featured_media":64512,"template":"","event_cat":[6],"class_list":["post-64434","event","type-event","status-publish","has-post-thumbnail","hentry","event_cat-maison-mallet-et-fils-inc"],"_links":{"self":[{"href":"https:\/\/nouveau.maisonmallet.com\/back05_01\/index.php?rest_route=\/wp\/v2\/event\/64434","targetHints":{"allow":["GET"]}}],"collection":[{"href":"https:\/\/nouveau.maisonmallet.com\/back05_01\/index.php?rest_route=\/wp\/v2\/event"}],"about":[{"href":"https:\/\/nouveau.maisonmallet.com\/back05_01\/index.php?rest_route=\/wp\/v2\/types\/event"}],"wp:featuredmedia":[{"embeddable":true,"href":"https:\/\/nouveau.maisonmallet.com\/back05_01\/index.php?rest_route=\/wp\/v2\/media\/64512"}],"wp:attachment":[{"href":"https:\/\/nouveau.maisonmallet.com\/back05_01\/index.php?rest_route=%2Fwp%2Fv2%2Fmedia&parent=64434"}],"wp:term":[{"taxonomy":"event_cat","embeddable":true,"href":"https:\/\/nouveau.maisonmallet.com\/back05_01\/index.php?rest_route=%2Fwp%2Fv2%2Fevent_cat&post=64434"}],"curies":[{"name":"wp","href":"https:\/\/api.w.org\/{rel}","templated":true}]}}

<p>Le Complexe Thanatologique Mallet &amp; fils a le regret de vous annoncer le décès de</p>
<p>Alfred Lebel</p>
<p>1934 – 2025</p>
<p>&nbsp;</p>
<p>À Sept-Îles, le 4 mai 2025, est décédé à l&rsquo;âge de 91 ans, monsieur Alfred Lebel époux de madame Doris Cayouette et domicilié à Sept-Îles.</p>
<p>Selon ses volontés, il a été confié au crématorium de la Maison Mallet &amp; fils pour crémation.</p>
<p>Il laisse dans le deuil outre son épouse madame Doris Cayouette, ses enfants : Louise (feu Jean-Yves Beaulieu), Pierre (Janick Rioux) et Sylvie (Armand Bissonnette), ses quatre petits-enfants, son arrière-petite-fille, ses deux arrière-arrière-petite-filles ainsi que sa sœur Claudette, ses neveux, ses nièces, ses cousins, ses cousines et de nombreux ami(e)s.</p>
<p>La famille a confié les arrangements aux services professionnels de la Maison Mallet &amp; fils du 585 Boul. Laure à Sept-Îles, maintenant reconnue Distinction et membre de la Corporation des Thanatologues du Québec.</p>
<p>Vous pouvez consulter cet avis de décès sur le : <a href="https://nouveau.maisonmallet.com/">www.maisonmallet.com</a></p>
<p>Ceux et celles qui le désirent, peuvent y envoyer des messages de sympathie.</p>
<p>&nbsp;</p>
<hr />
<p>Envoyer vos condoléances</p>
<p>[contact-form to= »pinotte323@gmail.com » subject= »Condoléances Alfred Lebel »][contact-field label= »Votre nom » type= »name » required= »1&Prime;][contact-field label= »Votre courriel » type= »email » required= »1&Prime;][contact-field label= »Condoléances » type= »textarea »][/contact-form]</p>
