{"id":64787,"date":"2025-05-31T17:53:51","date_gmt":"2025-05-31T21:53:51","guid":{"rendered":"https:\/\/nouveau.maisonmallet.com\/?post_type=event&#038;p=64787"},"modified":"2025-07-05T10:09:09","modified_gmt":"2025-07-05T14:09:09","slug":"jerome-bernadette-berny","status":"publish","type":"event","link":"https:\/\/nouveau.maisonmallet.com\/back05_01\/?event=jerome-bernadette-berny","title":{"rendered":"J\u00c9R\u00d4ME, Bernadette (Berny)"},"content":{"rendered":"<p>Le Complexe Thanatologique Mallet &amp; fils a le regret de vous annoncer le d\u00e9c\u00e8s de<\/p>\n<p>Bernadette J\u00e9r\u00f4me (Berny)<\/p>\n<p>1940 \u2013 2025<\/p>\n<p>&nbsp;<\/p>\n<p>\u00c0 Mani-utenam, le 31 mai 2025, est d\u00e9c\u00e9d\u00e9e \u00e0 l\u2019\u00e2ge de 85 ans, madame Bernadette J\u00e9r\u00f4me \u00e9pouse de feu G\u00e9rard Fontaine et domicili\u00e9e \u00e0 Mani-utenam.<\/p>\n<p>Les fun\u00e9railles de madame Bernadette J\u00e9r\u00f4me auront lieu le lundi 9 juin 2025 \u00e0 14 h en l\u2019\u00e9glise Notre-Dame du Cap situ\u00e9e au 139, rue de l\u2019\u00c9glise \u00e0 Mani-utenam et de l\u00e0 au cimeti\u00e8re de Mani-utenam.<\/p>\n<p>La famille re\u00e7oit parents et amis le samedi 7 juin 2025 de 19 h \u00e0 22 h. Le dimanche 8 juin 2025 de 13 h \u00e0 16 h et de 19 h \u00e0 22 h ainsi que le lundi 9 juin 2025 jours des fun\u00e9railles \u00e0 compter de 12 h 30 \u00e0 l\u2019\u00e9glise Notre-Dame du Cape de Mani-utenam.<\/p>\n<p>Elle laisse dans le deuil ses enfants\u00a0: Claudette, Vivianne, Georgie, Patricia (Guy), Desneiges, Marl\u00e8ne (\u00c9ric) et Job Nattawapio, ses dix-neuf petits-enfants, ses trente-cinq arri\u00e8re-petits-enfants, ses fr\u00e8res\u00a0: Andr\u00e9 (Claire) et Jean-Fran\u00e7ois Minville, sa s\u0153ur Micheline ainsi que ses beaux-fr\u00e8res, ses belles-s\u0153urs, ses neveux, ses ni\u00e8ces, ses cousins, ses cousines et de nombreux ami(e)s.<\/p>\n<p>Elle \u00e9tait la m\u00e8re de feu Donalda (Dada).<\/p>\n<p>La famille a confi\u00e9 la direction des fun\u00e9railles aux services professionnels de la Maison Mallet &amp; fils du 585, Boul. Laure \u00e0 Sept-\u00celes, maintenant reconnue Distinction et membre de la Corporation des Thanatologues du Qu\u00e9bec.<\/p>\n<p>Vous pouvez consulter cet avis de d\u00e9c\u00e8s sur le <a href=\"https:\/\/nouveau.maisonmallet.com\">www.maisonmallet.com<\/a><\/p>\n<p>Ceux et celles qui le d\u00e9sirent, peuvent y envoyer des messages de condol\u00e9ances.<\/p>\n<p>&nbsp;<\/p>\n<hr \/>\n<p>Envoyer vos condol\u00e9ances<\/p>\n<p>[contact-form to=\u00a0\u00bbgfontaine63@hotmail.com\u00a0\u00bb subject=\u00a0\u00bbCondol\u00e9ances Bernadette J\u00e9r\u00f4me\u00a0\u00bb][contact-field label=\u00a0\u00bbVotre nom\u00a0\u00bb type=\u00a0\u00bbname\u00a0\u00bb required=\u00a0\u00bb1&Prime;][contact-field label=\u00a0\u00bbVotre courriel\u00a0\u00bb type=\u00a0\u00bbemail\u00a0\u00bb required=\u00a0\u00bb1&Prime;][contact-field label=\u00a0\u00bbCondol\u00e9ances\u00a0\u00bb type=\u00a0\u00bbtextarea\u00a0\u00bb][\/contact-form]<\/p>\n","protected":false},"featured_media":64792,"template":"","event_cat":[6],"class_list":["post-64787","event","type-event","status-publish","has-post-thumbnail","hentry","event_cat-maison-mallet-et-fils-inc"],"_links":{"self":[{"href":"https:\/\/nouveau.maisonmallet.com\/back05_01\/index.php?rest_route=\/wp\/v2\/event\/64787","targetHints":{"allow":["GET"]}}],"collection":[{"href":"https:\/\/nouveau.maisonmallet.com\/back05_01\/index.php?rest_route=\/wp\/v2\/event"}],"about":[{"href":"https:\/\/nouveau.maisonmallet.com\/back05_01\/index.php?rest_route=\/wp\/v2\/types\/event"}],"wp:featuredmedia":[{"embeddable":true,"href":"https:\/\/nouveau.maisonmallet.com\/back05_01\/index.php?rest_route=\/wp\/v2\/media\/64792"}],"wp:attachment":[{"href":"https:\/\/nouveau.maisonmallet.com\/back05_01\/index.php?rest_route=%2Fwp%2Fv2%2Fmedia&parent=64787"}],"wp:term":[{"taxonomy":"event_cat","embeddable":true,"href":"https:\/\/nouveau.maisonmallet.com\/back05_01\/index.php?rest_route=%2Fwp%2Fv2%2Fevent_cat&post=64787"}],"curies":[{"name":"wp","href":"https:\/\/api.w.org\/{rel}","templated":true}]}}

JÉRÔME, Bernadette (Berny)

<p>Le Complexe Thanatologique Mallet &amp; fils a le regret de vous annoncer le décès de</p>
<p>Bernadette Jérôme (Berny)</p>
<p>1940 – 2025</p>
<p>&nbsp;</p>
<p>À Mani-utenam, le 31 mai 2025, est décédée à l’âge de 85 ans, madame Bernadette Jérôme épouse de feu Gérard Fontaine et domiciliée à Mani-utenam.</p>
<p>Les funérailles de madame Bernadette Jérôme auront lieu le lundi 9 juin 2025 à 14 h en l’église Notre-Dame du Cap située au 139, rue de l’Église à Mani-utenam et de là au cimetière de Mani-utenam.</p>
<p>La famille reçoit parents et amis le samedi 7 juin 2025 de 19 h à 22 h. Le dimanche 8 juin 2025 de 13 h à 16 h et de 19 h à 22 h ainsi que le lundi 9 juin 2025 jours des funérailles à compter de 12 h 30 à l’église Notre-Dame du Cape de Mani-utenam.</p>
<p>Elle laisse dans le deuil ses enfants : Claudette, Vivianne, Georgie, Patricia (Guy), Desneiges, Marlène (Éric) et Job Nattawapio, ses dix-neuf petits-enfants, ses trente-cinq arrière-petits-enfants, ses frères : André (Claire) et Jean-François Minville, sa sœur Micheline ainsi que ses beaux-frères, ses belles-sœurs, ses neveux, ses nièces, ses cousins, ses cousines et de nombreux ami(e)s.</p>
<p>Elle était la mère de feu Donalda (Dada).</p>
<p>La famille a confié la direction des funérailles aux services professionnels de la Maison Mallet &amp; fils du 585, Boul. Laure à Sept-Îles, maintenant reconnue Distinction et membre de la Corporation des Thanatologues du Québec.</p>
<p>Vous pouvez consulter cet avis de décès sur le <a href="https://nouveau.maisonmallet.com">www.maisonmallet.com</a></p>
<p>Ceux et celles qui le désirent, peuvent y envoyer des messages de condoléances.</p>
<p>&nbsp;</p>
<hr />
<p>Envoyer vos condoléances</p>
<p>[contact-form to= »gfontaine63@hotmail.com » subject= »Condoléances Bernadette Jérôme »][contact-field label= »Votre nom » type= »name » required= »1&Prime;][contact-field label= »Votre courriel » type= »email » required= »1&Prime;][contact-field label= »Condoléances » type= »textarea »][/contact-form]</p>
