{"id":64880,"date":"2025-05-04T17:04:42","date_gmt":"2025-05-04T21:04:42","guid":{"rendered":"https:\/\/nouveau.maisonmallet.com\/?post_type=event&#038;p=64880"},"modified":"2025-07-05T10:08:06","modified_gmt":"2025-07-05T14:08:06","slug":"deschenes-romain","status":"publish","type":"event","link":"https:\/\/nouveau.maisonmallet.com\/back05_01\/?event=deschenes-romain","title":{"rendered":"DESCHENES, Romain"},"content":{"rendered":"<p>Le Complexe Thanatologique Mallet &#038; fils a le regret de vous annoncer le d\u00e9c\u00e8s de<\/p>\n<p>Romain Deschenes<br \/>\n1964 \u2013 2025 <\/p>\n<p>\u00c0 Longueuil, le 4 mai 2025, est d\u00e9c\u00e9d\u00e9 \u00e0 l\u2019\u00e2ge de 60 ans, monsieur Romain Deschenes conjoint de Martine Duplessis et domicili\u00e9 \u00e0 St-Lambert.<\/p>\n<p>Il laisse dans le deuil outre sa conjointe madame Martine Duplessi, son p\u00e8re monsieur Ga\u00e9tan Deschenes, sa m\u00e8re madame Nicole Lapierre, son fr\u00e8re Jean-Pierre (Mireille Duch\u00eanes), sa ni\u00e8ce Jade, son neveu Alexis ainsi que ses oncles, ses tantes, ses cousins, ses cousines et de nombreux amis.<\/p>\n<p>La famille a confi\u00e9 les arrangements aux services professionnels de la Maison Mallet &#038; fils du 585 Boul. Laure \u00e0 Sept-\u00celes, maintenant reconnue Distinction et membre de la Corporation des Thanatologues du Qu\u00e9bec.<\/p>\n<p>Vous pouvez consulter cet avis de d\u00e9c\u00e8s sur le : www.maisonmallet.com  <\/p>\n<p>Ceux et celles qui le d\u00e9sirent, peuvent y envoyer des messages de sympathie.<\/p>\n<p>[contact-form to=\u00a0\u00bbnicoledeschenes20@icloud.com\u00a0\u00bb subject=\u00a0\u00bbCondol\u00e9ances Romain Deschenes\u00a0\u00bb][contact-field label=\u00a0\u00bbVotre nom\u00a0\u00bb type=\u00a0\u00bbname\u00a0\u00bb required=\u00a0\u00bb1&Prime;][contact-field label=\u00a0\u00bbVotre courriel\u00a0\u00bb type=\u00a0\u00bbemail\u00a0\u00bb required=\u00a0\u00bb1&Prime;][contact-field label=\u00a0\u00bbCondol\u00e9ances\u00a0\u00bb type=\u00a0\u00bbtextarea\u00a0\u00bb][\/contact-form]<\/p>\n","protected":false},"featured_media":64903,"template":"","event_cat":[6],"class_list":["post-64880","event","type-event","status-publish","has-post-thumbnail","hentry","event_cat-maison-mallet-et-fils-inc"],"_links":{"self":[{"href":"https:\/\/nouveau.maisonmallet.com\/back05_01\/index.php?rest_route=\/wp\/v2\/event\/64880","targetHints":{"allow":["GET"]}}],"collection":[{"href":"https:\/\/nouveau.maisonmallet.com\/back05_01\/index.php?rest_route=\/wp\/v2\/event"}],"about":[{"href":"https:\/\/nouveau.maisonmallet.com\/back05_01\/index.php?rest_route=\/wp\/v2\/types\/event"}],"wp:featuredmedia":[{"embeddable":true,"href":"https:\/\/nouveau.maisonmallet.com\/back05_01\/index.php?rest_route=\/wp\/v2\/media\/64903"}],"wp:attachment":[{"href":"https:\/\/nouveau.maisonmallet.com\/back05_01\/index.php?rest_route=%2Fwp%2Fv2%2Fmedia&parent=64880"}],"wp:term":[{"taxonomy":"event_cat","embeddable":true,"href":"https:\/\/nouveau.maisonmallet.com\/back05_01\/index.php?rest_route=%2Fwp%2Fv2%2Fevent_cat&post=64880"}],"curies":[{"name":"wp","href":"https:\/\/api.w.org\/{rel}","templated":true}]}}

<p>Le Complexe Thanatologique Mallet &#038; fils a le regret de vous annoncer le décès de</p>
<p>Romain Deschenes<br />
1964 – 2025 </p>
<p>À Longueuil, le 4 mai 2025, est décédé à l’âge de 60 ans, monsieur Romain Deschenes conjoint de Martine Duplessis et domicilié à St-Lambert.</p>
<p>Il laisse dans le deuil outre sa conjointe madame Martine Duplessi, son père monsieur Gaétan Deschenes, sa mère madame Nicole Lapierre, son frère Jean-Pierre (Mireille Duchênes), sa nièce Jade, son neveu Alexis ainsi que ses oncles, ses tantes, ses cousins, ses cousines et de nombreux amis.</p>
<p>La famille a confié les arrangements aux services professionnels de la Maison Mallet &#038; fils du 585 Boul. Laure à Sept-Îles, maintenant reconnue Distinction et membre de la Corporation des Thanatologues du Québec.</p>
<p>Vous pouvez consulter cet avis de décès sur le : www.maisonmallet.com  </p>
<p>Ceux et celles qui le désirent, peuvent y envoyer des messages de sympathie.</p>
<p>[contact-form to= »nicoledeschenes20@icloud.com » subject= »Condoléances Romain Deschenes »][contact-field label= »Votre nom » type= »name » required= »1&Prime;][contact-field label= »Votre courriel » type= »email » required= »1&Prime;][contact-field label= »Condoléances » type= »textarea »][/contact-form]</p>
