{"id":65055,"date":"2025-06-04T15:55:56","date_gmt":"2025-06-04T19:55:56","guid":{"rendered":"https:\/\/nouveau.maisonmallet.com\/?post_type=event&#038;p=65055"},"modified":"2025-07-05T10:07:37","modified_gmt":"2025-07-05T14:07:37","slug":"kaltush-simon","status":"publish","type":"event","link":"https:\/\/nouveau.maisonmallet.com\/back05_01\/?event=kaltush-simon","title":{"rendered":"KALTUSH, Simon"},"content":{"rendered":"<p>La Maison L.J.G. Mallet a le regret de vous annoncer le d\u00e9c\u00e8s de<\/p>\n<p>Simon Kaltush<br \/>\n1935 \u2013 2025<\/p>\n<p>\u00c0 Havre Saint-Pierre, le 4 juin 2025, est d\u00e9c\u00e9d\u00e9 \u00e0 l\u2019\u00e2ge de 89 ans, monsieur Simon Kaltush \u00e9poux de feu C\u00e9cile Lalo et domicili\u00e9 \u00e0 Nutashkuan.<\/p>\n<p>Les fun\u00e9railles de monsieur Simon Kaltush auront lieu le mardi 10 juin 2025 \u00e0 10 h en l\u2019\u00e9glise Notre-Dame-des-Indiens de Nutashkuan et de l\u00e0 au cimeti\u00e8re de l\u2019endroit.<\/p>\n<p>La famille re\u00e7oit parents et amis le dimanche 8 juin 2025 \u00e0 compter de 12 h au 15, rue Matshiteu \u00e0 Nutashkuan.<\/p>\n<p>Il laisse dans le deuil ses filles : Nicole et H\u00e9l\u00e8ne (Harold), ses fils : Raynald et Tommy, ses petits-enfants : Jani, Mimi, Lily, Harley, Mike, Sarah-Jane et Maverick, ses dix arri\u00e8re-petits-enfants ainsi que ses neveux, ses ni\u00e8ces et ses amis.<\/p>\n<p>La famille a confi\u00e9 la direction des fun\u00e9railles aux services professionnels de la Maison L.J.G. Mallet du 1429, rue du Canot \u00e0 Havre-Saint-Pierre, maintenant reconnue Distinction et membre de la Corporation des Thanatologues du Qu\u00e9bec.<\/p>\n<p>Vous pouvez consulter cet avis de d\u00e9c\u00e8s sur le www.maisonmallet.com<\/p>\n<p>Ceux et celles qui le d\u00e9sirent, peuvent y envoyer des messages de sympathie.<\/p>\n<p>[contact-form to=\u00a0\u00bbene2000@hotmail.com\u00a0\u00bb subject=\u00a0\u00bbCondol\u00e9ances Simon Kaltush\u00a0\u00bb][contact-field label=\u00a0\u00bbVotre nom\u00a0\u00bb type=\u00a0\u00bbname\u00a0\u00bb required=\u00a0\u00bb1&Prime;][contact-field label=\u00a0\u00bbVotre courriel\u00a0\u00bb type=\u00a0\u00bbemail\u00a0\u00bb required=\u00a0\u00bb1&Prime;][contact-field label=\u00a0\u00bbCondol\u00e9ances\u00a0\u00bb type=\u00a0\u00bbtextarea\u00a0\u00bb][\/contact-form]<\/p>\n","protected":false},"featured_media":65057,"template":"","event_cat":[7],"class_list":["post-65055","event","type-event","status-publish","has-post-thumbnail","hentry","event_cat-maison-l-j-g-mallet-inc"],"_links":{"self":[{"href":"https:\/\/nouveau.maisonmallet.com\/back05_01\/index.php?rest_route=\/wp\/v2\/event\/65055","targetHints":{"allow":["GET"]}}],"collection":[{"href":"https:\/\/nouveau.maisonmallet.com\/back05_01\/index.php?rest_route=\/wp\/v2\/event"}],"about":[{"href":"https:\/\/nouveau.maisonmallet.com\/back05_01\/index.php?rest_route=\/wp\/v2\/types\/event"}],"wp:featuredmedia":[{"embeddable":true,"href":"https:\/\/nouveau.maisonmallet.com\/back05_01\/index.php?rest_route=\/wp\/v2\/media\/65057"}],"wp:attachment":[{"href":"https:\/\/nouveau.maisonmallet.com\/back05_01\/index.php?rest_route=%2Fwp%2Fv2%2Fmedia&parent=65055"}],"wp:term":[{"taxonomy":"event_cat","embeddable":true,"href":"https:\/\/nouveau.maisonmallet.com\/back05_01\/index.php?rest_route=%2Fwp%2Fv2%2Fevent_cat&post=65055"}],"curies":[{"name":"wp","href":"https:\/\/api.w.org\/{rel}","templated":true}]}}

<p>La Maison L.J.G. Mallet a le regret de vous annoncer le décès de</p>
<p>Simon Kaltush<br />
1935 – 2025</p>
<p>À Havre Saint-Pierre, le 4 juin 2025, est décédé à l’âge de 89 ans, monsieur Simon Kaltush époux de feu Cécile Lalo et domicilié à Nutashkuan.</p>
<p>Les funérailles de monsieur Simon Kaltush auront lieu le mardi 10 juin 2025 à 10 h en l’église Notre-Dame-des-Indiens de Nutashkuan et de là au cimetière de l’endroit.</p>
<p>La famille reçoit parents et amis le dimanche 8 juin 2025 à compter de 12 h au 15, rue Matshiteu à Nutashkuan.</p>
<p>Il laisse dans le deuil ses filles : Nicole et Hélène (Harold), ses fils : Raynald et Tommy, ses petits-enfants : Jani, Mimi, Lily, Harley, Mike, Sarah-Jane et Maverick, ses dix arrière-petits-enfants ainsi que ses neveux, ses nièces et ses amis.</p>
<p>La famille a confié la direction des funérailles aux services professionnels de la Maison L.J.G. Mallet du 1429, rue du Canot à Havre-Saint-Pierre, maintenant reconnue Distinction et membre de la Corporation des Thanatologues du Québec.</p>
<p>Vous pouvez consulter cet avis de décès sur le www.maisonmallet.com</p>
<p>Ceux et celles qui le désirent, peuvent y envoyer des messages de sympathie.</p>
<p>[contact-form to= »ene2000@hotmail.com » subject= »Condoléances Simon Kaltush »][contact-field label= »Votre nom » type= »name » required= »1&Prime;][contact-field label= »Votre courriel » type= »email » required= »1&Prime;][contact-field label= »Condoléances » type= »textarea »][/contact-form]</p>
