{"id":65121,"date":"2024-12-31T21:22:13","date_gmt":"2025-01-01T02:22:13","guid":{"rendered":"https:\/\/nouveau.maisonmallet.com\/?post_type=event&#038;p=65121"},"modified":"2025-07-05T10:06:09","modified_gmt":"2025-07-05T14:06:09","slug":"rochette-diane","status":"publish","type":"event","link":"https:\/\/nouveau.maisonmallet.com\/back05_01\/?event=rochette-diane","title":{"rendered":"ROCHETTE, Diane"},"content":{"rendered":"<p>La Maison L.J.G. Mallet a le regret de vous annoncer le d\u00e9c\u00e8s de<\/p>\n<p>Diane Rochette<br \/>\n1951 \u2013 2024<\/p>\n<p>\u00c0 Sept-\u00celes, le 31 d\u00e9cembre 2024, est d\u00e9c\u00e9d\u00e9e \u00e0 l\u2019\u00e2ge de 73 ans, madame Diane Rochette \u00e9pouse de monsieur Aur\u00e8le No\u00ebl et domicili\u00e9e \u00e0 Aguanish.<\/p>\n<p>Les fun\u00e9railles de madame Diane Rochette auront lieu le samedi 21 juin 2025 \u00e0 11 h en l\u2019\u00e9glise Marie-M\u00e8re-de-l`\u00c9glise d\u2019Aguanish.et de l\u00e0 au cimeti\u00e8re d\u2019Aguanish.<\/p>\n<p>Selon ses volont\u00e9s, elle a \u00e9t\u00e9 confi\u00e9e au cr\u00e9matorium de la maison L.J.G. Mallet pour cr\u00e9mation.<\/p>\n<p>La famille re\u00e7oit parents et amis le vendredi 20 juin 2025 de 19 h \u00e0 22 h. Le samedi 21 juin 2025 jour des fun\u00e9railles \u00e0 compter de 9 h \u00e0 l\u2019\u00e9glise Marie-M\u00e8re-de-l`\u00c9glise d\u2019Aguanish. <\/p>\n<p>Elle laisse dans le deuil outre son \u00e9poux monsieur Aur\u00e8le No\u00ebl, ses filles : Nadine (Michel Rochette) et Marie-H\u00e9l\u00e8ne (Manuel Beaudoin), sa petite-fille Anabelle ainsi que ses fr\u00e8res : Fran\u00e7ois (feu Micheline No\u00ebl), Ghislain (R\u00e9jeanne Rochette), Alain (Kathy Ouellet), Marie-Louis et Jacques (Martine Boudreau), ses s\u0153urs : Patricia (Jean-Luc No\u00ebl) et Eugenie (Andr\u00e9 Cyr), ses beaux-fr\u00e8res, ses belles-s\u0153urs, ses neveux, ses ni\u00e8ces, ses cousins, ses cousines et de nombreux amis.<\/p>\n<p>Elle \u00e9tait la s\u0153ur de : feu Rosella (feu Gustave Cormier), feu Martin et Patrice (Raymonde Cormier).<\/p>\n<p>Vos marques de sympathie peuvent se traduire par un don \u00e0 La fondation r\u00e9gionale h\u00f4pital Sept-\u00celes www.fondationsept-iles.qc.ca <\/p>\n<p>La famille a confi\u00e9 la direction des fun\u00e9railles aux services professionnels de la Maison L.J.G. Mallet du 1429, du Canot \u00e0 Havre Saint-Pierre, maintenant reconnue Distinction et membre de la Corporation des Thanatologues du Qu\u00e9bec.<\/p>\n<p>Vous pouvez consulter cet avis de d\u00e9c\u00e8s, sur le www.maisonmallet.com <\/p>\n<p>Ceux et celles qui le d\u00e9sirent, peuvent y envoyer des messages de sympathie.<\/p>\n<p>[contact-form to=\u00a0\u00bbnnoel1819@gmail.com\u00a0\u00bb subject=\u00a0\u00bbCondol\u00e9ances Diane Rochette\u00a0\u00bb][contact-field label=\u00a0\u00bbVotre nom\u00a0\u00bb type=\u00a0\u00bbname\u00a0\u00bb required=\u00a0\u00bb1&Prime;][contact-field label=\u00a0\u00bbVotre courriel\u00a0\u00bb type=\u00a0\u00bbemail\u00a0\u00bb required=\u00a0\u00bb1&Prime;][contact-field label=\u00a0\u00bbCondol\u00e9ances\u00a0\u00bb type=\u00a0\u00bbtextarea\u00a0\u00bb][\/contact-form]<\/p>\n","protected":false},"featured_media":65182,"template":"","event_cat":[7],"class_list":["post-65121","event","type-event","status-publish","has-post-thumbnail","hentry","event_cat-maison-l-j-g-mallet-inc"],"_links":{"self":[{"href":"https:\/\/nouveau.maisonmallet.com\/back05_01\/index.php?rest_route=\/wp\/v2\/event\/65121","targetHints":{"allow":["GET"]}}],"collection":[{"href":"https:\/\/nouveau.maisonmallet.com\/back05_01\/index.php?rest_route=\/wp\/v2\/event"}],"about":[{"href":"https:\/\/nouveau.maisonmallet.com\/back05_01\/index.php?rest_route=\/wp\/v2\/types\/event"}],"wp:featuredmedia":[{"embeddable":true,"href":"https:\/\/nouveau.maisonmallet.com\/back05_01\/index.php?rest_route=\/wp\/v2\/media\/65182"}],"wp:attachment":[{"href":"https:\/\/nouveau.maisonmallet.com\/back05_01\/index.php?rest_route=%2Fwp%2Fv2%2Fmedia&parent=65121"}],"wp:term":[{"taxonomy":"event_cat","embeddable":true,"href":"https:\/\/nouveau.maisonmallet.com\/back05_01\/index.php?rest_route=%2Fwp%2Fv2%2Fevent_cat&post=65121"}],"curies":[{"name":"wp","href":"https:\/\/api.w.org\/{rel}","templated":true}]}}

<p>La Maison L.J.G. Mallet a le regret de vous annoncer le décès de</p>
<p>Diane Rochette<br />
1951 – 2024</p>
<p>À Sept-Îles, le 31 décembre 2024, est décédée à l’âge de 73 ans, madame Diane Rochette épouse de monsieur Aurèle Noël et domiciliée à Aguanish.</p>
<p>Les funérailles de madame Diane Rochette auront lieu le samedi 21 juin 2025 à 11 h en l’église Marie-Mère-de-l`Église d’Aguanish.et de là au cimetière d’Aguanish.</p>
<p>Selon ses volontés, elle a été confiée au crématorium de la maison L.J.G. Mallet pour crémation.</p>
<p>La famille reçoit parents et amis le vendredi 20 juin 2025 de 19 h à 22 h. Le samedi 21 juin 2025 jour des funérailles à compter de 9 h à l’église Marie-Mère-de-l`Église d’Aguanish. </p>
<p>Elle laisse dans le deuil outre son époux monsieur Aurèle Noël, ses filles : Nadine (Michel Rochette) et Marie-Hélène (Manuel Beaudoin), sa petite-fille Anabelle ainsi que ses frères : François (feu Micheline Noël), Ghislain (Réjeanne Rochette), Alain (Kathy Ouellet), Marie-Louis et Jacques (Martine Boudreau), ses sœurs : Patricia (Jean-Luc Noël) et Eugenie (André Cyr), ses beaux-frères, ses belles-sœurs, ses neveux, ses nièces, ses cousins, ses cousines et de nombreux amis.</p>
<p>Elle était la sœur de : feu Rosella (feu Gustave Cormier), feu Martin et Patrice (Raymonde Cormier).</p>
<p>Vos marques de sympathie peuvent se traduire par un don à La fondation régionale hôpital Sept-Îles www.fondationsept-iles.qc.ca </p>
<p>La famille a confié la direction des funérailles aux services professionnels de la Maison L.J.G. Mallet du 1429, du Canot à Havre Saint-Pierre, maintenant reconnue Distinction et membre de la Corporation des Thanatologues du Québec.</p>
<p>Vous pouvez consulter cet avis de décès, sur le www.maisonmallet.com </p>
<p>Ceux et celles qui le désirent, peuvent y envoyer des messages de sympathie.</p>
<p>[contact-form to= »nnoel1819@gmail.com » subject= »Condoléances Diane Rochette »][contact-field label= »Votre nom » type= »name » required= »1&Prime;][contact-field label= »Votre courriel » type= »email » required= »1&Prime;][contact-field label= »Condoléances » type= »textarea »][/contact-form]</p>
