{"id":65209,"date":"2025-05-30T08:39:17","date_gmt":"2025-05-30T12:39:17","guid":{"rendered":"https:\/\/nouveau.maisonmallet.com\/?post_type=event&#038;p=65209"},"modified":"2025-07-05T10:03:52","modified_gmt":"2025-07-05T14:03:52","slug":"cormier-suzanne","status":"publish","type":"event","link":"https:\/\/nouveau.maisonmallet.com\/back05_01\/?event=cormier-suzanne","title":{"rendered":"CORMIER, Suzanne"},"content":{"rendered":"<p>La Maison L.J.G. Mallet a le regret de vous annoncer le d\u00e9c\u00e8s de<\/p>\n<p>Suzanne Cormier<br \/>\n1952 \u2013 2025<\/p>\n<p>\u00c0 Havre Saint-Pierre, le 30 mai 2025, est d\u00e9c\u00e9d\u00e9 \u00e0 l\u2019\u00e2ge de 72 ans, madame Suzanne Cormier \u00e9pouse de feu Magella Th\u00e9riault et domicili\u00e9e \u00e0 Havre Saint-Pierre. <\/p>\n<p>Les fun\u00e9railles de madame Suzanne Cormier auront lieu le samedi 9 aout 2025 \u00e0 11 h en l\u2019\u00e9glise St-Pierre situ\u00e9e au 742, rue Bor\u00e9ale \u00e0 Havre-St-Pierre et de l\u00e0 au cimeti\u00e8re de l\u2019endroit.<\/p>\n<p>Selon ses volont\u00e9s, elle a \u00e9t\u00e9 confi\u00e9e au cr\u00e9matorium de la maison L.J.G. Mallet pour cr\u00e9mation.<\/p>\n<p>La famille re\u00e7oit parents et amis le samedi 9 aout 2025 jour des fun\u00e9railles \u00e0 compter de 10 h \u00e0 l\u2019\u00e9glise St-Pierre situ\u00e9e au 742, rue Bor\u00e9ale \u00e0 Havre Saint-Pierre.  <\/p>\n<p>Elle laisse dans le deuil ses filles : Luce (Guylain Cyr) et Annie (Andr\u00e9 Pauz\u00e9), son fils Mario (Genevi\u00e8ve Trudel), ses petits-fils : S\u00e9bastien, Simon, Samy, Guillaume, Th\u00e9o et \u00c9douard, ses petites-filles Chlo\u00e9 et Ama\u00eblle ainsi que ses fr\u00e8res, ses s\u0153urs, ses beaux-fr\u00e8res, ses belles-s\u0153urs, ses neveux, ses ni\u00e8ces, ses cousins, ses cousines et de nombreux ami(e)s.<\/p>\n<p>La famille remercie le personnel de l\u2019h\u00f4pital de Havre Saint-Pierre pour la qualit\u00e9 des soins prodigu\u00e9s \u00e0 \u00ab madame Suzanne \u00bb. <\/p>\n<p>Vos marques de sympathie peuvent se traduire par un don au Centre de Sant\u00e9 de la Minganie. <\/p>\n<p>La famille a confi\u00e9 la direction des fun\u00e9railles aux services professionnels de la Maison L.J.G. Mallet du 1429, rue du Canot \u00e0 Havre Saint-Pierre, membre de la Corporation des thanatologues du Qu\u00e9bec.<\/p>\n<p>Vous pouvez consulter cet avis de d\u00e9c\u00e8s, sur le site www.maisonmallet.com <\/p>\n<p>Ceux et celles qui le d\u00e9sirent, peuvent y envoyer des messages de sympathie.<\/p>\n<p>[contact-form to=\u00a0\u00bbzolaterio@hotmail.com\u00a0\u00bb subject=\u00a0\u00bbCondol\u00e9ances Suzanne Cormier\u00a0\u00bb][contact-field label=\u00a0\u00bbVotre nom\u00a0\u00bb type=\u00a0\u00bbname\u00a0\u00bb required=\u00a0\u00bb1&Prime;][contact-field label=\u00a0\u00bbVotre courriel\u00a0\u00bb type=\u00a0\u00bbemail\u00a0\u00bb required=\u00a0\u00bb1&Prime;][contact-field label=\u00a0\u00bbCondol\u00e9ances\u00a0\u00bb type=\u00a0\u00bbtextarea\u00a0\u00bb][\/contact-form]<\/p>\n","protected":false},"featured_media":65343,"template":"","event_cat":[7],"class_list":["post-65209","event","type-event","status-publish","has-post-thumbnail","hentry","event_cat-maison-l-j-g-mallet-inc"],"_links":{"self":[{"href":"https:\/\/nouveau.maisonmallet.com\/back05_01\/index.php?rest_route=\/wp\/v2\/event\/65209","targetHints":{"allow":["GET"]}}],"collection":[{"href":"https:\/\/nouveau.maisonmallet.com\/back05_01\/index.php?rest_route=\/wp\/v2\/event"}],"about":[{"href":"https:\/\/nouveau.maisonmallet.com\/back05_01\/index.php?rest_route=\/wp\/v2\/types\/event"}],"wp:featuredmedia":[{"embeddable":true,"href":"https:\/\/nouveau.maisonmallet.com\/back05_01\/index.php?rest_route=\/wp\/v2\/media\/65343"}],"wp:attachment":[{"href":"https:\/\/nouveau.maisonmallet.com\/back05_01\/index.php?rest_route=%2Fwp%2Fv2%2Fmedia&parent=65209"}],"wp:term":[{"taxonomy":"event_cat","embeddable":true,"href":"https:\/\/nouveau.maisonmallet.com\/back05_01\/index.php?rest_route=%2Fwp%2Fv2%2Fevent_cat&post=65209"}],"curies":[{"name":"wp","href":"https:\/\/api.w.org\/{rel}","templated":true}]}}

<p>La Maison L.J.G. Mallet a le regret de vous annoncer le décès de</p>
<p>Suzanne Cormier<br />
1952 – 2025</p>
<p>À Havre Saint-Pierre, le 30 mai 2025, est décédé à l’âge de 72 ans, madame Suzanne Cormier épouse de feu Magella Thériault et domiciliée à Havre Saint-Pierre. </p>
<p>Les funérailles de madame Suzanne Cormier auront lieu le samedi 9 aout 2025 à 11 h en l’église St-Pierre située au 742, rue Boréale à Havre-St-Pierre et de là au cimetière de l’endroit.</p>
<p>Selon ses volontés, elle a été confiée au crématorium de la maison L.J.G. Mallet pour crémation.</p>
<p>La famille reçoit parents et amis le samedi 9 aout 2025 jour des funérailles à compter de 10 h à l’église St-Pierre située au 742, rue Boréale à Havre Saint-Pierre.  </p>
<p>Elle laisse dans le deuil ses filles : Luce (Guylain Cyr) et Annie (André Pauzé), son fils Mario (Geneviève Trudel), ses petits-fils : Sébastien, Simon, Samy, Guillaume, Théo et Édouard, ses petites-filles Chloé et Amaëlle ainsi que ses frères, ses sœurs, ses beaux-frères, ses belles-sœurs, ses neveux, ses nièces, ses cousins, ses cousines et de nombreux ami(e)s.</p>
<p>La famille remercie le personnel de l’hôpital de Havre Saint-Pierre pour la qualité des soins prodigués à « madame Suzanne ». </p>
<p>Vos marques de sympathie peuvent se traduire par un don au Centre de Santé de la Minganie. </p>
<p>La famille a confié la direction des funérailles aux services professionnels de la Maison L.J.G. Mallet du 1429, rue du Canot à Havre Saint-Pierre, membre de la Corporation des thanatologues du Québec.</p>
<p>Vous pouvez consulter cet avis de décès, sur le site www.maisonmallet.com </p>
<p>Ceux et celles qui le désirent, peuvent y envoyer des messages de sympathie.</p>
<p>[contact-form to= »zolaterio@hotmail.com » subject= »Condoléances Suzanne Cormier »][contact-field label= »Votre nom » type= »name » required= »1&Prime;][contact-field label= »Votre courriel » type= »email » required= »1&Prime;][contact-field label= »Condoléances » type= »textarea »][/contact-form]</p>
