{"id":65341,"date":"2025-01-21T09:22:16","date_gmt":"2025-01-21T14:22:16","guid":{"rendered":"https:\/\/nouveau.maisonmallet.com\/?post_type=event&#038;p=65341"},"modified":"2025-07-25T21:09:03","modified_gmt":"2025-07-26T01:09:03","slug":"guillemette-rita","status":"publish","type":"event","link":"https:\/\/nouveau.maisonmallet.com\/back05_01\/?event=guillemette-rita","title":{"rendered":"GUILLEMETTE, Rita"},"content":{"rendered":"<p>La Maison L.J.G. Mallet a le regret de vous annoncer le d\u00e9c\u00e8s de<\/p>\n<p>Rita Guillemette<br \/>\n1944 \u2013 2025<\/p>\n<p>\u00c0 Havre Saint-Pierre, le 21 janvier 2025, est d\u00e9c\u00e9d\u00e9e l\u2019\u00e2ge de 80 ans, madame Rita Guillemette \u00e9pouse de monsieur Richard Collard et domicili\u00e9e \u00e0 La Romaine.<\/p>\n<p>Les fun\u00e9railles de madame Rita Guillemette auront lieu le vendredi 20 juin 2025 \u00e0 14 h en l\u2019\u00e9glise Sacr\u00e9-C\u0153ur de la Romaine.<\/p>\n<p>Selon ses volont\u00e9s, elle a \u00e9t\u00e9 confi\u00e9e au cr\u00e9matorium de la Maison L.J.G. Mallet pour cr\u00e9mation.<\/p>\n<p>Elle laisse dans le deuil outre son \u00e9poux monsieur Richard Collard, ses enfants : Gino (Denise), Danielle (Fabien) et Gilbert (Amanda), ses petits-enfants : Monica (Christopher), Annick (Joe), Mckenzie, Sophia, Juliana, Nathan (leur m\u00e8re Virginia), ses arri\u00e8re-petits-enfants : Nellie, William, Charles et Laurence ainsi que son fr\u00e8re et ses s\u0153urs : Ludger (Lucienne), Ludivine (Carol), Rosie (L\u00e9on), Th\u00e9r\u00e8se, Fernande et Carmen (Michel), ses beaux-fr\u00e8res, ses belles-s\u0153urs, ses neveux, ses ni\u00e8ces, son oncle, ses cousins, ses cousines et de nombreux ami(e)s.<\/p>\n<p>La famille a confi\u00e9 les arrangements fun\u00e9raires aux services professionnels de la Maison L.J.G. Mallet du 1429, rue du Canot \u00e0 Havre Saint-Pierre, maintenant reconnue Distinction et membre de la Corporation des Thanatologues du Qu\u00e9bec.<\/p>\n<p>Vous pouvez consulter cet avis de d\u00e9c\u00e8s, sur le www.maisonmallet.com<\/p>\n<p>Ceux et celles qui le d\u00e9sirent, peuvent y envoyer des messages de sympathie.<\/p>\n<p>[contact-form to=\u00a0\u00bbdaniellecollard@hotmail.com\u00a0\u00bb subject=\u00a0\u00bbCondol\u00e9ances Rita Guillemette\u00a0\u00bb][contact-field label=\u00a0\u00bbVotre nom\u00a0\u00bb type=\u00a0\u00bbname\u00a0\u00bb required=\u00a0\u00bb1&Prime;][contact-field label=\u00a0\u00bbVotre courriel\u00a0\u00bb type=\u00a0\u00bbemail\u00a0\u00bb required=\u00a0\u00bb1&Prime;][contact-field label=\u00a0\u00bbCondol\u00e9ances\u00a0\u00bb type=\u00a0\u00bbtextarea\u00a0\u00bb][\/contact-form]<\/p>\n","protected":false},"featured_media":65345,"template":"","event_cat":[7],"class_list":["post-65341","event","type-event","status-publish","has-post-thumbnail","hentry","event_cat-maison-l-j-g-mallet-inc"],"_links":{"self":[{"href":"https:\/\/nouveau.maisonmallet.com\/back05_01\/index.php?rest_route=\/wp\/v2\/event\/65341","targetHints":{"allow":["GET"]}}],"collection":[{"href":"https:\/\/nouveau.maisonmallet.com\/back05_01\/index.php?rest_route=\/wp\/v2\/event"}],"about":[{"href":"https:\/\/nouveau.maisonmallet.com\/back05_01\/index.php?rest_route=\/wp\/v2\/types\/event"}],"wp:featuredmedia":[{"embeddable":true,"href":"https:\/\/nouveau.maisonmallet.com\/back05_01\/index.php?rest_route=\/wp\/v2\/media\/65345"}],"wp:attachment":[{"href":"https:\/\/nouveau.maisonmallet.com\/back05_01\/index.php?rest_route=%2Fwp%2Fv2%2Fmedia&parent=65341"}],"wp:term":[{"taxonomy":"event_cat","embeddable":true,"href":"https:\/\/nouveau.maisonmallet.com\/back05_01\/index.php?rest_route=%2Fwp%2Fv2%2Fevent_cat&post=65341"}],"curies":[{"name":"wp","href":"https:\/\/api.w.org\/{rel}","templated":true}]}}

<p>La Maison L.J.G. Mallet a le regret de vous annoncer le décès de</p>
<p>Rita Guillemette<br />
1944 – 2025</p>
<p>À Havre Saint-Pierre, le 21 janvier 2025, est décédée l’âge de 80 ans, madame Rita Guillemette épouse de monsieur Richard Collard et domiciliée à La Romaine.</p>
<p>Les funérailles de madame Rita Guillemette auront lieu le vendredi 20 juin 2025 à 14 h en l’église Sacré-Cœur de la Romaine.</p>
<p>Selon ses volontés, elle a été confiée au crématorium de la Maison L.J.G. Mallet pour crémation.</p>
<p>Elle laisse dans le deuil outre son époux monsieur Richard Collard, ses enfants : Gino (Denise), Danielle (Fabien) et Gilbert (Amanda), ses petits-enfants : Monica (Christopher), Annick (Joe), Mckenzie, Sophia, Juliana, Nathan (leur mère Virginia), ses arrière-petits-enfants : Nellie, William, Charles et Laurence ainsi que son frère et ses sœurs : Ludger (Lucienne), Ludivine (Carol), Rosie (Léon), Thérèse, Fernande et Carmen (Michel), ses beaux-frères, ses belles-sœurs, ses neveux, ses nièces, son oncle, ses cousins, ses cousines et de nombreux ami(e)s.</p>
<p>La famille a confié les arrangements funéraires aux services professionnels de la Maison L.J.G. Mallet du 1429, rue du Canot à Havre Saint-Pierre, maintenant reconnue Distinction et membre de la Corporation des Thanatologues du Québec.</p>
<p>Vous pouvez consulter cet avis de décès, sur le www.maisonmallet.com</p>
<p>Ceux et celles qui le désirent, peuvent y envoyer des messages de sympathie.</p>
<p>[contact-form to= »daniellecollard@hotmail.com » subject= »Condoléances Rita Guillemette »][contact-field label= »Votre nom » type= »name » required= »1&Prime;][contact-field label= »Votre courriel » type= »email » required= »1&Prime;][contact-field label= »Condoléances » type= »textarea »][/contact-form]</p>
