{"id":65460,"date":"2025-06-17T09:40:51","date_gmt":"2025-06-17T13:40:51","guid":{"rendered":"https:\/\/nouveau.maisonmallet.com\/?post_type=event&#038;p=65460"},"modified":"2025-07-05T10:02:32","modified_gmt":"2025-07-05T14:02:32","slug":"langevin-harmel","status":"publish","type":"event","link":"https:\/\/nouveau.maisonmallet.com\/back05_01\/?event=langevin-harmel","title":{"rendered":"LANGEVIN, Harmel"},"content":{"rendered":"<p>Le Complexe Thanatologique Mallet &amp; fils a le regret de vous annoncer le d\u00e9c\u00e8s de<\/p>\n<p>Harmel Langevin<\/p>\n<p>1951 \u2013 2025<\/p>\n<p>&nbsp;<\/p>\n<p>\u00c0 Port-Cartier, le 17 juin 2025, est d\u00e9c\u00e9d\u00e9 \u00e0 l\u2019\u00e2ge de 73 ans, monsieur Harmel Langevin conjoint de madame Juliette Bouchard et domicili\u00e9 \u00e0 Port-Cartier.<\/p>\n<p>Les fun\u00e9railles de monsieur Harmel Langevin auront lieu le lundi 30 juin 2025 \u00e0 10 h 30 en l\u2019\u00e9glise Sacr\u00e9-C\u0153ur situ\u00e9e au 38, rue Parent \u00e0 Port-Cartier.<\/p>\n<p>Selon ses volont\u00e9s, il a \u00e9t\u00e9 confi\u00e9 au cr\u00e9matorium de la Maison Mallet &amp; fils pour cr\u00e9mation.<\/p>\n<p>Il laisse dans le deuil outre sa conjointe madame Juliette Bouchard, sa fille Isabelle Croussette (Tommy Turcotte), ses fils\u00a0: Sylvain Bradette (Sandra Aubut), R\u00e9jean Bradette (M\u00e9lanie Gagnon) et Guy Bouchard (Suzanne Diankha), ses petits-enfants, ses arri\u00e8re-petits-enfants, ses fr\u00e8res\u00a0: Jean-Paul (Michelle Turbide) et R\u00e9jean, sa s\u0153ur C\u00e9cile (Denis Therrien) ainsi que ses beaux-fr\u00e8res, ses belles-s\u0153urs, ses neveux, ses ni\u00e8ces, ses cousins, ses cousines et de nombreux ami(e)s.<\/p>\n<p>La famille a confi\u00e9 la direction des fun\u00e9railles aux services professionnels de la Maison Mallet &amp; fils du 57, route 138 \u00e0 Port-Cartier, maintenant reconnue Distinction et membre de la Corporation des Thanatologues du Qu\u00e9bec.<\/p>\n<p>Vous pouvez consulter cet avis de d\u00e9c\u00e8s, sur le <a href=\"https:\/\/nouveau.maisonmallet.com\">www.maisonmallet.com<\/a><\/p>\n<p>Ceux et celles qui le d\u00e9sirent, peuvent y envoyer des messages de sympathie.<\/p>\n<p>&nbsp;<\/p>\n<hr \/>\n<p>Envoyer vos condol\u00e9ances<\/p>\n<p>[contact-form to=\u00a0\u00bbjulietteharmel@hotmail.com\u00a0\u00bb subject=\u00a0\u00bbCondol\u00e9ances Harmel Langevin\u00a0\u00bb][contact-field label=\u00a0\u00bbVotre nom\u00a0\u00bb type=\u00a0\u00bbname\u00a0\u00bb required=\u00a0\u00bb1&Prime;][contact-field label=\u00a0\u00bbVotre courriel\u00a0\u00bb type=\u00a0\u00bbemail\u00a0\u00bb required=\u00a0\u00bb1&Prime;][contact-field label=\u00a0\u00bbCondol\u00e9ances\u00a0\u00bb type=\u00a0\u00bbtextarea\u00a0\u00bb][\/contact-form]<\/p>\n","protected":false},"featured_media":65474,"template":"","event_cat":[6],"class_list":["post-65460","event","type-event","status-publish","has-post-thumbnail","hentry","event_cat-maison-mallet-et-fils-inc"],"_links":{"self":[{"href":"https:\/\/nouveau.maisonmallet.com\/back05_01\/index.php?rest_route=\/wp\/v2\/event\/65460","targetHints":{"allow":["GET"]}}],"collection":[{"href":"https:\/\/nouveau.maisonmallet.com\/back05_01\/index.php?rest_route=\/wp\/v2\/event"}],"about":[{"href":"https:\/\/nouveau.maisonmallet.com\/back05_01\/index.php?rest_route=\/wp\/v2\/types\/event"}],"wp:featuredmedia":[{"embeddable":true,"href":"https:\/\/nouveau.maisonmallet.com\/back05_01\/index.php?rest_route=\/wp\/v2\/media\/65474"}],"wp:attachment":[{"href":"https:\/\/nouveau.maisonmallet.com\/back05_01\/index.php?rest_route=%2Fwp%2Fv2%2Fmedia&parent=65460"}],"wp:term":[{"taxonomy":"event_cat","embeddable":true,"href":"https:\/\/nouveau.maisonmallet.com\/back05_01\/index.php?rest_route=%2Fwp%2Fv2%2Fevent_cat&post=65460"}],"curies":[{"name":"wp","href":"https:\/\/api.w.org\/{rel}","templated":true}]}}

<p>Le Complexe Thanatologique Mallet &amp; fils a le regret de vous annoncer le décès de</p>
<p>Harmel Langevin</p>
<p>1951 – 2025</p>
<p>&nbsp;</p>
<p>À Port-Cartier, le 17 juin 2025, est décédé à l’âge de 73 ans, monsieur Harmel Langevin conjoint de madame Juliette Bouchard et domicilié à Port-Cartier.</p>
<p>Les funérailles de monsieur Harmel Langevin auront lieu le lundi 30 juin 2025 à 10 h 30 en l’église Sacré-Cœur située au 38, rue Parent à Port-Cartier.</p>
<p>Selon ses volontés, il a été confié au crématorium de la Maison Mallet &amp; fils pour crémation.</p>
<p>Il laisse dans le deuil outre sa conjointe madame Juliette Bouchard, sa fille Isabelle Croussette (Tommy Turcotte), ses fils : Sylvain Bradette (Sandra Aubut), Réjean Bradette (Mélanie Gagnon) et Guy Bouchard (Suzanne Diankha), ses petits-enfants, ses arrière-petits-enfants, ses frères : Jean-Paul (Michelle Turbide) et Réjean, sa sœur Cécile (Denis Therrien) ainsi que ses beaux-frères, ses belles-sœurs, ses neveux, ses nièces, ses cousins, ses cousines et de nombreux ami(e)s.</p>
<p>La famille a confié la direction des funérailles aux services professionnels de la Maison Mallet &amp; fils du 57, route 138 à Port-Cartier, maintenant reconnue Distinction et membre de la Corporation des Thanatologues du Québec.</p>
<p>Vous pouvez consulter cet avis de décès, sur le <a href="https://nouveau.maisonmallet.com">www.maisonmallet.com</a></p>
<p>Ceux et celles qui le désirent, peuvent y envoyer des messages de sympathie.</p>
<p>&nbsp;</p>
<hr />
<p>Envoyer vos condoléances</p>
<p>[contact-form to= »julietteharmel@hotmail.com » subject= »Condoléances Harmel Langevin »][contact-field label= »Votre nom » type= »name » required= »1&Prime;][contact-field label= »Votre courriel » type= »email » required= »1&Prime;][contact-field label= »Condoléances » type= »textarea »][/contact-form]</p>
