{"id":65472,"date":"2025-06-22T11:58:12","date_gmt":"2025-06-22T15:58:12","guid":{"rendered":"https:\/\/nouveau.maisonmallet.com\/?post_type=event&#038;p=65472"},"modified":"2025-08-22T08:37:42","modified_gmt":"2025-08-22T12:37:42","slug":"prevereau-pierre-payotte","status":"publish","type":"event","link":"https:\/\/nouveau.maisonmallet.com\/back05_01\/?event=prevereau-pierre-payotte","title":{"rendered":"PR\u00c9VEREAU, Pierre (Payotte)"},"content":{"rendered":"<p>La Maison L.J.G. Mallet a le regret de vous annoncer le d\u00e9c\u00e8s de<\/p>\n<p>Pierre (Payotte) Pr\u00e9vereau<br \/>\n1966 &#8211; 2025<\/p>\n<p>\u00c0 Havre Saint-Pierre, le 22 juin 2025, est d\u00e9c\u00e9d\u00e9 \u00e0 l\u2019\u00e2ge de 59 ans, monsieur Pierre (Payotte) Pr\u00e9vereau conjoint de madame Claudia Lebrun et domicili\u00e9 \u00e0 Havre Saint-Pierre.<\/p>\n<p>La c\u00e9r\u00e9monie comm\u00e9morative de monsieur Pierre (Payotte) Pr\u00e9vereau aura lieu le lundi 18 ao\u00fbt 2025 \u00e0 15 h 45 au salon de la maison L.J.G. Mallet du 1429, rue du Canot \u00e0 Havre Saint-Pierre et de l\u00e0 au cimeti\u00e8re de Havre Saint-Pierre.  <\/p>\n<p>Selon ses volont\u00e9s, il a \u00e9t\u00e9 confi\u00e9 au cr\u00e9matorium de la Maison L.J.G. Mallet pour cr\u00e9mation.<\/p>\n<p>La famille re\u00e7oit parents et amis le lundi 18 ao\u00fbt 2025 de 13 h \u00e0 16 h au salon de la Maison L.J.G. Mallet du 1429, rue du Canot \u00e0 Havre Saint-Pierre.<\/p>\n<p>Il laisse dans le deuil outre sa conjointe madame Claudia Lebrun, son fils Keven (Coralie Lavoie) ainsi que ses fr\u00e8res : Andr\u00e9 (Line Vigneault), Ghislain (L\u00e9onie Arseneault) et Alain, ses s\u0153urs : France (Andr\u00e9 Desmeules), Denise (Bruno L\u00e9vesque) et Monique (\u00c9mery Gagnon), son beau-fr\u00e8re Dave (Julie Martel), ses neveux, ses ni\u00e8ces, ses oncles, ses tantes, ses cousins, ses cousines et de nombreux amis.<\/p>\n<p>Vos marques de sympathie peuvent se traduire par un don au Centre de sant\u00e9 de la Minganie.<\/p>\n<p>La famille a confi\u00e9 les arrangements aux services professionnels de la Maison L.J.G. Mallet du 1429, rue du Canot \u00e0 Havre Saint-Pierre, maintenant reconnue Distinction et membre de la Corporation des Thanatologues du Qu\u00e9bec.<\/p>\n<p>Vous pouvez consulter cet avis de d\u00e9c\u00e8s sur le www.maisonmallet.com<\/p>\n<p>Ceux et celles qui le d\u00e9sirent, peuvent y envoyer des messages de sympathie.<\/p>\n<p>[contact-form to=\u00a0\u00bbclaudiakeven@hotmail.com\u00a0\u00bb subject=\u00a0\u00bbCondol\u00e9ances Daniel Leblond\u00a0\u00bb][contact-field label=\u00a0\u00bbVotre nom\u00a0\u00bb type=\u00a0\u00bbname\u00a0\u00bb required=\u00a0\u00bb1&Prime;][contact-field label=\u00a0\u00bbVotre courriel\u00a0\u00bb type=\u00a0\u00bbemail\u00a0\u00bb required=\u00a0\u00bb1&Prime;][contact-field label=\u00a0\u00bbCondol\u00e9ances\u00a0\u00bb type=\u00a0\u00bbtextarea\u00a0\u00bb][\/contact-form]<\/p>\n","protected":false},"featured_media":65549,"template":"","event_cat":[7,6],"class_list":["post-65472","event","type-event","status-publish","has-post-thumbnail","hentry","event_cat-maison-l-j-g-mallet-inc","event_cat-maison-mallet-et-fils-inc"],"_links":{"self":[{"href":"https:\/\/nouveau.maisonmallet.com\/back05_01\/index.php?rest_route=\/wp\/v2\/event\/65472","targetHints":{"allow":["GET"]}}],"collection":[{"href":"https:\/\/nouveau.maisonmallet.com\/back05_01\/index.php?rest_route=\/wp\/v2\/event"}],"about":[{"href":"https:\/\/nouveau.maisonmallet.com\/back05_01\/index.php?rest_route=\/wp\/v2\/types\/event"}],"wp:featuredmedia":[{"embeddable":true,"href":"https:\/\/nouveau.maisonmallet.com\/back05_01\/index.php?rest_route=\/wp\/v2\/media\/65549"}],"wp:attachment":[{"href":"https:\/\/nouveau.maisonmallet.com\/back05_01\/index.php?rest_route=%2Fwp%2Fv2%2Fmedia&parent=65472"}],"wp:term":[{"taxonomy":"event_cat","embeddable":true,"href":"https:\/\/nouveau.maisonmallet.com\/back05_01\/index.php?rest_route=%2Fwp%2Fv2%2Fevent_cat&post=65472"}],"curies":[{"name":"wp","href":"https:\/\/api.w.org\/{rel}","templated":true}]}}

PRÉVEREAU, Pierre (Payotte)

<p>La Maison L.J.G. Mallet a le regret de vous annoncer le décès de</p>
<p>Pierre (Payotte) Prévereau<br />
1966 &#8211; 2025</p>
<p>À Havre Saint-Pierre, le 22 juin 2025, est décédé à l’âge de 59 ans, monsieur Pierre (Payotte) Prévereau conjoint de madame Claudia Lebrun et domicilié à Havre Saint-Pierre.</p>
<p>La cérémonie commémorative de monsieur Pierre (Payotte) Prévereau aura lieu le lundi 18 août 2025 à 15 h 45 au salon de la maison L.J.G. Mallet du 1429, rue du Canot à Havre Saint-Pierre et de là au cimetière de Havre Saint-Pierre.  </p>
<p>Selon ses volontés, il a été confié au crématorium de la Maison L.J.G. Mallet pour crémation.</p>
<p>La famille reçoit parents et amis le lundi 18 août 2025 de 13 h à 16 h au salon de la Maison L.J.G. Mallet du 1429, rue du Canot à Havre Saint-Pierre.</p>
<p>Il laisse dans le deuil outre sa conjointe madame Claudia Lebrun, son fils Keven (Coralie Lavoie) ainsi que ses frères : André (Line Vigneault), Ghislain (Léonie Arseneault) et Alain, ses sœurs : France (André Desmeules), Denise (Bruno Lévesque) et Monique (Émery Gagnon), son beau-frère Dave (Julie Martel), ses neveux, ses nièces, ses oncles, ses tantes, ses cousins, ses cousines et de nombreux amis.</p>
<p>Vos marques de sympathie peuvent se traduire par un don au Centre de santé de la Minganie.</p>
<p>La famille a confié les arrangements aux services professionnels de la Maison L.J.G. Mallet du 1429, rue du Canot à Havre Saint-Pierre, maintenant reconnue Distinction et membre de la Corporation des Thanatologues du Québec.</p>
<p>Vous pouvez consulter cet avis de décès sur le www.maisonmallet.com</p>
<p>Ceux et celles qui le désirent, peuvent y envoyer des messages de sympathie.</p>
<p>[contact-form to= »claudiakeven@hotmail.com » subject= »Condoléances Daniel Leblond »][contact-field label= »Votre nom » type= »name » required= »1&Prime;][contact-field label= »Votre courriel » type= »email » required= »1&Prime;][contact-field label= »Condoléances » type= »textarea »][/contact-form]</p>
