{"id":65613,"date":"2025-06-21T17:26:46","date_gmt":"2025-06-21T21:26:46","guid":{"rendered":"https:\/\/nouveau.maisonmallet.com\/?post_type=event&#038;p=65613"},"modified":"2025-07-05T09:58:22","modified_gmt":"2025-07-05T13:58:22","slug":"leblond-daniel","status":"publish","type":"event","link":"https:\/\/nouveau.maisonmallet.com\/back05_01\/?event=leblond-daniel","title":{"rendered":"LEBLOND, Daniel"},"content":{"rendered":"<p>La Maison L.J.G. Mallet a le regret de vous annoncer le d\u00e9c\u00e8s de<\/p>\n<p>Daniel Leblond<br \/>\n1962 &#8211; 2025<\/p>\n<p>\u00c0 Havre Saint-Pierre, le 21 juin 2025, est d\u00e9c\u00e9d\u00e9 \u00e0 l\u2019\u00e2ge de 62 ans, monsieur Daniel Leblond \u00e9poux de madame Brigitte Viviane L\u00e9vesque et domicili\u00e9 \u00e0 Havre Saint-Pierre. <\/p>\n<p>A Havre Saint-Pierre.<\/p>\n<p>La c\u00e9r\u00e9monie comm\u00e9morative de monsieur Daniel Leblond aura lieu le samedi 28 juin 2025 \u00e0 13 h en l\u2019\u00e9glise St-Pierre de Havre Saint-Pierre.<\/p>\n<p>Selon ses volont\u00e9s, il a \u00e9t\u00e9 confi\u00e9 au cr\u00e9matorium de la maison L.J.G. Mallet pour cr\u00e9mation.<\/p>\n<p>La famille re\u00e7oit parents et amis le vendredi 27 juin 2025 de 19 h \u00e0 22 h. Le samedi 28 juin 2025, jour de la c\u00e9r\u00e9monie comm\u00e9morative \u00e0 compter de 12 h au salon de la Maison L.J.G. Mallet du 1429, rue du Canot \u00e0 Havre Saint-Pierre.<\/p>\n<p>A Sainte-Anne-des-Monts.<\/p>\n<p>Les fun\u00e9railles de monsieur Daniel Leblond auront lieu le samedi 2 ao\u00fbt 2025 \u00e0 10 h 30 en l\u2019\u00e9glise de Sainte-Anne-des-Monts et de l\u00e0 au cimeti\u00e8re de Sainte-Anne-des-Monts.<\/p>\n<p>La famille re\u00e7oit parents et amis le vendredi 1er ao\u00fbt 2025 de 19 h \u00e0 22 h. Le samedi 2 ao\u00fbt 2025, jour des fun\u00e9railles \u00e0 compter de 9 h au Complexe Thanatologique Lucas Fournier &#038; fils du 24, Route du Parc \u00e0 Sainte-Anne-des-Monts.<\/p>\n<p>Il laisse dans le deuil outre son \u00e9pouse madame Brigitte Viviane L\u00e9vesque, son fils Pier-Claude, sa m\u00e8re madame Marguerite Nadeau (feu Claude Leblond), sa s\u0153ur Sylvie (feu Normand Moreau) ainsi que ses belles-s\u0153urs : Violette et Marl\u00e8ne, son neveu Steeven (Jacky Lebreton leurs enfants : Ma\u00efna et \u00c9my-Jade), ses ni\u00e8ces : B\u00e9atrice et Elisabeth, ses oncles, ses tantes, ses cousins, ses cousines et de nombreux amis.<\/p>\n<p>Vos marques de sympathie peuvent se traduire par un don au Centre de Sant\u00e9 de la Minganie. <\/p>\n<p>La famille a confi\u00e9 la direction des fun\u00e9railles aux services professionnels de la Maison L.J.G. Mallet du 1429, rue du Canot \u00e0 Havre Saint-Pierre et du Complexe Thanatologique Lucas Fournier &#038; fils, du 24, route du Parc \u00e0 Sainte-Anne-des-Monts membre de la Corporation des Thanatologues du Qu\u00e9bec.<\/p>\n<p>Vous pouvez consulter cet avis de d\u00e9c\u00e8s, sur le www.maisonmallet.com <\/p>\n<p>Ceux et celles qui le d\u00e9sirent, peuvent y envoyer des messages de sympathie.<\/p>\n<p>[contact-form to=\u00a0\u00bbvividan@telus.net\u00a0\u00bb subject=\u00a0\u00bbCondol\u00e9ances Daniel Leblond\u00a0\u00bb][contact-field label=\u00a0\u00bbVotre nom\u00a0\u00bb type=\u00a0\u00bbname\u00a0\u00bb required=\u00a0\u00bb1&Prime;][contact-field label=\u00a0\u00bbVotre courriel\u00a0\u00bb type=\u00a0\u00bbemail\u00a0\u00bb required=\u00a0\u00bb1&Prime;][contact-field label=\u00a0\u00bbCondol\u00e9ances\u00a0\u00bb type=\u00a0\u00bbtextarea\u00a0\u00bb][\/contact-form]<\/p>\n","protected":false},"featured_media":65632,"template":"","event_cat":[7],"class_list":["post-65613","event","type-event","status-publish","has-post-thumbnail","hentry","event_cat-maison-l-j-g-mallet-inc"],"_links":{"self":[{"href":"https:\/\/nouveau.maisonmallet.com\/back05_01\/index.php?rest_route=\/wp\/v2\/event\/65613","targetHints":{"allow":["GET"]}}],"collection":[{"href":"https:\/\/nouveau.maisonmallet.com\/back05_01\/index.php?rest_route=\/wp\/v2\/event"}],"about":[{"href":"https:\/\/nouveau.maisonmallet.com\/back05_01\/index.php?rest_route=\/wp\/v2\/types\/event"}],"wp:featuredmedia":[{"embeddable":true,"href":"https:\/\/nouveau.maisonmallet.com\/back05_01\/index.php?rest_route=\/wp\/v2\/media\/65632"}],"wp:attachment":[{"href":"https:\/\/nouveau.maisonmallet.com\/back05_01\/index.php?rest_route=%2Fwp%2Fv2%2Fmedia&parent=65613"}],"wp:term":[{"taxonomy":"event_cat","embeddable":true,"href":"https:\/\/nouveau.maisonmallet.com\/back05_01\/index.php?rest_route=%2Fwp%2Fv2%2Fevent_cat&post=65613"}],"curies":[{"name":"wp","href":"https:\/\/api.w.org\/{rel}","templated":true}]}}

<p>La Maison L.J.G. Mallet a le regret de vous annoncer le décès de</p>
<p>Daniel Leblond<br />
1962 &#8211; 2025</p>
<p>À Havre Saint-Pierre, le 21 juin 2025, est décédé à l’âge de 62 ans, monsieur Daniel Leblond époux de madame Brigitte Viviane Lévesque et domicilié à Havre Saint-Pierre. </p>
<p>A Havre Saint-Pierre.</p>
<p>La cérémonie commémorative de monsieur Daniel Leblond aura lieu le samedi 28 juin 2025 à 13 h en l’église St-Pierre de Havre Saint-Pierre.</p>
<p>Selon ses volontés, il a été confié au crématorium de la maison L.J.G. Mallet pour crémation.</p>
<p>La famille reçoit parents et amis le vendredi 27 juin 2025 de 19 h à 22 h. Le samedi 28 juin 2025, jour de la cérémonie commémorative à compter de 12 h au salon de la Maison L.J.G. Mallet du 1429, rue du Canot à Havre Saint-Pierre.</p>
<p>A Sainte-Anne-des-Monts.</p>
<p>Les funérailles de monsieur Daniel Leblond auront lieu le samedi 2 août 2025 à 10 h 30 en l’église de Sainte-Anne-des-Monts et de là au cimetière de Sainte-Anne-des-Monts.</p>
<p>La famille reçoit parents et amis le vendredi 1er août 2025 de 19 h à 22 h. Le samedi 2 août 2025, jour des funérailles à compter de 9 h au Complexe Thanatologique Lucas Fournier &#038; fils du 24, Route du Parc à Sainte-Anne-des-Monts.</p>
<p>Il laisse dans le deuil outre son épouse madame Brigitte Viviane Lévesque, son fils Pier-Claude, sa mère madame Marguerite Nadeau (feu Claude Leblond), sa sœur Sylvie (feu Normand Moreau) ainsi que ses belles-sœurs : Violette et Marlène, son neveu Steeven (Jacky Lebreton leurs enfants : Maïna et Émy-Jade), ses nièces : Béatrice et Elisabeth, ses oncles, ses tantes, ses cousins, ses cousines et de nombreux amis.</p>
<p>Vos marques de sympathie peuvent se traduire par un don au Centre de Santé de la Minganie. </p>
<p>La famille a confié la direction des funérailles aux services professionnels de la Maison L.J.G. Mallet du 1429, rue du Canot à Havre Saint-Pierre et du Complexe Thanatologique Lucas Fournier &#038; fils, du 24, route du Parc à Sainte-Anne-des-Monts membre de la Corporation des Thanatologues du Québec.</p>
<p>Vous pouvez consulter cet avis de décès, sur le www.maisonmallet.com </p>
<p>Ceux et celles qui le désirent, peuvent y envoyer des messages de sympathie.</p>
<p>[contact-form to= »vividan@telus.net » subject= »Condoléances Daniel Leblond »][contact-field label= »Votre nom » type= »name » required= »1&Prime;][contact-field label= »Votre courriel » type= »email » required= »1&Prime;][contact-field label= »Condoléances » type= »textarea »][/contact-form]</p>
