{"id":65960,"date":"2025-06-30T10:26:16","date_gmt":"2025-06-30T14:26:16","guid":{"rendered":"https:\/\/nouveau.maisonmallet.com\/?post_type=event&#038;p=65960"},"modified":"2025-09-26T21:46:49","modified_gmt":"2025-09-27T01:46:49","slug":"ward-evelyne","status":"publish","type":"event","link":"https:\/\/nouveau.maisonmallet.com\/back05_01\/?event=ward-evelyne","title":{"rendered":"WARD, Evelyne"},"content":{"rendered":"<p>La Maison L.J.G. Mallet a le regret de vous annoncer le d\u00e9c\u00e8s de<\/p>\n<p>Evelyne Ward<br \/>\n1945 \u2013 2025<\/p>\n<p>\u00c0 Havre Saint-Pierre, le 30 juin 2025, est d\u00e9c\u00e9d\u00e9e \u00e0 l\u2019\u00e2ge de 80 ans madame Evelyne Ward \u00e9pouse de monsieur Jerry Bond et domicili\u00e9e \u00e0 Longue-Pointe-de-Mingan. <\/p>\n<p>La c\u00e9r\u00e9monie comm\u00e9morative de madame Evelyne Ward aura lieu le samedi 26 juillet 2025 \u00e0 15 h \u00e0 la salle des Chevalier de Colomb de Longue-Pointe-de-Mingan situ\u00e9e au 554 rue du Centre \u00e0 Longue-Pointe-de-Mingan.<\/p>\n<p>Selon ses volont\u00e9s, elle a \u00e9t\u00e9 confi\u00e9e au cr\u00e9matorium de la Maison L.J.G. Mallet pour cr\u00e9mation.<\/p>\n<p>La famille re\u00e7oit parents et amis le samedi 26 juillet 2025 jour de la c\u00e9r\u00e9monie de 13 h \u00e0 15 h \u00e0 la salle des Chevalier de Colomb de Longue-Pointe-de-Mingan situ\u00e9e au 554 rue du Centre \u00e0 Longue-Pointe-de-Mingan.<\/p>\n<p>Elle laisse dans le deuil outre son \u00e9poux monsieur Jerry Bond, ses fils : Marcel, Daniel (M\u00e9lanie Vibert) et St\u00e9phane (Julie Beaulieu), sa fille Nadine (Jean-Guy Larocque), ses sept petites-filles, ses six arri\u00e8re-petits-enfants ainsi que ses fr\u00e8res, ses s\u0153urs, ses beaux-fr\u00e8res, ses belles-s\u0153urs, ses neveux, ses ni\u00e8ces, ses oncles, ses tantes, ses cousins, ses cousines et de nombreux ami(e)s.<\/p>\n<p>La famille a confi\u00e9 les arrangements fun\u00e9raires aux services professionnels de la Maison L.J.G. Mallet du 1429, rue du Canot \u00e0 Havre Saint-Pierre, maintenant reconnue Distinction et membre de la Corporation des Thanatologues du Qu\u00e9bec.<\/p>\n<p>Vous pouvez consulter cet avis de d\u00e9c\u00e8s, sur le www.maisonmallet.com <\/p>\n<p>Ceux et celles qui le d\u00e9sirent, peuvent y envoyer des messages de sympathie.<\/p>\n<p>[contact-form to=\u00a0\u00bbdaniel007bond@hotmail.com\u00a0\u00bb subject=\u00a0\u00bbCondol\u00e9ances Evelyne Ward\u00a0\u00bb][contact-field label=\u00a0\u00bbVotre nom\u00a0\u00bb type=\u00a0\u00bbname\u00a0\u00bb required=\u00a0\u00bb1&Prime;][contact-field label=\u00a0\u00bbVotre courriel\u00a0\u00bb type=\u00a0\u00bbemail\u00a0\u00bb required=\u00a0\u00bb1&Prime;][contact-field label=\u00a0\u00bbCondol\u00e9ances\u00a0\u00bb type=\u00a0\u00bbtextarea\u00a0\u00bb][\/contact-form]<\/p>\n","protected":false},"featured_media":66019,"template":"","event_cat":[7],"class_list":["post-65960","event","type-event","status-publish","has-post-thumbnail","hentry","event_cat-maison-l-j-g-mallet-inc"],"_links":{"self":[{"href":"https:\/\/nouveau.maisonmallet.com\/back05_01\/index.php?rest_route=\/wp\/v2\/event\/65960","targetHints":{"allow":["GET"]}}],"collection":[{"href":"https:\/\/nouveau.maisonmallet.com\/back05_01\/index.php?rest_route=\/wp\/v2\/event"}],"about":[{"href":"https:\/\/nouveau.maisonmallet.com\/back05_01\/index.php?rest_route=\/wp\/v2\/types\/event"}],"wp:featuredmedia":[{"embeddable":true,"href":"https:\/\/nouveau.maisonmallet.com\/back05_01\/index.php?rest_route=\/wp\/v2\/media\/66019"}],"wp:attachment":[{"href":"https:\/\/nouveau.maisonmallet.com\/back05_01\/index.php?rest_route=%2Fwp%2Fv2%2Fmedia&parent=65960"}],"wp:term":[{"taxonomy":"event_cat","embeddable":true,"href":"https:\/\/nouveau.maisonmallet.com\/back05_01\/index.php?rest_route=%2Fwp%2Fv2%2Fevent_cat&post=65960"}],"curies":[{"name":"wp","href":"https:\/\/api.w.org\/{rel}","templated":true}]}}

<p>La Maison L.J.G. Mallet a le regret de vous annoncer le décès de</p>
<p>Evelyne Ward<br />
1945 – 2025</p>
<p>À Havre Saint-Pierre, le 30 juin 2025, est décédée à l’âge de 80 ans madame Evelyne Ward épouse de monsieur Jerry Bond et domiciliée à Longue-Pointe-de-Mingan. </p>
<p>La cérémonie commémorative de madame Evelyne Ward aura lieu le samedi 26 juillet 2025 à 15 h à la salle des Chevalier de Colomb de Longue-Pointe-de-Mingan située au 554 rue du Centre à Longue-Pointe-de-Mingan.</p>
<p>Selon ses volontés, elle a été confiée au crématorium de la Maison L.J.G. Mallet pour crémation.</p>
<p>La famille reçoit parents et amis le samedi 26 juillet 2025 jour de la cérémonie de 13 h à 15 h à la salle des Chevalier de Colomb de Longue-Pointe-de-Mingan située au 554 rue du Centre à Longue-Pointe-de-Mingan.</p>
<p>Elle laisse dans le deuil outre son époux monsieur Jerry Bond, ses fils : Marcel, Daniel (Mélanie Vibert) et Stéphane (Julie Beaulieu), sa fille Nadine (Jean-Guy Larocque), ses sept petites-filles, ses six arrière-petits-enfants ainsi que ses frères, ses sœurs, ses beaux-frères, ses belles-sœurs, ses neveux, ses nièces, ses oncles, ses tantes, ses cousins, ses cousines et de nombreux ami(e)s.</p>
<p>La famille a confié les arrangements funéraires aux services professionnels de la Maison L.J.G. Mallet du 1429, rue du Canot à Havre Saint-Pierre, maintenant reconnue Distinction et membre de la Corporation des Thanatologues du Québec.</p>
<p>Vous pouvez consulter cet avis de décès, sur le www.maisonmallet.com </p>
<p>Ceux et celles qui le désirent, peuvent y envoyer des messages de sympathie.</p>
<p>[contact-form to= »daniel007bond@hotmail.com » subject= »Condoléances Evelyne Ward »][contact-field label= »Votre nom » type= »name » required= »1&Prime;][contact-field label= »Votre courriel » type= »email » required= »1&Prime;][contact-field label= »Condoléances » type= »textarea »][/contact-form]</p>
