{"id":66169,"date":"2024-12-18T09:31:14","date_gmt":"2024-12-18T14:31:14","guid":{"rendered":"https:\/\/nouveau.maisonmallet.com\/?post_type=event&#038;p=66169"},"modified":"2025-08-22T08:38:30","modified_gmt":"2025-08-22T12:38:30","slug":"cormier-emilienne","status":"publish","type":"event","link":"https:\/\/nouveau.maisonmallet.com\/back05_01\/?event=cormier-emilienne","title":{"rendered":"CORMIER, Emilienne"},"content":{"rendered":"<p>La Maison L.J.G. Mallet a le regret de vous annoncer le d\u00e9c\u00e8s de<\/p>\n<p>\u00c9milienne Cormier<br \/>\n1942 &#8211; 2024<\/p>\n<p>\u00c0 Havre Saint-Pierre, le 18 d\u00e9cembre 2024, est d\u00e9c\u00e9d\u00e9e \u00e0 l\u2019\u00e2ge de 82 ans, madame \u00c9milienne Cormier \u00e9pouse de feu Jean-Marie D\u00e9raps et domicili\u00e9e \u00e0 Natashquan.<\/p>\n<p>Les fun\u00e9railles de madame \u00c9milienne Cormier auront lieu le samedi 16 ao\u00fbt 2025 \u00e0 14 h en l\u2019\u00e9glise de l\u2019Immacul\u00e9e-Conception de Natashquan et de l\u00e0 au cimeti\u00e8re de l\u2019endroit.<\/p>\n<p>Selon ses volont\u00e9s, elle a \u00e9t\u00e9 confi\u00e9e au cr\u00e9matorium de la Maison L.J.G. Mallet pour cr\u00e9mation.<\/p>\n<p>La famille re\u00e7oit parents et amis le vendredi 15 ao\u00fbt 2025 de 19 h \u00e0 22 h. Le samedi 16 ao\u00fbt 2025 jour des fun\u00e9railles de 9 h \u00e0 12 h et de 13 h \u00e0 14 h \u00e0 l\u2019\u00c9glise de l\u2019Immacul\u00e9e-Conception de Natashquan.<\/p>\n<p>Elle laisse dans le deuil ses fils : Jean, Denis et Richard (St\u00e9phane Baril), ses petites-filles : Vanessa (Yanick Robitaille) et Karolane (Raphael Jomphe), son petit-fils William, ses arri\u00e8re-Petits-fils : James et Mavrick ainsi que sa s\u0153ur Carmelle, son fr\u00e8re Ga\u00e9tan (\u00c9lise Landry), ses beaux-fr\u00e8res, es belles-s\u0153urs, ses neveux, ses ni\u00e8ces, ses cousins, ses cousines et de nombreux ami(e)s.<\/p>\n<p>Vos marques de sympathie peuvent se traduire par un don \u00e0 l\u2019Association du cancer Est du Qu\u00e9bec www.aceq.org <\/p>\n<p>La famille a confi\u00e9 la direction des fun\u00e9railles aux services professionnels de la Maison L.J.G. Mallet du 1429, rue du Canot \u00e0 Havre Saint-Pierre, maintenant reconnue Distinction et membre de la Corporation des Thanatologues du Qu\u00e9bec.<\/p>\n<p>Vous pouvez consulter cet avis de d\u00e9c\u00e8s sur le www.maisonmallet.com<\/p>\n<p>Ceux et celles qui le d\u00e9sirent, peuvent y envoyer des messages de sympathie.<\/p>\n<p>[contact-form to=\u00a0\u00bbrichardderaps@yahoo.ca\u00a0\u00bb subject=\u00a0\u00bbCondol\u00e9ances Emilienne Cormier\u00a0\u00bb][contact-field label=\u00a0\u00bbVotre nom\u00a0\u00bb type=\u00a0\u00bbname\u00a0\u00bb required=\u00a0\u00bb1&Prime;][contact-field label=\u00a0\u00bbVotre courriel\u00a0\u00bb type=\u00a0\u00bbemail\u00a0\u00bb required=\u00a0\u00bb1&Prime;][contact-field label=\u00a0\u00bbCondol\u00e9ances\u00a0\u00bb type=\u00a0\u00bbtextarea\u00a0\u00bb][\/contact-form]<\/p>\n","protected":false},"featured_media":66188,"template":"","event_cat":[7],"class_list":["post-66169","event","type-event","status-publish","has-post-thumbnail","hentry","event_cat-maison-l-j-g-mallet-inc"],"_links":{"self":[{"href":"https:\/\/nouveau.maisonmallet.com\/back05_01\/index.php?rest_route=\/wp\/v2\/event\/66169","targetHints":{"allow":["GET"]}}],"collection":[{"href":"https:\/\/nouveau.maisonmallet.com\/back05_01\/index.php?rest_route=\/wp\/v2\/event"}],"about":[{"href":"https:\/\/nouveau.maisonmallet.com\/back05_01\/index.php?rest_route=\/wp\/v2\/types\/event"}],"wp:featuredmedia":[{"embeddable":true,"href":"https:\/\/nouveau.maisonmallet.com\/back05_01\/index.php?rest_route=\/wp\/v2\/media\/66188"}],"wp:attachment":[{"href":"https:\/\/nouveau.maisonmallet.com\/back05_01\/index.php?rest_route=%2Fwp%2Fv2%2Fmedia&parent=66169"}],"wp:term":[{"taxonomy":"event_cat","embeddable":true,"href":"https:\/\/nouveau.maisonmallet.com\/back05_01\/index.php?rest_route=%2Fwp%2Fv2%2Fevent_cat&post=66169"}],"curies":[{"name":"wp","href":"https:\/\/api.w.org\/{rel}","templated":true}]}}

<p>La Maison L.J.G. Mallet a le regret de vous annoncer le décès de</p>
<p>Émilienne Cormier<br />
1942 &#8211; 2024</p>
<p>À Havre Saint-Pierre, le 18 décembre 2024, est décédée à l’âge de 82 ans, madame Émilienne Cormier épouse de feu Jean-Marie Déraps et domiciliée à Natashquan.</p>
<p>Les funérailles de madame Émilienne Cormier auront lieu le samedi 16 août 2025 à 14 h en l’église de l’Immaculée-Conception de Natashquan et de là au cimetière de l’endroit.</p>
<p>Selon ses volontés, elle a été confiée au crématorium de la Maison L.J.G. Mallet pour crémation.</p>
<p>La famille reçoit parents et amis le vendredi 15 août 2025 de 19 h à 22 h. Le samedi 16 août 2025 jour des funérailles de 9 h à 12 h et de 13 h à 14 h à l’Église de l’Immaculée-Conception de Natashquan.</p>
<p>Elle laisse dans le deuil ses fils : Jean, Denis et Richard (Stéphane Baril), ses petites-filles : Vanessa (Yanick Robitaille) et Karolane (Raphael Jomphe), son petit-fils William, ses arrière-Petits-fils : James et Mavrick ainsi que sa sœur Carmelle, son frère Gaétan (Élise Landry), ses beaux-frères, es belles-sœurs, ses neveux, ses nièces, ses cousins, ses cousines et de nombreux ami(e)s.</p>
<p>Vos marques de sympathie peuvent se traduire par un don à l’Association du cancer Est du Québec www.aceq.org </p>
<p>La famille a confié la direction des funérailles aux services professionnels de la Maison L.J.G. Mallet du 1429, rue du Canot à Havre Saint-Pierre, maintenant reconnue Distinction et membre de la Corporation des Thanatologues du Québec.</p>
<p>Vous pouvez consulter cet avis de décès sur le www.maisonmallet.com</p>
<p>Ceux et celles qui le désirent, peuvent y envoyer des messages de sympathie.</p>
<p>[contact-form to= »richardderaps@yahoo.ca » subject= »Condoléances Emilienne Cormier »][contact-field label= »Votre nom » type= »name » required= »1&Prime;][contact-field label= »Votre courriel » type= »email » required= »1&Prime;][contact-field label= »Condoléances » type= »textarea »][/contact-form]</p>
