{"id":66267,"date":"2025-07-09T15:21:24","date_gmt":"2025-07-09T19:21:24","guid":{"rendered":"https:\/\/nouveau.maisonmallet.com\/?post_type=event&#038;p=66267"},"modified":"2025-07-11T15:06:50","modified_gmt":"2025-07-11T19:06:50","slug":"lapierre-arlette-pinette","status":"publish","type":"event","link":"https:\/\/nouveau.maisonmallet.com\/back05_01\/?event=lapierre-arlette-pinette","title":{"rendered":"LAPIERRE, Arlette (Pinette)"},"content":{"rendered":"<p>Le Complexe Thanatologique Mallet &amp; fils a le regret de vous annoncer le d\u00e9c\u00e8s de<\/p>\n<p>Arlette Lapierre (Pinette)<br \/>\n1957 &#8211; 2025<\/p>\n<p>\u00c0 Sept-\u00celes, le 9 juillet 2025, est d\u00e9c\u00e9d\u00e9e \u00e0 l\u2019\u00e2ge de 67 ans, madame Arlette Lapierre \u00e9pouse de monsieur Louis-Marie Pinette et domicili\u00e9e \u00e0 Uashat.<\/p>\n<p>Les fun\u00e9railles de madame Arlette Lapierre auront lieu le samedi 12 juillet 2025 \u00e0 10 h en l\u2019\u00e9glise Kateri Tekakwitha, situ\u00e9e au 1035, avenue De Quen \u00e0 Uashat.<\/p>\n<p>Selon ses volont\u00e9s, il a \u00e9t\u00e9 confi\u00e9 au cr\u00e9matorium de la Maison Mallet &amp; fils pour cr\u00e9mation.<\/p>\n<p>La famille re\u00e7oit parents et amis le vendredi 11 juillet 2025 de 19 h \u00e0 22 h. Le samedi 12 juillet 2025 jour des fun\u00e9railles \u00e0 compter de 8 h 30 \u00e0 l\u2019\u00e9glise Kateri Tekakwitha, situ\u00e9e au 1035, avenue De Quen \u00e0 Uashat.<\/p>\n<p>Elle laisse dans le deuil outre son \u00e9poux monsieur Louis-Marie Pinette, sa fille Nadia (Jean Canap\u00e9), son fils Luc (Audrey H\u00e9bert), ses petites-filles : Kate (Tommy), Marie-\u00c8ve, Laetitia (Shuny), Alyson (Justin), Alicia, Oc\u00e9ane et Sophia ainsi que ses s\u0153urs : Sylvie et Julie (Daniel), ses neveux, ses ni\u00e8ces, son oncle Charles-Eug\u00e8ne Lapierre, sa tante Roberta Vibert, ses cousins, ses cousines et de nombreux amis.<\/p>\n<p>La famille a confi\u00e9 la direction des fun\u00e9railles aux services professionnels de la Maison Mallet &amp; fils du 585, Boul. Laure \u00e0 Sept-\u00celes, maintenant reconnue Distinction et membre de la Corporation des Thanatologues du Qu\u00e9bec.<\/p>\n<p>Vous pouvez consulter cet avis de d\u00e9c\u00e8s sur le www.maisonmallet.com<\/p>\n<p>Ceux et celles qui le d\u00e9sirent, peuvent y envoyer des messages de condol\u00e9ances.<\/p>\n<p>[contact-form to=\u00a0\u00bbluc.pinette@itum.qc.ca\u00a0\u00bb subject=\u00a0\u00bbCondol\u00e9ances Arlette Lapierre\u00a0\u00bb][contact-field label=\u00a0\u00bbVotre nom\u00a0\u00bb type=\u00a0\u00bbname\u00a0\u00bb required=\u00a0\u00bb1&Prime;][contact-field label=\u00a0\u00bbVotre courriel\u00a0\u00bb type=\u00a0\u00bbemail\u00a0\u00bb required=\u00a0\u00bb1&Prime;][contact-field label=\u00a0\u00bbCondol\u00e9ances\u00a0\u00bb type=\u00a0\u00bbtextarea\u00a0\u00bb][\/contact-form]<\/p>\n","protected":false},"featured_media":66324,"template":"","event_cat":[6],"class_list":["post-66267","event","type-event","status-publish","has-post-thumbnail","hentry","event_cat-maison-mallet-et-fils-inc"],"_links":{"self":[{"href":"https:\/\/nouveau.maisonmallet.com\/back05_01\/index.php?rest_route=\/wp\/v2\/event\/66267","targetHints":{"allow":["GET"]}}],"collection":[{"href":"https:\/\/nouveau.maisonmallet.com\/back05_01\/index.php?rest_route=\/wp\/v2\/event"}],"about":[{"href":"https:\/\/nouveau.maisonmallet.com\/back05_01\/index.php?rest_route=\/wp\/v2\/types\/event"}],"wp:featuredmedia":[{"embeddable":true,"href":"https:\/\/nouveau.maisonmallet.com\/back05_01\/index.php?rest_route=\/wp\/v2\/media\/66324"}],"wp:attachment":[{"href":"https:\/\/nouveau.maisonmallet.com\/back05_01\/index.php?rest_route=%2Fwp%2Fv2%2Fmedia&parent=66267"}],"wp:term":[{"taxonomy":"event_cat","embeddable":true,"href":"https:\/\/nouveau.maisonmallet.com\/back05_01\/index.php?rest_route=%2Fwp%2Fv2%2Fevent_cat&post=66267"}],"curies":[{"name":"wp","href":"https:\/\/api.w.org\/{rel}","templated":true}]}}

<p>Le Complexe Thanatologique Mallet &amp; fils a le regret de vous annoncer le décès de</p>
<p>Arlette Lapierre (Pinette)<br />
1957 &#8211; 2025</p>
<p>À Sept-Îles, le 9 juillet 2025, est décédée à l’âge de 67 ans, madame Arlette Lapierre épouse de monsieur Louis-Marie Pinette et domiciliée à Uashat.</p>
<p>Les funérailles de madame Arlette Lapierre auront lieu le samedi 12 juillet 2025 à 10 h en l’église Kateri Tekakwitha, située au 1035, avenue De Quen à Uashat.</p>
<p>Selon ses volontés, il a été confié au crématorium de la Maison Mallet &amp; fils pour crémation.</p>
<p>La famille reçoit parents et amis le vendredi 11 juillet 2025 de 19 h à 22 h. Le samedi 12 juillet 2025 jour des funérailles à compter de 8 h 30 à l’église Kateri Tekakwitha, située au 1035, avenue De Quen à Uashat.</p>
<p>Elle laisse dans le deuil outre son époux monsieur Louis-Marie Pinette, sa fille Nadia (Jean Canapé), son fils Luc (Audrey Hébert), ses petites-filles : Kate (Tommy), Marie-Ève, Laetitia (Shuny), Alyson (Justin), Alicia, Océane et Sophia ainsi que ses sœurs : Sylvie et Julie (Daniel), ses neveux, ses nièces, son oncle Charles-Eugène Lapierre, sa tante Roberta Vibert, ses cousins, ses cousines et de nombreux amis.</p>
<p>La famille a confié la direction des funérailles aux services professionnels de la Maison Mallet &amp; fils du 585, Boul. Laure à Sept-Îles, maintenant reconnue Distinction et membre de la Corporation des Thanatologues du Québec.</p>
<p>Vous pouvez consulter cet avis de décès sur le www.maisonmallet.com</p>
<p>Ceux et celles qui le désirent, peuvent y envoyer des messages de condoléances.</p>
<p>[contact-form to= »luc.pinette@itum.qc.ca » subject= »Condoléances Arlette Lapierre »][contact-field label= »Votre nom » type= »name » required= »1&Prime;][contact-field label= »Votre courriel » type= »email » required= »1&Prime;][contact-field label= »Condoléances » type= »textarea »][/contact-form]</p>
