{"id":66367,"date":"2025-07-10T16:00:45","date_gmt":"2025-07-10T20:00:45","guid":{"rendered":"https:\/\/nouveau.maisonmallet.com\/?post_type=event&#038;p=66367"},"modified":"2025-07-25T20:59:13","modified_gmt":"2025-07-26T00:59:13","slug":"sanschagrin-colette-cassista","status":"publish","type":"event","link":"https:\/\/nouveau.maisonmallet.com\/back05_01\/?event=sanschagrin-colette-cassista","title":{"rendered":"SANSCHAGRIN, Colette (Cassista)"},"content":{"rendered":"<p>Le Complexe Thanatologique Mallet &amp; fils a le regret de vous annoncer le d\u00e9c\u00e8s de<\/p>\n<p>Colette Sanschagrin (Cassista)<\/p>\n<p>1934 \u2013 2025<\/p>\n<p>&nbsp;<\/p>\n<p>\u00c0 Sept-\u00celes, (maison \u00c9lyme des sables) le 10 juillet 2025, \u00e0 l\u2019\u00e2ge de 91 ans et 4 mois, est d\u00e9c\u00e9d\u00e9e paisiblement, entour\u00e9e de ses filles, madame Colette Sanschagrin. Elle \u00e9tait l\u2019\u00e9pouse de feu Richard Cassista, fille de feu Joseph Sanschagrin et de feu Adrienne Michaud, en premi\u00e8res noces et de feu Jeannine Sirois en deuxi\u00e8me noce. Elle r\u00e9sidait \u00e0 Sept-\u00celes, autrefois de Gagnon et Fermont.<\/p>\n<p>La c\u00e9r\u00e9monie comm\u00e9morative de madame Colette Sanschagrin aura lieu le jeudi 17 juillet 2025 \u00e0 21 h 30 \u00e0 la chapelle du Complexe Thanatologique Mallet &amp; fils du 585, boul. Laure \u00e0 Sept-\u00celes.<\/p>\n<p>Une 2<sup>e<\/sup> c\u00e9r\u00e9monie aura lieu pour la mise en terre \u00e0 Qu\u00e9bec \u00e0 une date ult\u00e9rieure.<\/p>\n<p>Selon ses volont\u00e9s, elle a \u00e9t\u00e9 confi\u00e9e au cr\u00e9matorium de la Maison Mallet &amp; fils pour cr\u00e9mation.<\/p>\n<p>La famille re\u00e7oit parents et amis le jeudi 17 juillet 2025 de 19 h \u00e0 22 h au Complexe Thanatologique Mallet &amp; fils du 585 Boul. Laure \u00e0 Sept-\u00celes.<\/p>\n<p>Elle laisse dans le deuil ses enfants\u00a0: Claire (Alain Caron), Monique Cassista (Alain Frappier) et Suzanne (Denis Miousse) et ses enfants\u00a0: S\u00e9bastien (Julie Grondin), Jennifer et \u00c9lo\u00efse Dionne.<\/p>\n<p>Elle \u00e9tait la grand-maman de\u00a0: \u00c9dith Caron (Nicolas Paquette), feu Carl Caron (Jennifer Boucher), Michel Caron (Audrey Ouellet-Ratt\u00e9), Patricia Caron (Ulysse Turcotte), Guillaume Frappier (Marie-Christine Cantin), Dominic Frappier et Caroline Frappier (Jn-Nicholas Plourde), \u00c9tienne Lanouette (Justine D\u2019Amour), feu Doris Lanouette, leur p\u00e8re Marcel Lanouette (Marie-Claude Labrie).<\/p>\n<p>Elle \u00e9tait l\u2019arri\u00e8re-grand-maman de\u00a0: Justine, R\u00e9mi, Mariane et Sophie Synnott, leur p\u00e8re \u00c9ric Synnott, L\u00e9a et Rapha\u00ebl Caron, Math\u00e9o et Antoine Ross, Olivier Turcotte, Liam, Wilbert, Maryne Frappier, Damien et Kym Lizotte, Alice et \u00c9mile Lanouette, qu\u2019elle a tous connus ou rencontr\u00e9s par la magie de la technologie.<\/p>\n<p>Elle laisse dans le deuil ses fr\u00e8res et s\u0153urs\u00a0: Pauline (feu Jean-Guy Landry), Michel (Lise C\u00f4t\u00e9), Johanne (Denis Audesse), Daniel (Nathalie Gravel), ses belles-s\u0153urs\u00a0: Lucette Soulard (feu Lucien), Yvette C\u00f4t\u00e9 (feu Roland) et sa filleule Jos\u00e9e Sanschagrin. Ses belles-s\u0153urs\u00a0: Denise Genest (feu R\u00e9nald), Micheline Fortin (feu R\u00e9gent), Denise Falardeau (feu Serge) et Marguerite Bilodeau (feu Bertrand).<\/p>\n<p>Elle laisse \u00e9galement dans le deuil de nombreux neveux et ni\u00e8ces, autres parents et amis.<\/p>\n<p>Elle est all\u00e9e rejoindre tous les autres membres de sa famille et de sa belle-famille.<\/p>\n<p>La famille tient \u00e0 remercier le personnel de la R\u00e9sidence Gustave Gauvreau, pour les soins accord\u00e9s au cours des 12 derni\u00e8res ann\u00e9es et le personnel de l\u2019\u00c9lyme des sables, pour l\u2019accueil et les soins offerts dans les 10 derniers jours de sa vie.<\/p>\n<p>Vos marques de sympathie peuvent se traduire par un don \u00e0 l\u2019\u00c9lyme des sables <a href=\"http:\/\/www.elymedessables.com\">www.elymedessables.com<\/a> ou toute autre cause qui vous tient \u00e0 c\u0153ur.<\/p>\n<p>La famille a confi\u00e9 les arrangements aux services professionnels de la Maison Mallet &amp; fils du 585 Boul. Laure \u00e0 Sept-\u00celes, maintenant reconnue Distinction et membre de la Corporation des Thanatologues du Qu\u00e9bec.<\/p>\n<p>Vous pouvez consulter cet avis de d\u00e9c\u00e8s sur le :\u00a0<a href=\"https:\/\/nouveau.maisonmallet.com\/\">www.maisonmallet.com<\/a><\/p>\n<p>Ceux et celles qui le d\u00e9sirent, peuvent y envoyer des messages de sympathie.<\/p>\n<p>&nbsp;<\/p>\n<hr \/>\n<p>Envoyer vos condol\u00e9ances<\/p>\n<p>[contact-form to=\u00a0\u00bbclaire_cassista@live.ca\u00a0\u00bb subject=\u00a0\u00bbCondol\u00e9ances Colette Sanschagrin\u00a0\u00bb][contact-field label=\u00a0\u00bbVotre nom\u00a0\u00bb type=\u00a0\u00bbname\u00a0\u00bb required=\u00a0\u00bb1&Prime;][contact-field label=\u00a0\u00bbVotre courriel\u00a0\u00bb type=\u00a0\u00bbemail\u00a0\u00bb required=\u00a0\u00bb1&Prime;][contact-field label=\u00a0\u00bbCondol\u00e9ances\u00a0\u00bb type=\u00a0\u00bbtextarea\u00a0\u00bb][\/contact-form]<\/p>\n","protected":false},"featured_media":66401,"template":"","event_cat":[6],"class_list":["post-66367","event","type-event","status-publish","has-post-thumbnail","hentry","event_cat-maison-mallet-et-fils-inc"],"_links":{"self":[{"href":"https:\/\/nouveau.maisonmallet.com\/back05_01\/index.php?rest_route=\/wp\/v2\/event\/66367","targetHints":{"allow":["GET"]}}],"collection":[{"href":"https:\/\/nouveau.maisonmallet.com\/back05_01\/index.php?rest_route=\/wp\/v2\/event"}],"about":[{"href":"https:\/\/nouveau.maisonmallet.com\/back05_01\/index.php?rest_route=\/wp\/v2\/types\/event"}],"wp:featuredmedia":[{"embeddable":true,"href":"https:\/\/nouveau.maisonmallet.com\/back05_01\/index.php?rest_route=\/wp\/v2\/media\/66401"}],"wp:attachment":[{"href":"https:\/\/nouveau.maisonmallet.com\/back05_01\/index.php?rest_route=%2Fwp%2Fv2%2Fmedia&parent=66367"}],"wp:term":[{"taxonomy":"event_cat","embeddable":true,"href":"https:\/\/nouveau.maisonmallet.com\/back05_01\/index.php?rest_route=%2Fwp%2Fv2%2Fevent_cat&post=66367"}],"curies":[{"name":"wp","href":"https:\/\/api.w.org\/{rel}","templated":true}]}}

<p>Le Complexe Thanatologique Mallet &amp; fils a le regret de vous annoncer le décès de</p>
<p>Colette Sanschagrin (Cassista)</p>
<p>1934 – 2025</p>
<p>&nbsp;</p>
<p>À Sept-Îles, (maison Élyme des sables) le 10 juillet 2025, à l’âge de 91 ans et 4 mois, est décédée paisiblement, entourée de ses filles, madame Colette Sanschagrin. Elle était l’épouse de feu Richard Cassista, fille de feu Joseph Sanschagrin et de feu Adrienne Michaud, en premières noces et de feu Jeannine Sirois en deuxième noce. Elle résidait à Sept-Îles, autrefois de Gagnon et Fermont.</p>
<p>La cérémonie commémorative de madame Colette Sanschagrin aura lieu le jeudi 17 juillet 2025 à 21 h 30 à la chapelle du Complexe Thanatologique Mallet &amp; fils du 585, boul. Laure à Sept-Îles.</p>
<p>Une 2<sup>e</sup> cérémonie aura lieu pour la mise en terre à Québec à une date ultérieure.</p>
<p>Selon ses volontés, elle a été confiée au crématorium de la Maison Mallet &amp; fils pour crémation.</p>
<p>La famille reçoit parents et amis le jeudi 17 juillet 2025 de 19 h à 22 h au Complexe Thanatologique Mallet &amp; fils du 585 Boul. Laure à Sept-Îles.</p>
<p>Elle laisse dans le deuil ses enfants : Claire (Alain Caron), Monique Cassista (Alain Frappier) et Suzanne (Denis Miousse) et ses enfants : Sébastien (Julie Grondin), Jennifer et Éloïse Dionne.</p>
<p>Elle était la grand-maman de : Édith Caron (Nicolas Paquette), feu Carl Caron (Jennifer Boucher), Michel Caron (Audrey Ouellet-Ratté), Patricia Caron (Ulysse Turcotte), Guillaume Frappier (Marie-Christine Cantin), Dominic Frappier et Caroline Frappier (Jn-Nicholas Plourde), Étienne Lanouette (Justine D’Amour), feu Doris Lanouette, leur père Marcel Lanouette (Marie-Claude Labrie).</p>
<p>Elle était l’arrière-grand-maman de : Justine, Rémi, Mariane et Sophie Synnott, leur père Éric Synnott, Léa et Raphaël Caron, Mathéo et Antoine Ross, Olivier Turcotte, Liam, Wilbert, Maryne Frappier, Damien et Kym Lizotte, Alice et Émile Lanouette, qu’elle a tous connus ou rencontrés par la magie de la technologie.</p>
<p>Elle laisse dans le deuil ses frères et sœurs : Pauline (feu Jean-Guy Landry), Michel (Lise Côté), Johanne (Denis Audesse), Daniel (Nathalie Gravel), ses belles-sœurs : Lucette Soulard (feu Lucien), Yvette Côté (feu Roland) et sa filleule Josée Sanschagrin. Ses belles-sœurs : Denise Genest (feu Rénald), Micheline Fortin (feu Régent), Denise Falardeau (feu Serge) et Marguerite Bilodeau (feu Bertrand).</p>
<p>Elle laisse également dans le deuil de nombreux neveux et nièces, autres parents et amis.</p>
<p>Elle est allée rejoindre tous les autres membres de sa famille et de sa belle-famille.</p>
<p>La famille tient à remercier le personnel de la Résidence Gustave Gauvreau, pour les soins accordés au cours des 12 dernières années et le personnel de l’Élyme des sables, pour l’accueil et les soins offerts dans les 10 derniers jours de sa vie.</p>
<p>Vos marques de sympathie peuvent se traduire par un don à l’Élyme des sables <a href="http://www.elymedessables.com">www.elymedessables.com</a> ou toute autre cause qui vous tient à cœur.</p>
<p>La famille a confié les arrangements aux services professionnels de la Maison Mallet &amp; fils du 585 Boul. Laure à Sept-Îles, maintenant reconnue Distinction et membre de la Corporation des Thanatologues du Québec.</p>
<p>Vous pouvez consulter cet avis de décès sur le : <a href="https://nouveau.maisonmallet.com/">www.maisonmallet.com</a></p>
<p>Ceux et celles qui le désirent, peuvent y envoyer des messages de sympathie.</p>
<p>&nbsp;</p>
<hr />
<p>Envoyer vos condoléances</p>
<p>[contact-form to= »claire_cassista@live.ca » subject= »Condoléances Colette Sanschagrin »][contact-field label= »Votre nom » type= »name » required= »1&Prime;][contact-field label= »Votre courriel » type= »email » required= »1&Prime;][contact-field label= »Condoléances » type= »textarea »][/contact-form]</p>
