{"id":66398,"date":"2025-07-15T16:07:44","date_gmt":"2025-07-15T20:07:44","guid":{"rendered":"https:\/\/nouveau.maisonmallet.com\/?post_type=event&#038;p=66398"},"modified":"2025-07-25T20:57:41","modified_gmt":"2025-07-26T00:57:41","slug":"coquelin-henri","status":"publish","type":"event","link":"https:\/\/nouveau.maisonmallet.com\/back05_01\/?event=coquelin-henri","title":{"rendered":"COQUELIN, Henri"},"content":{"rendered":"<p>La Maison L.J.G. Mallet a le regret de vous annoncer le d\u00e9c\u00e8s de<\/p>\n<p>Henri Coquelin<br \/>\n1933 &#8211; 2025<\/p>\n<p>\u00c0 Havre Saint-Pierre, le 15 juillet 2025, est d\u00e9c\u00e9d\u00e9 \u00e0 l\u2019\u00e2ge de 92 ans, monsieur Henri Coquelin \u00e9poux de madame Denise Cormier et domicili\u00e9 \u00e0 Havre Saint-Pierre.<\/p>\n<p>La c\u00e9r\u00e9monie comm\u00e9morative de monsieur Henri Coquelin aura lieu le dimanche 20 juillet 2025 \u00e0 15 h 15 au salon de la maison L.J.G. Mallet du 1429, rue du Canot \u00e0 Havre Saint-Pierre et de l\u00e0 au cimeti\u00e8re de Havre Saint-Pierre.<\/p>\n<p>Selon ses volont\u00e9s, il a \u00e9t\u00e9 confi\u00e9 au cr\u00e9matorium de la Maison L.J.G. Mallet pour cr\u00e9mation.<\/p>\n<p>La famille re\u00e7oit parents et amis le dimanche 20 juillet 2025 de 13 h \u00e0 16 h au salon de la Maison L.J.G. Mallet du 1429, rue du Canot \u00e0 Havre Saint-Pierre.<\/p>\n<p>Il laisse dans le deuil son fils Ronald (Diane Th\u00e9riault), ses filles : Th\u00e9r\u00e8se (Carol Landry), Mireille, Sonia (feu Steeve Arsenault) et Lise (Vincent Tanguay), ses douze petits-enfants, ses onze arri\u00e8re-petits-enfants ainsi que son fr\u00e8re Alain (Roselyne Verrun), ses beaux-fr\u00e8res : Omer Landry, et Charles Fadat, ses belles-s\u0153urs : Colette Coquelin, Anna Pr\u00e9vereau, Ghisline Landry, Monique Gagn\u00e9, Denise Hamel, ses neveux, ses ni\u00e8ces, ses cousins, ses cousines et de nombreux amis.<\/p>\n<p>Vos marques de sympathie peuvent se traduire par un don au Centre de sant\u00e9 de la Minganie.<\/p>\n<p>La famille a confi\u00e9 les arrangements aux services professionnels de la Maison L.J.G. Mallet du 1429, rue du Canot \u00e0 Havre Saint-Pierre, maintenant reconnue Distinction et membre de la Corporation des Thanatologues du Qu\u00e9bec.<\/p>\n<p>Vous pouvez consulter cet avis de d\u00e9c\u00e8s sur le www.maisonmallet.com<\/p>\n<p>Ceux et celles qui le d\u00e9sirent, peuvent y envoyer des messages de sympathie.<\/p>\n<p>[contact-form to=\u00a0\u00bbrcoquelin5@hotmail.com\u00a0\u00bb subject=\u00a0\u00bbCondol\u00e9ances Henri Coquelin\u00a0\u00bb][contact-field label=\u00a0\u00bbVotre nom\u00a0\u00bb type=\u00a0\u00bbname\u00a0\u00bb required=\u00a0\u00bb1&Prime;][contact-field label=\u00a0\u00bbVotre courriel\u00a0\u00bb type=\u00a0\u00bbemail\u00a0\u00bb required=\u00a0\u00bb1&Prime;][contact-field label=\u00a0\u00bbCondol\u00e9ances\u00a0\u00bb type=\u00a0\u00bbtextarea\u00a0\u00bb][\/contact-form]<\/p>\n","protected":false},"featured_media":66513,"template":"","event_cat":[7],"class_list":["post-66398","event","type-event","status-publish","has-post-thumbnail","hentry","event_cat-maison-l-j-g-mallet-inc"],"_links":{"self":[{"href":"https:\/\/nouveau.maisonmallet.com\/back05_01\/index.php?rest_route=\/wp\/v2\/event\/66398","targetHints":{"allow":["GET"]}}],"collection":[{"href":"https:\/\/nouveau.maisonmallet.com\/back05_01\/index.php?rest_route=\/wp\/v2\/event"}],"about":[{"href":"https:\/\/nouveau.maisonmallet.com\/back05_01\/index.php?rest_route=\/wp\/v2\/types\/event"}],"wp:featuredmedia":[{"embeddable":true,"href":"https:\/\/nouveau.maisonmallet.com\/back05_01\/index.php?rest_route=\/wp\/v2\/media\/66513"}],"wp:attachment":[{"href":"https:\/\/nouveau.maisonmallet.com\/back05_01\/index.php?rest_route=%2Fwp%2Fv2%2Fmedia&parent=66398"}],"wp:term":[{"taxonomy":"event_cat","embeddable":true,"href":"https:\/\/nouveau.maisonmallet.com\/back05_01\/index.php?rest_route=%2Fwp%2Fv2%2Fevent_cat&post=66398"}],"curies":[{"name":"wp","href":"https:\/\/api.w.org\/{rel}","templated":true}]}}

<p>La Maison L.J.G. Mallet a le regret de vous annoncer le décès de</p>
<p>Henri Coquelin<br />
1933 &#8211; 2025</p>
<p>À Havre Saint-Pierre, le 15 juillet 2025, est décédé à l’âge de 92 ans, monsieur Henri Coquelin époux de madame Denise Cormier et domicilié à Havre Saint-Pierre.</p>
<p>La cérémonie commémorative de monsieur Henri Coquelin aura lieu le dimanche 20 juillet 2025 à 15 h 15 au salon de la maison L.J.G. Mallet du 1429, rue du Canot à Havre Saint-Pierre et de là au cimetière de Havre Saint-Pierre.</p>
<p>Selon ses volontés, il a été confié au crématorium de la Maison L.J.G. Mallet pour crémation.</p>
<p>La famille reçoit parents et amis le dimanche 20 juillet 2025 de 13 h à 16 h au salon de la Maison L.J.G. Mallet du 1429, rue du Canot à Havre Saint-Pierre.</p>
<p>Il laisse dans le deuil son fils Ronald (Diane Thériault), ses filles : Thérèse (Carol Landry), Mireille, Sonia (feu Steeve Arsenault) et Lise (Vincent Tanguay), ses douze petits-enfants, ses onze arrière-petits-enfants ainsi que son frère Alain (Roselyne Verrun), ses beaux-frères : Omer Landry, et Charles Fadat, ses belles-sœurs : Colette Coquelin, Anna Prévereau, Ghisline Landry, Monique Gagné, Denise Hamel, ses neveux, ses nièces, ses cousins, ses cousines et de nombreux amis.</p>
<p>Vos marques de sympathie peuvent se traduire par un don au Centre de santé de la Minganie.</p>
<p>La famille a confié les arrangements aux services professionnels de la Maison L.J.G. Mallet du 1429, rue du Canot à Havre Saint-Pierre, maintenant reconnue Distinction et membre de la Corporation des Thanatologues du Québec.</p>
<p>Vous pouvez consulter cet avis de décès sur le www.maisonmallet.com</p>
<p>Ceux et celles qui le désirent, peuvent y envoyer des messages de sympathie.</p>
<p>[contact-form to= »rcoquelin5@hotmail.com » subject= »Condoléances Henri Coquelin »][contact-field label= »Votre nom » type= »name » required= »1&Prime;][contact-field label= »Votre courriel » type= »email » required= »1&Prime;][contact-field label= »Condoléances » type= »textarea »][/contact-form]</p>
