{"id":66480,"date":"2025-07-19T14:56:39","date_gmt":"2025-07-19T18:56:39","guid":{"rendered":"https:\/\/nouveau.maisonmallet.com\/?post_type=event&#038;p=66480"},"modified":"2025-08-22T08:50:13","modified_gmt":"2025-08-22T12:50:13","slug":"roussy-jean-yves","status":"publish","type":"event","link":"https:\/\/nouveau.maisonmallet.com\/back05_01\/?event=roussy-jean-yves","title":{"rendered":"ROUSSY, Jean-Yves"},"content":{"rendered":"<p>La Maison L.J.G. Mallet a le regret de vous annoncer le d\u00e9c\u00e8s de<\/p>\n<p>Jean-Yves Roussy<br \/>\n1950 &#8211; 2025<\/p>\n<p>\u00c0 Havre Saint-Pierre, le 19 juillet 2025, est d\u00e9c\u00e9d\u00e9 \u00e0 l\u2019\u00e2ge de 75 ans, monsieur Jean-Yves Roussy \u00e9poux de madame Denise Ouellet et domicili\u00e9 \u00e0 Rivi\u00e8re-au-Tonnerre.<\/p>\n<p>La famille re\u00e7oit parents et amis le mercredi 23 juillet 2025 de 12 h \u00e0 14 h \u00e0 l\u2019\u00e9glise Saint-Hippolyte de Rivi\u00e8re-au-Tonnerre.<\/p>\n<p>Selon ses volont\u00e9s, il a \u00e9t\u00e9 confi\u00e9 au cr\u00e9matorium de la Maison L.J.G. Mallet pour cr\u00e9mation.<\/p>\n<p>Les fun\u00e9railles de monsieur Jean-Yves Roussy auront lieu le mercredi 23 juillet 2025 \u00e0 14 h en l\u2019\u00e9glise Saint-Hippolyte de Rivi\u00e8re-au-Tonnerre.<\/p>\n<p>Il laisse dans le deuil outre son \u00e9pouse madame Denise Ouellet, sa fille Georgine (Steeve Arseneault), son fils Simon (M\u00e9lanie Minville), ses petits-fils : Dannyck (Amy M\u00e9thot) et Nathan ainsi que sa s\u0153ur Jeannine (Harold Poulin), ses beaux-fr\u00e8res : Michel et Denis (Marielle Pelletier), ses neveux, ses ni\u00e8ces, ses cousins, ses cousines et de nombreux amis.<\/p>\n<p>La famille a confi\u00e9 la direction des fun\u00e9railles aux services professionnels de la Maison L.J.G. Mallet du 1429, du Canot \u00e0 Havre-St-Pierre, maintenant reconnue Distinction et membre de la Corporation des Thanatologues du Qu\u00e9bec.<\/p>\n<p>Vous pouvez consulter cet avis de d\u00e9c\u00e8s, sur le www.maisonmallet.com<\/p>\n<p>Ceux et celles qui le d\u00e9sirent, peuvent y envoyer des messages de sympathie.<\/p>\n<p>[contact-form to=\u00a0\u00bbsimonroussy60@gmail.com\u00a0\u00bb subject=\u00a0\u00bbCondol\u00e9ances Jean-Yves Roussy\u00a0\u00bb][contact-field label=\u00a0\u00bbVotre nom\u00a0\u00bb type=\u00a0\u00bbname\u00a0\u00bb required=\u00a0\u00bb1&Prime;][contact-field label=\u00a0\u00bbVotre courriel\u00a0\u00bb type=\u00a0\u00bbemail\u00a0\u00bb required=\u00a0\u00bb1&Prime;][contact-field label=\u00a0\u00bbCondol\u00e9ances\u00a0\u00bb type=\u00a0\u00bbtextarea\u00a0\u00bb][\/contact-form]<\/p>\n","protected":false},"featured_media":66580,"template":"","event_cat":[7],"class_list":["post-66480","event","type-event","status-publish","has-post-thumbnail","hentry","event_cat-maison-l-j-g-mallet-inc"],"_links":{"self":[{"href":"https:\/\/nouveau.maisonmallet.com\/back05_01\/index.php?rest_route=\/wp\/v2\/event\/66480","targetHints":{"allow":["GET"]}}],"collection":[{"href":"https:\/\/nouveau.maisonmallet.com\/back05_01\/index.php?rest_route=\/wp\/v2\/event"}],"about":[{"href":"https:\/\/nouveau.maisonmallet.com\/back05_01\/index.php?rest_route=\/wp\/v2\/types\/event"}],"wp:featuredmedia":[{"embeddable":true,"href":"https:\/\/nouveau.maisonmallet.com\/back05_01\/index.php?rest_route=\/wp\/v2\/media\/66580"}],"wp:attachment":[{"href":"https:\/\/nouveau.maisonmallet.com\/back05_01\/index.php?rest_route=%2Fwp%2Fv2%2Fmedia&parent=66480"}],"wp:term":[{"taxonomy":"event_cat","embeddable":true,"href":"https:\/\/nouveau.maisonmallet.com\/back05_01\/index.php?rest_route=%2Fwp%2Fv2%2Fevent_cat&post=66480"}],"curies":[{"name":"wp","href":"https:\/\/api.w.org\/{rel}","templated":true}]}}

<p>La Maison L.J.G. Mallet a le regret de vous annoncer le décès de</p>
<p>Jean-Yves Roussy<br />
1950 &#8211; 2025</p>
<p>À Havre Saint-Pierre, le 19 juillet 2025, est décédé à l’âge de 75 ans, monsieur Jean-Yves Roussy époux de madame Denise Ouellet et domicilié à Rivière-au-Tonnerre.</p>
<p>La famille reçoit parents et amis le mercredi 23 juillet 2025 de 12 h à 14 h à l’église Saint-Hippolyte de Rivière-au-Tonnerre.</p>
<p>Selon ses volontés, il a été confié au crématorium de la Maison L.J.G. Mallet pour crémation.</p>
<p>Les funérailles de monsieur Jean-Yves Roussy auront lieu le mercredi 23 juillet 2025 à 14 h en l’église Saint-Hippolyte de Rivière-au-Tonnerre.</p>
<p>Il laisse dans le deuil outre son épouse madame Denise Ouellet, sa fille Georgine (Steeve Arseneault), son fils Simon (Mélanie Minville), ses petits-fils : Dannyck (Amy Méthot) et Nathan ainsi que sa sœur Jeannine (Harold Poulin), ses beaux-frères : Michel et Denis (Marielle Pelletier), ses neveux, ses nièces, ses cousins, ses cousines et de nombreux amis.</p>
<p>La famille a confié la direction des funérailles aux services professionnels de la Maison L.J.G. Mallet du 1429, du Canot à Havre-St-Pierre, maintenant reconnue Distinction et membre de la Corporation des Thanatologues du Québec.</p>
<p>Vous pouvez consulter cet avis de décès, sur le www.maisonmallet.com</p>
<p>Ceux et celles qui le désirent, peuvent y envoyer des messages de sympathie.</p>
<p>[contact-form to= »simonroussy60@gmail.com » subject= »Condoléances Jean-Yves Roussy »][contact-field label= »Votre nom » type= »name » required= »1&Prime;][contact-field label= »Votre courriel » type= »email » required= »1&Prime;][contact-field label= »Condoléances » type= »textarea »][/contact-form]</p>
